-- phpMyAdmin SQL Dump
-- version 5.2.2
-- https://www.phpmyadmin.net/
--
-- Host: localhost:3306
-- Generation Time: Jan 25, 2026 at 01:54 PM
-- Server version: 8.0.45
-- PHP Version: 8.4.16

SET SQL_MODE = "NO_AUTO_VALUE_ON_ZERO";
START TRANSACTION;
SET time_zone = "+00:00";


/*!40101 SET @OLD_CHARACTER_SET_CLIENT=@@CHARACTER_SET_CLIENT */;
/*!40101 SET @OLD_CHARACTER_SET_RESULTS=@@CHARACTER_SET_RESULTS */;
/*!40101 SET @OLD_COLLATION_CONNECTION=@@COLLATION_CONNECTION */;
/*!40101 SET NAMES utf8mb4 */;

--
-- Database: `gdhhsxmy_mlavengara`
--

-- --------------------------------------------------------

--
-- Table structure for table `panchayath`
--

CREATE TABLE `panchayath` (
  `id` int NOT NULL,
  `panchayath` varchar(50) CHARACTER SET utf8mb3 COLLATE utf8mb3_unicode_ci NOT NULL
) ENGINE=InnoDB DEFAULT CHARSET=utf8mb3 COLLATE=utf8mb3_unicode_ci;

--
-- Dumping data for table `panchayath`
--

INSERT INTO `panchayath` (`id`, `panchayath`) VALUES
(1, 'Vengara'),
(3, 'A R Nagar'),
(4, 'Kannamangalam'),
(5, 'Oorakam'),
(6, 'Parappur'),
(7, 'Othukkungal');

-- --------------------------------------------------------

--
-- Table structure for table `students`
--

CREATE TABLE `students` (
  `id` int NOT NULL,
  `registrationid` varchar(100) COLLATE utf8mb3_unicode_ci NOT NULL DEFAULT '',
  `exam` varchar(100) CHARACTER SET utf8mb3 COLLATE utf8mb3_unicode_ci DEFAULT NULL,
  `regnumber` varchar(50) CHARACTER SET utf8mb3 COLLATE utf8mb3_unicode_ci NOT NULL,
  `name` varchar(100) CHARACTER SET utf8mb3 COLLATE utf8mb3_unicode_ci NOT NULL,
  `fathername` varchar(100) CHARACTER SET utf8mb3 COLLATE utf8mb3_unicode_ci DEFAULT NULL,
  `number` varchar(20) CHARACTER SET utf8mb3 COLLATE utf8mb3_unicode_ci DEFAULT NULL,
  `address` text CHARACTER SET utf8mb3 COLLATE utf8mb3_unicode_ci,
  `pincode` varchar(100) CHARACTER SET utf8mb3 COLLATE utf8mb3_unicode_ci NOT NULL DEFAULT '',
  `school` varchar(100) CHARACTER SET utf8mb3 COLLATE utf8mb3_unicode_ci NOT NULL,
  `panchayath` varchar(100) CHARACTER SET utf8mb3 COLLATE utf8mb3_unicode_ci DEFAULT NULL,
  `ward` varchar(50) CHARACTER SET utf8mb3 COLLATE utf8mb3_unicode_ci DEFAULT NULL,
  `photo` varchar(255) CHARACTER SET utf8mb3 COLLATE utf8mb3_unicode_ci DEFAULT NULL,
  `marklist` varchar(255) CHARACTER SET utf8mb3 COLLATE utf8mb3_unicode_ci DEFAULT NULL
) ENGINE=InnoDB DEFAULT CHARSET=utf8mb3 COLLATE=utf8mb3_unicode_ci;

--
-- Dumping data for table `students`
--

INSERT INTO `students` (`id`, `registrationid`, `exam`, `regnumber`, `name`, `fathername`, `number`, `address`, `pincode`, `school`, `panchayath`, `ward`, `photo`, `marklist`) VALUES
(1, 'VTM001', 'SSLC', '549915', 'Mohamed Ishan Thengilan ', 'Ishaq  Thengilan', '8606796870', 'TKH Manzil', '', 'PKMM Edarikkode', '3', '39', 'uploads/685fbd6c53ae6.png', 'uploads/685fbd6c53d44_IMG_7461.jpeg'),
(2, 'VTM002', 'PLUS TWO', '24241046', 'HAANI KALLAN', 'ABDULLA KALLAN', '9207048818', 'KALLAN', '', 'Markaz hss karanthoor', '1', '14', 'uploads/685fbe55e4d8e.png', 'uploads/685fbe55e4fb0_IMG-20250628-WA0077.jpg'),
(3, 'VTM003', 'SSLC', '549350', 'FATHIMA SITHARA T ', 'UNAISE T ', '9746647025', 'THOTTIYIL HOUSE', '', 'PKMMHSS EDARIKODE ', '3', '28', 'uploads/685fbe973795b.png', 'uploads/685fbe9737bc5_Screenshot_2025-05-26-11-49-57-06_e2d5b3f32b79de1d45acd1fad96fbb0f.jpg'),
(4, 'VTM004', 'PLUS TWO', '24301950', 'MUHAMMED AZHAR AP ', 'MUHAMMED KASIM ', '9747187507', 'AP HOUSE', '', 'PPMHSS KOTTUKKARA ', '3', '32', 'uploads/685fbfab9ee2a.png', 'uploads/685fbfab9f07e_attachment.pdf'),
(5, 'VTM005', 'SSLC', '554043', 'JAFNA CT ', 'Abdul Jaleel ', '9995209002', 'Cherthodika House ', '', 'G H S KURUKA ', '1', '12', 'uploads/685fc7afc2f80.png', 'uploads/685fc7afc311e_KERALA Board Xth 2025 Result.pdf'),
(6, 'VTM006', 'PLUS TWO', '24302735', 'ANSILA FEMIN K', 'MOIDEEN KUTTY K', '9895076502', 'Kappan house', '', 'Pptmyhss cherur', '4', '62', 'uploads/685fc7d5d1b6c.png', 'uploads/685fc7d5d1d46_Screenshot_20250627_204224.jpg'),
(7, 'VTM007', 'SSLC', '541531', 'Anshida. P', 'Ashraf. P', '8086737359', 'Pilakkal house ', '', 'P. P. T. M. Y. H. S. S CHERUR', '1', '21', 'uploads/685fc81315bf5.png', 'uploads/685fc81315e1f_IMG-20250509-WA0058(3).jpg'),
(8, 'VTM008', 'SSLC', '552375', 'Ayisha Amna ', 'Mohamed Aslam Avayil ', '9497879510', 'Avayil House ', '', 'NEMHSS ', '3', '41', 'uploads/685fca4db0e8c.png', 'uploads/685fca4db110c_IMG-20250628-WA0078.jpg'),
(9, 'VTM009', 'PLUS TWO', '24302669', 'JIYA MINSHA. AV', 'SIDDEEK. AV', '9072746332', 'Azhuvalappil house', '', 'PPTMYHSS CHERUR ', '1', '9', 'uploads/685fcba856074.png', 'uploads/685fcba856320_Screenshot_20250522-153116_Chrome.jpg'),
(10, 'VTM010', 'SSLC', '540532', 'Hiba fathima chalil ', 'Subair chalil', '9567210308', 'Chalil house', '', 'Gvhss vengara', '5', '88', 'uploads/685fcf13a1403.png', 'uploads/685fcf13a173b_Screenshot_20250509_131744.jpg'),
(11, 'VTM011', 'PLUS TWO', '24302826', 'DEVIKA N T', 'DAMODARAN N T', '8075421310', 'Muthvenne(H)Nallattuthodi, nedumparamb vengara ', '', 'PPTMYHSS CHERUR', '5', '73', 'uploads/685fd07f3c209.png', 'uploads/685fd07f3c483_IMG-20250522-WA0062(1).jpg'),
(12, 'VTM012', 'SSLC', '546954', 'Hisham Abdul Majeed Lava', 'Abdul Gafoor', '9605645898', 'Aysha manzil', '', 'ARN HSS Chandapuraya', '3', '35', 'uploads/685fd0d71fefb.png', 'uploads/685fd0d7200a1_SSLC Results 2025.pdf'),
(13, 'VTM013', 'PLUS TWO', '24340452', 'Minha Niyya. K', 'Kabeer karuvarakkal', '9847057728', 'Karuvarakkal', '', 'KHMHSS Valakkulam', '1', '17', 'uploads/685fd0e61e8f9.png', 'uploads/685fd0e61eb23_IMG-20250522-WA0093.jpg'),
(14, 'VTM014', 'PLUS TWO', '24302633', 'MUHAMMED HANI HAISAM PM ', 'UMMER PM ', '9947455439', 'PALAMADATHIL HOUSE ', '', 'PPTMYHSS CHERUR ', '4', '66', 'uploads/685fd31630dc9.png', 'uploads/685fd31630fd1_marksheet_xii-HSE.pdf'),
(15, 'VTM015', 'SSLC', '554018', 'Jaza Fathima TV ', 'Jafar Thekkeveettil ', '9544701966', 'Thekkeveettil ', '', 'G. H. S. Kuruka', '1', '12', 'uploads/685fd456c4560.png', 'uploads/685fd456c47dd_Screenshot_20250509_153749_Samsung Internet.jpg'),
(16, 'VTM016', 'SSLC', '54537', 'AYISHA JUSAINA AKP', 'Abdul Azeez', '9847486847', 'Anjukandan pallikkal house', '', 'PPTMYHSS cherur', '1', '16', 'uploads/685fd6a92bd86.png', 'uploads/685fd6a92c02f_Screenshot_20250509_154920_Chrome.jpg'),
(17, 'VTM017', 'SSLC', '540672', 'Muhammed ali. P', 'Shaulhameed ', '9744519176', 'Pakkada ', '', 'Gmvhss ', '1', '8', 'uploads/685fd749f2dd4.png', 'uploads/685fd749f2ff6_Reg No. _ 540672 - SSLC Results 2025.pdf'),
(18, 'VTM018', 'SSLC', '541537', 'AYISHA JUSAINA AKP ', 'ABDUL AZEEZ AKP ', '9847486847', 'Anjukandan pallikkal house', '', 'PPTMYHSS Cherur ', '1', '16', 'uploads/685fd752330bb.png', 'uploads/685fd75233266_Screenshot_20250509_154920_Chrome.jpg'),
(19, 'VTM019', 'PLUS TWO', '24283818', 'MARVA MK', 'SAIDALAVI MK', '9847759568', 'MANHAKKANDAN', '', 'GHSS OTHUKKUNGAL', '7', '131', 'uploads/685fd7ca7e8cf.png', 'uploads/685fd7ca7eaa8_IMG-20250628-WA0005.jpg'),
(20, 'VTM020', 'SSLC', '551683', 'MOHAMMED HARIS M', 'SHAHUL HAMED', '9645698849', 'MOOYIYAN HOUSE ', '', 'MUHSS OORAKAM ', '5', '85', 'uploads/685fd7d14a962.png', 'uploads/685fd7d14ab93_17511115680396441185755550913235.jpg'),
(21, 'VTM021', 'PLUS TWO', '24341283', 'FATHIMA NISHVA C', 'MOHAMMED SHAFI C', '9778054797', 'Chembakasseri (H)', '', 'IUHSS PARAPPUR ', '7', '139', 'uploads/685fd7e6565fd.png', 'uploads/685fd7e656777_IMG-20250522-WA0037.jpg'),
(22, 'VTM022', 'SSLC', '537791', 'Devika Prasad ', 'Prasad ', '9961732698', 'Padinjarayil', '', 'MVHSS ARIYALLUR ', '1', '23', 'uploads/685fd80382189.png', 'uploads/685fd803823d9_IMG-20250517-WA0006.jpg'),
(23, 'VTM023', 'PLUS TWO', '24341335', 'Fathima fidha.m', 'Aboothahir', '9961763076', 'Machingathodi', '', 'Iuhss parappur', '6', '106', 'uploads/685fd841ec122.png', 'uploads/685fd841ec2d7_IMG_20250625_124118.jpg'),
(24, 'VTM024', 'SSLC', '549137', 'AFRIN FATHIMA TV ', 'JAFAR THEKKEVEETTIL ', '9544598797', 'THEKKEVEETTIL ', '', 'PKMMHSS EDARIKKODE ', '1', '8', 'uploads/685fd89c94a6d.png', 'uploads/685fd89dafb30_Screenshot_2025-05-09-16-07-30-145_com.android.printspooler-edit.jpg'),
(25, 'VTM025', 'PLUS TWO', '24341228', 'SHAHLA ZAINAB C ', 'SULFEECKAR ALI C', '8089353409', 'Chappangakkattil House ', '', 'IUHSS PARAPPUR ', '7', '133', 'uploads/685fd8bf2babb.png', 'uploads/685fd8bf2bce3_Screenshot_20250522-190107.png'),
(26, 'VTM026', 'PLUS TWO', '24341205', 'LANA NAJAH CP ', 'ABDUL MAJEED CP', '7907441031', 'CHOLAPPURATH HOUSE ', '', 'IUHSS PARAPPUR ', '6', '106', 'uploads/685fd8cc7917e.png', 'uploads/685fd8cc793b7_Plustwo result lana.pdf'),
(27, 'VTM027', 'SSLC', '554425', 'Minha Fathima K', 'Rahim K', '9744652583', 'Kallan House ', '', 'GHS Kolappuram ', '1', '1', 'uploads/685fd944ca65a.png', 'uploads/685fd944ca890_JPG_20250512_180351.jpg'),
(28, 'VTM028', 'PLUS TWO', '24341226', 'SHAHANA SHERIN C ', 'ALAVIKKUTTY ', '7994487466', 'Channengadan', '', 'IUHSS PARAPPUR ', '6', '108', 'uploads/685fdb3c9a26e.png', 'uploads/685fdb3c9a3dc_Screenshot_20250522-160514~3.jpg'),
(29, 'VTM029', 'PLUS TWO', '24347404', 'Fathima Diyana ', 'Moideen', '7736921235', 'Vallikkadan House', '', 'Muhss oorakam ', '1', '11', 'uploads/685fdc4087cfd.png', 'uploads/685fdc4087ef3_Screenshot_2025-06-28-17-38-25-494_com.android.chrome.jpg'),
(30, 'VTM030', 'PLUS TWO', '24302643', 'ANSHA POOVIL', 'AMJAD KHAN', '9746332915', 'POOVIL HOUSE', '', 'PPTMYHSS CHERUR', '1', '18', 'uploads/685fdc4088881.png', 'uploads/685fdc40889fa_Screenshot_2025-05-22-15-29-19-879_com.android.chrome.jpg'),
(31, 'VTM031', 'PLUS TWO', '24302734', 'ANSHA KOTTEKADEN ', 'ASHRAF.K', '8075036420', 'ACHANABALAM ', '', 'PPTMYHSS ', '4', '61', 'uploads/685fdc870a233.png', 'uploads/685fdc870a3bb_Screenshot_20250522-160236.Chrome.png'),
(32, 'VTM032', 'PLUS TWO', '24300409', 'FATHIMA AMNA P', 'ABDUL KAREEM P', '9744594540', 'PARAMBAN ', '', 'ORIENTAL HIGHER SECONDARY SCHOOL ', '1', '23', 'uploads/685fe1ae8dab5.png', 'uploads/685fe1ae8dcac_17511140595881128717196792872405.jpg'),
(33, 'VTM033', 'SSLC', '538237', 'FATHIMA NAJA VT ', 'MUJEEB VAKKYATHODIKA ', '8891131301', 'Vakkyathodika house ', '', 'GHSS TIRURANGADI ', '1', '23', 'uploads/685fe297904ba.png', 'uploads/685fe29790773_Screenshot_20250509_154427_Chrome.jpg'),
(34, 'VTM034', 'PLUS TWO', '24341245', 'Ayisha Hadiya ', 'Moideen koya ', '9747200329', 'Kadakkot ', '', 'Iuhss parappur ', '1', '15', 'uploads/685fe34d60fd4.png', 'uploads/685fe34d61229_IMG-20250522-WA0043.jpg'),
(35, 'VTM035', 'SSLC', '611091', 'Fathima fida .p', 'Saleem .p', '8157009900', 'Padikkal house ', '', 'Najmul huda hss ', '7', '134', 'uploads/685fe418d7373.png', 'uploads/685fe418d7547_Screenshot_2025-05-09-21-58-49-83_40deb401b9ffe8e1df2f1cc5ba480b12.jpg'),
(36, 'VTM036', 'SSLC', '540988', 'RIFA K', 'MOHAMMED KUTTY K', '9645682777', 'KUNNUMMAL (H)', '', 'PPTMYHSS CHERUR ', '4', '53', 'uploads/685fe531ada5e.png', 'uploads/685fe531add25_17511149004559209327690719904931.jpg'),
(37, 'VTM037', 'SSLC', ' 548997 ', 'Aysha Haniya ', 'Mujeeb Rahiman palasseri Ethikkal ', '8111825622', 'Palasseri ETHIKKAL, CHETTIPURAMDU, VENGARA, malappuram', '', 'Pkmmhss edarikode ', '1', '22', 'uploads/685fe5f3b6c74.png', 'uploads/685fe5f3b6fcb_IMG-20250509-WA0241.jpg'),
(38, 'VTM038', 'PLUS TWO', '24302836', 'SULTHANA HARSHA ', 'ASHRAF C', '8089619552', 'CHOOTTAN', '', 'PPTMYHSS CHERUR ', '4', '60', 'uploads/685fe6cd9cbc1.png', 'uploads/685fe6cd9cd8e_Screenshot_20250522_154527_com_google_android_apps_docs_PdfViewerActivity.jpg'),
(39, 'VTM039', 'SSLC', '549587', 'SANA E', 'ABDU RAZAK ', '9400442433', 'ERIYADAN HOUSE ', '', 'PKMMHSS EDARIKODE ', '1', '14', 'uploads/685fe7a558c42.png', 'uploads/685fe7a558f38_sslc result.pdf'),
(40, 'VTM040', 'PLUS TWO', '24341212', 'NASRIN THASNI . T ', 'JAMAL ABDUL NASER', '8589854992', 'THOMMANGADEN  HOUSE ', '', 'IUHS PARAPPUR', '7', '140', 'uploads/685fea0e0b82a.png', 'uploads/685fea0e0ba72_HSE _ VHSE RESULTS 2025.pdf'),
(41, 'VTM041', 'SSLC', '546909', 'RIFA PK', 'NOUFAL PK ', '9847438845', 'Puthuthodika house valiyora PO kalikkadavu ', '', 'ARNHSS CHANDAPPURAYA ', '1', '15', 'uploads/685fea97d8dee.png', 'uploads/685fea97d8f8e_IMG-20250521-WA0032.jpg'),
(42, 'VTM042', 'SSLC', '549649', 'KARTHIK LAL.K', 'MOHAN LAL.M', '9961213215', 'KALATHIL.HOUSE', '', 'Pkmmhss. edarikode ', '1', '23', 'uploads/685fecc27e556.png', 'uploads/685fecc27e7b8_Screenshot_20250628_185217_Chrome.jpg'),
(43, 'VTM043', 'PLUS TWO', '24340018', 'Aakif Muhammed PV', 'Sainul Abideen ', '6235611745', 'Peechan Veetil ', '', 'ARHSS Chendappuraya', '1', '1', 'uploads/685fed316a373.png', 'uploads/685fed316a527_Screenshot_20250522_165310.jpg'),
(44, 'VTM044', 'PLUS TWO', '24110245', 'Misbah Areekat ', 'Mohamed Muneer Areekat ', '9747007711', 'Ayappalliyil house ', '', 'St. Vincent Eng. Med. HSS Pala', '4', '67', 'uploads/685fed3d4d9e0.png', 'uploads/685fed3d4db61_Screenshot_20250628_185153.jpg'),
(45, 'VTM045', 'PLUS TWO', '24339979', 'Kadheeja sana PT', 'Aboobacker sidheeq PT', '7994294772', 'Vadakkumparambil house', '', 'ARNHSS Chendappuraya ', '3', '38', 'uploads/685fedbc1aa2e.png', 'uploads/685fedbc1ab6e_Screenshot_2025-05-22-16-03-19-98_40deb401b9ffe8e1df2f1cc5ba480b12.jpg'),
(46, 'VTM046', 'SSLC', '547535', 'Aysha Fidha.V', 'Moideen Kutty Vilangalil ', '9497669351', 'Vilangalil ', '', 'Iuhss parappur ', '6', '108', 'uploads/685feea173cc8.png', 'uploads/685feea173fb8_IMG-20250509-WA0041.jpg'),
(47, 'VTM047', 'SSLC', '540719', 'FAIHA KOTTEKAT ', 'Haneefa kottekat ', '9645906022', 'Kottekat house', '', 'Gmvhss vengara town ', '1', '8', 'uploads/685feeb2b602e.png', 'uploads/685feeb2b613c_IMG-20250509-WA0090.jpg'),
(48, 'VTM048', 'PLUS TWO', '24341129', 'FATHIMA SHAMLA TE', 'Faisal te', '8943748782', 'Thoombathu edappanattu(H) parappur kizhakkekundu', '', 'Iuhss parappur', '6', '108', 'uploads/685fefbaf0593.png', 'uploads/685fefbaf0710_IMG_20250628_190134.jpg'),
(49, 'VTM049', 'SSLC', '608376', 'Ayisha shamna c', 'Abdul muneer c', '9961532323', 'Chalil', '', 'Darul uloom higher secondary school panakkad', '5', '81', 'uploads/685fefce09b80.png', 'uploads/685fefce09da8_Screenshot_2025-06-28-18-53-27-35.jpg'),
(50, 'VTM050', 'SSLC', '540916', 'Fathima shanha. P', 'Subair. P', '7025955295', 'Palliyali(H)', '', 'PPTMYHSS CHERUR', '1', '20', 'uploads/685ff017cfe27.png', 'uploads/685ff017cfffb_9192048f5eae46a5b79d6bb384de3c30.jpg'),
(51, 'VTM051', 'SSLC', '540922', 'Fathima Shinsha kc ', 'Aboobacker', '8590890588', 'Kuzhincheri', '', 'Pptmyhsschool cherur', '1', '4', 'uploads/685ff19d3125c.png', 'uploads/685ff19d31461_IMG_5511.png'),
(52, 'VTM052', 'SSLC', '549004', 'DEVI LAKSHMI.KT', 'Shaibu.KT', '9895728000', 'Kottathodi hose.. Parampilpadi. Vengara', '', 'P. K. M. M. H. S. S. Edarikode', '1', '21', 'uploads/685ff1adcf87c.png', 'uploads/685ff1adcfac9_IMG-20250509-WA0148.jpg'),
(53, 'VTM053', 'SSLC', '547848', 'Haneen pk', 'Haris pk', '8891546433', 'Parapadikkal House ', '', 'FEMHSS KOTTAKKAL', '1', '17', 'uploads/685ff31a26ef7.png', 'uploads/685ff31a27173_IMG_7088.jpeg'),
(54, 'VTM054', 'SSLC', '549531', 'SHAFANA SIMRA P', 'ABDUL SATHAR P', '9895675939', 'Pilakkal house', '', 'PKMMHS EDARIKODE', '1', '10', 'uploads/685ff565ebaeb.png', 'uploads/685ff565ebd74_Reg No. _ 549531 - SSLC Results 2025.pdf'),
(55, 'VTM055', 'SSLC', '547750', 'MUHAMMED NAFIL k', 'ASHRAF KOTTAYIL ', '9947235535', 'KOTTAYIL ', '', 'Iuhss parappur ', '7', '139', 'uploads/685ff66553d31.png', 'uploads/685ff66553ef2_IMG-20250509-WA0027.jpg'),
(56, 'VTM056', 'PLUS TWO', '24340401', 'MUHAMED MUSTHAQ', 'ABDUL LATHEEF', '9605651171', 'PALASSERI(H)', '', 'KHM HSS VALAKKULAM', '1', '19', 'uploads/685ff69ab874c.png', 'uploads/685ff69ab88e3_20250628_193430.jpg'),
(57, 'VTM057', 'SSLC', '540756', 'Archana K', 'Raveendran K', '9656563365', 'Kalangadan ', '', 'PPTMYHSS CHERUR ', '4', '59', 'uploads/685ff742a57ab.png', 'uploads/685ff742a5c5d_17511192863925640589290745829801.jpg'),
(58, 'VTM058', 'SSLC', '541731', 'Merfeen kappan ', 'Muhamedd ali', '9526701777', 'Kappan house ', '', 'Pptmyhs cherur', '4', '63', 'uploads/685ff75bdabb3.png', 'uploads/685ff75f854cb_IMG-20250509-WA0061.jpg'),
(59, 'VTM059', 'SSLC', '541846', 'MOHAMMED MISHAL P', 'MANZOOR P', '8606723598', 'PALLIYALI HOUSE KANNATTIPADI', '', 'PPTMYHSS CHERUR', '1', '7', 'uploads/685ff81782130.png', 'uploads/685ff81782406_IMG-20250509-WA0106.jpg'),
(60, 'VTM060', 'SSLC', '544884', 'ALIYA MAJEED', 'ABDUL MAJEED', '9605107030', 'KOOTTEERI', '', 'GHSS OTHUKKUNGAL', '7', '127', 'uploads/685ff8193ad43.png', 'uploads/685ff8193afa1_IMG-20250603-WA0015.jpg'),
(61, 'VTM061', 'PLUS TWO', '24302602', 'Lafna m', 'Abdulla m', '7736360988', 'Moozhikkal', '', 'PPTMYHSS CHERUR', '4', '63', 'uploads/685ff82f63361.png', 'uploads/685ff82f635c8_IMG_0403.jpeg'),
(62, 'VTM062', 'SSLC', '541572', 'Fathima hudha', 'Ismail pullatt', '9544850601', 'Mannath house', '', 'PPTMYHSS Cherur', '4', '67', 'uploads/685ff8471f968.png', 'uploads/685ff8471fac6_Screenshot_20250509_155024_OneDrive.jpg'),
(63, 'VTM063', 'SSLC', '540596', 'NOUFILA', 'Shamsudheen P.v', '9562091581', 'Poovalappil House', '', 'GMVHSS VENGARA', '1', '9', 'uploads/685ff84dd932a.png', 'uploads/685ff84dd954d_1000110661.jpg'),
(64, 'VTM064', 'PLUS TWO', '24300406', 'Diya Fabi.P', 'Abdul kareem palliyali ', '7994519480', 'PALLIYALI ', '', 'Oriental hss Thirurangadi ', '1', '23', 'uploads/685ff8683f813.png', 'uploads/685ff8683fabe_Screenshot_20250628-193858_Chrome.png'),
(65, 'VTM065', 'SSLC', '540555', 'Archana S', 'Sudhindran PR', '9447107898', 'Aswathi nivas pandarakulam valappil vengara ', '', 'GMVHSS VENGARA TOWN', '1', '9', 'uploads/685ff90503e00.png', 'uploads/685ff905040e1_Screenshot_2025-06-28-19-40-54-88.jpg'),
(66, 'VTM066', 'PLUS TWO', '24341172', 'ANSHIFA RIYA K ', 'MOHAMED ASHRAF KOLAKKATTIL ', '9744209337', 'KOLAKKATTIL ', '', 'I.U.HIGHER SECONDARY SCHOOL PARAPPUR', '6', '114', 'uploads/685ff9f83a0dc.png', 'uploads/685ff9f83a31e_IMG_20250623_234815904_DOC.jpg'),
(67, 'VTM067', 'SSLC', '540730', 'SHABANA SHERIN. P', 'USMAN PALERI', '9947527182', 'PALERI HOUSE', '', 'GMVHSS VENGARA TOWN ', '1', '9', 'uploads/685ffa3a4f7fd.png', 'uploads/685ffa3a4faff_Screenshot_20250509_155148_Chrome.jpg'),
(68, 'VTM068', 'SSLC', '541502', 'Fathima shenza vp', 'Mohammed shaji', '8943928236', 'Valiyaparambil', '', 'PPTMYHSS CHERUR', '4', '59', 'uploads/685ffaa787fe6.png', 'uploads/685ffaa788282_311ee02b-5895-4747-bff6-bef561b295bc.jpeg'),
(69, 'VTM069', 'SSLC', '554590', 'Muhammed Safvan PP', 'Muhammed Aslam PP', '9995827300', 'PT House ', '', 'Markaz Public School ', '3', '38', 'uploads/685ffaab3d9ee.png', 'uploads/685ffaab3dc41_e32a957b-0bf8-4ad6-a0b2-37a29b96570d.jpeg'),
(70, 'VTM070', 'SSLC', '550006', 'Muhammed Afnan. K', 'Manzoor ali. K', '6238076261', 'Kadengal madolil', '', 'Pkmmhss', '3', '35', 'uploads/685ffad68af43.png', 'uploads/685ffad68b151_Screenshot_2025-05-09-15-40-11-37_40deb401b9ffe8e1df2f1cc5ba480b12.jpg'),
(71, 'VTM071', 'SSLC', '547511', 'Hiba Fathima ', 'Ahammed Faisal ', '8606008492', 'Kuzhikattil ', '', 'IUHSS PARAPPUR', '5', '89', 'uploads/685ffb1b2ec10.png', 'uploads/685ffb1b2edac_IMG_20250628_195327~2.jpg'),
(72, 'VTM072', 'SSLC', '547153', 'Nidha Sherin AP', 'Mohamed Sharief', '8136846770', 'Ambayappulli ', '', 'IUHSS Parappur ', '6', '114', 'uploads/685ffb7b5dd03.png', 'uploads/685ffb7b5dedd_SSLC Results 2025.pdf'),
(73, 'VTM073', 'SSLC', '541640', 'ISHA JEBIN UP', 'SHAMSUDEEN UTHEN PURAYIL', '9846521981', 'UTHEN PURAYIL HOUSE KILINAKODE ', '', 'PPTMYHSS CHERUR', '4', '54', 'uploads/685ffb997ce83.png', 'uploads/685ffb997d273_IMG_20250628_195615.jpg'),
(74, 'VTM074', 'SSLC', '552199', 'Mishal Thengilan ', 'Yoonus T ', '9746692740', 'Tkh Manzil Irumbchola ', '', 'Al Furqan Ehss Santhivayal ', '3', '39', 'uploads/685ffc10f0334.png', 'uploads/685ffc10f049b_Screenshot_20250509_131121_Samsung Internet.jpg'),
(75, 'VTM075', 'SSLC', '541587', 'Fathima niya tp', 'Muhammad ashraf tp', '8330852758', 'Thacherupadikkal ', '', 'Pptmyhss cherur', '4', '56', 'uploads/685ffc199167d.png', 'uploads/685ffc1991954_IMG-20250509-WA0074.jpg'),
(76, 'VTM076', 'SSLC', '547581', 'FATHIMA SANHA MT', 'MUHAMMAD MUSTHAFA MT', '7902628546', 'MURINGATHODI(H)', '', 'IUHSS PARAPPUR', '5', '89', 'uploads/685ffc8a669b1.png', 'uploads/685ffc8a66c3b_IMG-20250512-WA0000.jpg'),
(77, 'VTM077', 'PLUS TWO', '24341230', 'Shahma P', 'Abdul nasar', '8943748782', 'Panchili(House) parappur,kizhakkekundu', '', 'Iuhss parappur', '6', '109', 'uploads/685ffc936768f.png', 'uploads/685ffc936784a_IMG-20250628-WA0027(1).jpg'),
(78, 'VTM078', 'SSLC', '546838', 'Sreevygha shabu. M', 'Shabu. M', '9605184217', 'Manammal', '', 'A r nagar chendappuraya ', '1', '11', 'uploads/685ffc94801d0.png', 'uploads/685ffc948033c_Screenshot_20250628_195854_Gallery.jpg'),
(79, 'VTM079', 'SSLC', '551808', 'Hiba. Thottasseri ', 'Sufiyanu sauri', '9656737424', 'Thottasseri House ', '', 'Muhss oorakam ', '5', '86', 'uploads/685ffd1d41297.png', 'uploads/685ffd1d414d8_IMG-20250509-WA0015.jpg'),
(80, 'VTM080', 'SSLC', '541545', 'Eman Fathima Pakkiyan', 'Mujeeb Rahman P', '8075585551', 'Pakkiyan House', '', 'PPTMYHSS Cherur', '4', '55', 'uploads/685ffd7b2711a.png', 'uploads/685ffd7b272dd_Screenshot_20250509_154514.jpg'),
(81, 'VTM081', 'PLUS TWO', '24347433', 'FATHIMA HALIYA E', 'ERANIKKAL ZAINUDHEEN', '7306463749', 'ERANIKKAL HOUSE KOTTUMALA', '', 'MUHSS OORAKAM', '5', '84', 'uploads/685ffd918dfe5.png', 'uploads/685ffd918e267_Screenshot_20250628_200435.jpg'),
(82, 'VTM082', 'PLUS TWO', '24341223', 'SANHA M', 'ABOOBACKER ', '9526164090', 'Manammal', '', 'IUHSS PARAPPUR ', '6', '98', 'uploads/685ffdac4ab9d.png', 'uploads/685ffdac4ae00_Screenshot_20250628-200450.png'),
(83, 'VTM083', 'SSLC', '547523', 'Afara.T ', 'Sayyid musthafa ', '9846164797', 'Thazhekkat ', '', 'IUHSS PARAPPUR ', '6', '114', 'uploads/685ffdb16aba9.png', 'uploads/685ffdb16ae10_IMG-20250509-WA0026.jpg'),
(84, 'VTM084', 'PLUS TWO', '24297321', 'Fathima sahla AK ', 'Sainudheen', '7994384576', 'Anchukandan', '', 'K.M.H.S.S KUTOOR NORTH ', '1', '7', 'uploads/685ffdf5e5ecf.png', 'uploads/685ffdf5e6081_Screenshot_20250522-174809.png'),
(85, 'VTM085', 'SSLC', '608159', 'RANNA M', 'Ahamed Jabir M', '9846392726', 'Marathumpally ', '', 'DUHSS Panakkad ', '7', '125', 'uploads/685ffe83221fb.png', 'uploads/685ffe8322451_F336B3BF-3CE5-4C14-B4EE-D8BEFB749461.jpeg'),
(86, 'VTM086', 'SSLC', '541648', 'Liya pullat ', 'Entheenkutty pullat ', '9961569552', 'Pullat house ', '', 'PPTMYHSS cherur ', '4', '62', 'uploads/685ffe8de8191.png', 'uploads/685ffe8de841b_marksheet_x-SSLC_THSLC.pdf'),
(87, 'VTM087', 'SSLC', '547075', 'Fathima jaza AP ', 'Ahamed kutty AP', '9605741653', 'Ambalavan puthan peediyakkal ', '', 'IUHSS PARAPPUR ', '6', '102', 'uploads/685ffebfc77f0.png', 'uploads/685ffebfc7b17_IMG-20250628-WA0029.jpg'),
(88, 'VTM088', 'SSLC', '613463', 'Bayana kp', 'Koyamu kp', '8129481158', 'Kolam kadavath pari', '', 'MMET HSS', '7', '125', 'uploads/685ffefa349ce.png', 'uploads/685ffefa34cbf_IMG-20250603-WA0010.jpg'),
(89, 'VTM089', 'SSLC', '550216', 'MUHAMMED FAHAD K', 'Moideen k', '9846150946', 'Kappiyedath ', '', 'Pkmmhss edarikode ', '7', '122', 'uploads/685fffc53934e.png', 'uploads/685fffc5395d6_IMG-20250509-WA0050.jpg'),
(90, 'VTM090', 'SSLC', '547592', 'HIDHA PK ', 'ASHRAF PK', '8075376767', 'Pulakkadavath ', '', 'IUHSS PARAPPUR ', '6', '115', 'uploads/686000559971b.png', 'uploads/6860005599846_Reg No. : 547592 - SSLC Results 2025.pdf'),
(91, 'VTM091', 'SSLC', '541672', 'Niya fathima. N', 'ABDUL NASAR', '9544342893', 'NAYATTIL(H) ', '', 'PPTMYHSS', '1', '20', 'uploads/68600073a35c6.png', 'uploads/68600073a38ad_IMG-20250509-WA0019.jpg'),
(92, 'VTM092', 'SSLC', '549801', 'BASSAM SHAN A.P', 'MOHAMMED BASHEER', '9562756270', 'AP HOUSE', '', 'PKMMHSS EDARIKODE', '1', '15', 'uploads/686001013aa0c.png', 'uploads/686001013ac0e_KERALA Board Xth 2025 Result (1).pdf'),
(93, 'VTM093', 'SSLC', '595864', 'Ashwin K.P', 'Girish Kumar K.P', '9605268251', 'Indeevaram', '', 'N.S.S.K.H.S.S Valiyaparamba', '6', '114', 'uploads/686001050dcd8.png', 'uploads/686001050debd_IMG_3311.png'),
(94, 'VTM094', 'SSLC', '547519', 'NEHREEN PARAMBIL ', 'MUHAMMAD HANEEFA ', '9207081412', 'parambil (H) vengara ', '', 'IUHSS PARAPPUR ', '6', '99', 'uploads/68600203acdbc.png', 'uploads/68600203acfb5_Screenshot_2025-05-09-15-55-00-02_40deb401b9ffe8e1df2f1cc5ba480b12.jpg'),
(95, 'VTM095', 'SSLC', '544624', 'FATHIMA FAHMA M', 'ABDUL GAFOOR M', '8078308022', 'MUTTIYARAKKAL (H)', '', 'GHSS OTHUKKUNGAL ', '7', '127', 'uploads/6860021de46ea.png', 'uploads/6860021de4918_a2b1a4c2-a294-448a-8f7d-1ddafc3f54b8.jpeg'),
(96, 'VTM096', 'SSLC', '540728', 'Luthwfiya.p', 'Kabeer.p', '9633794851', 'Parambatt', '', 'GMVHSS Vengara town', '1', '9', 'uploads/68600251150b5.png', 'uploads/68600251152eb_IMG-20250628-WA0021.jpg'),
(97, 'VTM097', 'SSLC', '547827', 'SHANA SIMIN', 'HASSAN SHAMEEEL', '9562791886', 'KARUMBIL(H)', '', 'FAROOK ENGLISH MEDIUM KOTTAKKAL', '1', '14', 'uploads/6860030d11ef4.png', 'uploads/6860030d120c2_IMG_2710.png'),
(98, 'VTM098', 'SSLC', '541589', 'FATHIMA RAMZA P K', 'MOIDEEN KUTTY P K', '9495455438', 'PATTARKADAVAN', '', 'PPTMYHSS CHERUR', '1', '15', 'uploads/6860033b82cb8.png', 'uploads/6860033fcbd5c_IMG-20250628-WA0071.jpg'),
(99, 'VTM099', 'SSLC', '547578', 'Fathima Sahla p', 'Mujeeb p', '8086016815', 'Parambil(H)', '', 'IUHSS parappur ', '6', '110', 'uploads/68600413b7500.png', 'uploads/68600413b776b_sslc.pdf'),
(100, 'VTM100', 'PLUS TWO', '24302561', 'Muhammed Nihal AK', 'Naser Anchukandan', '7510285122', 'Anchukandan', '', 'PPTMYHSS Cherur', '1', '11', 'uploads/6860041726921.png', 'uploads/6860041726ad1_IMG_20250628_202351.jpg'),
(101, 'VTM101', 'SSLC', '541604', 'FATHIMA SABLA EM ', 'ABDURAHMAN EM ', '9747589414', 'EENTHAN MULLAN ', '', 'PPTMYHSS CHERUR ', '4', '54', 'uploads/686004334f0ed.png', 'uploads/686004334f241_IMG-20250628-WA0148.jpg'),
(102, 'VTM102', 'PLUS TWO', '24302664', 'HANAN CT ', 'ABDUL HAQ CT', '8606349747', 'CHOLAKKATHODI HOUSE ', '', 'PPTMYHSS CHERUR ', '4', '52', 'uploads/6860048d21d05.png', 'uploads/6860048d21ec9_Screenshot_2025-05-22-16-42-58-444_com.android.chrome.jpg'),
(103, 'VTM103', 'SSLC', '612354', 'FATHIMA FAIHA', 'ASHRAF ', '8848241067', 'VAKIYATH HOUSE ', '', 'AKMHSS KOTTOOR', '7', '127', 'uploads/6860049957094.png', 'uploads/6860049957259_IMG-20250628-WA0039.jpg'),
(104, 'VTM104', 'PLUS TWO', '24307831', 'Farsana M', 'Aboobackar M', '8089719104', 'Manjakkattu (H)', '', 'St Gemmas Girls HSS', '7', '121', 'uploads/686004b4caf87.png', 'uploads/686004b4cb0da_Screenshot_20250522-153450~2.png'),
(105, 'VTM105', 'PLUS TWO', '24302687', 'RUFAIDAH', 'MOHAMMED RAFI.K', '9496868397', 'Kurukkan house', '', 'PPTMYHSS CHERUR', '4', '66', 'uploads/6860051320411.png', 'uploads/6860051320622_IMG_4771.png'),
(106, 'VTM106', 'PLUS TWO', '24302792', 'SADEEDA CT ', 'KUNHARAMU CT ', '9037489332', 'CHOLAKKATHODI ', '', 'PPTMYHSS CHERUR ', '4', '52', 'uploads/6860055451c93.png', 'uploads/6860055451e8c_IMG-20250522-WA0022.jpg'),
(107, 'VTM107', 'SSLC', '547094', 'Fathima Rinfa vp ', 'Haneefa vp', '9544150363', 'Vaidyakkaran potty ', '', 'Iuhss parappur', '1', '16', 'uploads/68600585b851e.png', 'uploads/68600585b86a8_IMG-20250620-WA0045.jpg'),
(108, 'VTM108', 'PLUS TWO', '24302666', 'Irfana ', 'Ibrahim kutty', '9745111501', 'Mullan house ', '', 'PPTMYHSS cherur ', '6', '99', 'uploads/6860058a420bb.png', 'uploads/6860058a422f2_IMG-20250522-WA0020.jpg'),
(109, 'VTM109', 'PLUS TWO', '24283787', 'Fathima haniyya k ', 'Mohamed iqbal kannachankuth ', '9037995007', 'Kannachankuth ', '', 'Ghss othukkungal ', '7', '132', 'uploads/686005900247f.png', 'uploads/68600590027ce_IMG-20250522-WA0017.jpg'),
(110, 'VTM110', 'SSLC', '541580', 'Fathima Ramza pk ', 'Moideen kutty p k ', '9495455438', 'Pattarkadavan ', '', 'Pptmyhss cherur ', '1', '15', 'uploads/68600630b1296.png', 'uploads/68600632bff5b_IMG-20250628-WA0071.jpg'),
(111, 'VTM111', 'PLUS TWO', '24302807', 'AYISHA MALIHA K', 'MOIDEEN KOTTIYADAN', '8606113882', 'KOTTIYADAN', '', 'PPTMYHSS CHERUR', '4', '61', 'uploads/6860066d86eaf.png', 'uploads/6860066d870b2_IMG-20250628-WA0004.jpg'),
(112, 'VTM112', 'PLUS TWO', '24302555', 'Mohammed shabil ck ', 'Rafeeq ck', '9605742394', 'Chevidikunnan ', '', 'pptmyhss cherur', '4', '67', 'uploads/6860067798aa8.png', 'uploads/6860067798c0d_IMG-20250522-WA0051.jpg'),
(113, 'VTM113', 'PLUS TWO', '24343998', 'Dilna Musthafa TK ', 'Mohamed Musthafa TK ', '9847265146', 'Thonikkadan ', '', 'DUHSS PANAKKAD ', '6', '99', 'uploads/686006ac86208.png', 'uploads/686006ac864b0_IMG-20250522-WA0111.jpg'),
(114, 'VTM114', 'PLUS TWO', '24302778', 'NIHALA PAKKIYAN ', 'ABDUL NAZER PAKKIYAN ', '9037837710', 'PAKKIYAN ', '', 'PPTMYHSS CHERUR ', '4', '52', 'uploads/68600761cd58a.png', 'uploads/68600761cd72f_IMG_3786.png'),
(115, 'VTM115', 'SSLC', '547656', 'danish ahammed', 'Haneefa T.E', '9947235726', 'Thoombath Edappanattu', '', 'I.U.H.S.S Parappur', '6', '108', 'uploads/68600761df715.png', 'uploads/68600761df81d_Danish photo.jpg'),
(116, 'VTM116', 'SSLC', '547632', 'SHAHANA SHERIN VP ', 'Saidalavi vp ', '7994397746', 'Velichappattil (H)', '', 'IUHSS PARAPPUR ', '6', '106', 'uploads/686007b2a7bdc.png', 'uploads/686007b2a7cf4_IMG-20250509-WA0463(1).jpg'),
(117, 'VTM117', 'PLUS TWO', '24302745', 'FATHIMA DIYA ', 'MOHAMED ABDURAHIMAN CHUKKAN ', '9744411823', 'CHUKKAN HOUSE', '', 'PPTMYHSS CHERUR', '4', '60', 'uploads/6860084be8424.png', 'uploads/6860084be85c9_IMG-20250628-WA0010.jpg'),
(118, 'VTM118', 'PLUS TWO', '24302577', 'Dishna.mk', 'Kuttykrishnan.mk', '9846747068', 'Maruthil kalarikkal ', '', 'PPTMYHSS cherur ', '4', '50', 'uploads/68600a9e3b1b8.png', 'uploads/68600a9e3b445_IMG-20250522-WA0077.jpg'),
(119, 'VTM119', 'SSLC', '612446', 'Hiba Fathima kt ', 'Mohamed kutty kt ', '8943645559', 'Kunnathadathil (H) ', '', 'Akmhss kottoor', '7', '132', 'uploads/68600b23c8c78.png', 'uploads/68600b23c8ebb_Screenshot_20250519_111725_Chrome.jpg'),
(120, 'VTM120', 'SSLC', '547194', 'ZUMAYYA KAPPIL AZAD ', 'AZAD KM', '8075911505', 'KAPPIL HOUSE ', '', 'Iu higher secondary school parappur', '7', '138', 'uploads/68600b372f6e7.png', 'uploads/68600b372f90b_Screenshot_20250509-182457.png'),
(121, 'VTM121', 'SSLC', '547624', 'Safa. C', 'Naseer. C', '9746913508', 'Chalil house', '', 'Iuhss parapur', '5', '76', 'uploads/68600b89e4576.png', 'uploads/68600b89e483f_IMG-20250628-WA0057.jpg'),
(122, 'VTM122', 'SSLC', '612468', 'MINHA FATHIMA TT', 'MOHAMMED SHAREEF TT ', '8129995833', 'THOTTITHODI (H) ', '', 'AKM HSS KOTTOOR', '7', '131', 'uploads/68600c5137bd2.png', 'uploads/68600c5137e40_IMG_20250603_160547.jpg'),
(123, 'VTM123', 'SSLC', '544823', 'MUHAMMED SHAHAN CK ', 'ABDU RAZAK ', '9947542817', 'CHERUVAKKATTIL ', '', 'GHSS OTHUKUNGAL ', '7', '129', 'uploads/68600c9f34fa4.png', 'uploads/68600c9f3525e_KERALA Board Xth 2025 Result.pdf'),
(124, 'VTM124', 'SSLC', '612359', 'Fathima Fida.T', 'ABDULLA.T', '8086899756', 'THOMMANGADAN ', '', 'A. K.M.H.S.S KOTTOOR ', '6', '104', 'uploads/68600cdd87c10.png', 'uploads/68600cded56a0_Screenshot_2025-05-09-16-50-57-37_40deb401b9ffe8e1df2f1cc5ba480b12.jpg'),
(125, 'VTM125', 'SSLC', '612785', 'MOHAMMED HISHAM V. K', 'MUSTHAFA VK', '9495164751', 'VALIYAKUNNAN', '', 'AKMHSS KOTTOOR ', '7', '134', 'uploads/68600d2a9997c.png', 'uploads/68600d2a99b59_Screenshot_20250516_211732_PRD Live.jpg'),
(126, 'VTM126', 'SSLC', '548275', 'ROSHNA T', 'ABDUSALAM T', '9895055698', 'THOOMBATH', '', 'PKMMHSS EDARIKODE ', '6', '115', 'uploads/68600e27bfdff.png', 'uploads/68600e27c0045_Screenshot_20250509_164430_WhatsApp.jpg'),
(127, 'VTM127', 'SSLC', '549686', 'Muhammed falah', 'Fouzul haque', '9605367071', 'Mandottil (H)', '', 'Pkmmhss edarikode', '1', '21', 'uploads/68600e6cc268b.png', 'uploads/68600e6cc282d_IMG-20250509-WA0003.jpg'),
(128, 'VTM128', 'PLUS TWO', '24341273', 'FATHIMA BASILA T ', 'MOHAMED ', '7994287023', 'THOOMBATH KUZIYAM KANDATHIL ', '', 'IUHSS PARAPPUR ', '6', '114', 'uploads/68600f6d7b42f.png', 'uploads/68600f6d7b65c_Screenshot_20250522-162228.jpg'),
(129, 'VTM129', 'PLUS TWO', '24302624', 'MOHAMED FIDHAN', 'MANZOOR P', '9847216820', 'PARANGOADATH HOUSE', '', 'PPTMYHSS CHERUR ', '1', '14', 'uploads/68600fd8073b1.png', 'uploads/68600fd807589_2aec0bd0-6b9b-45ca-b60a-a18917ce9e4e.jpeg'),
(130, 'VTM130', 'SSLC', '613649', 'MOHAMMED AJSAL. OK', 'ABOOBAKER. OK', '9946714768', 'OLAVAN KANDATHIL HOUSE', '', 'MMET HSS MELMURI', '7', '126', 'uploads/6860101237702.png', 'uploads/686010123789a_IMG_20250610_213425.jpg'),
(131, 'VTM131', 'SSLC', '541548', 'Faiha Nasrin.O', 'Abdul jaleel ovungal', '9562748710', 'Ovungal (H)', '', 'P.P.T.M.Y.H.S.S CHERUR', '4', '59', 'uploads/686010937d264.png', 'uploads/686010937d471_IMG_8470.png'),
(132, 'VTM132', 'PLUS TWO', '24277402', 'Hudha fathima v', 'Abdul muneer v', '7736857080', 'Valiyattil ', '', 'Grhss kottakkal ', '7', '125', 'uploads/6860110e25341.png', 'uploads/6860110e2554b_IMG-20250522-WA0092.jpg'),
(133, 'VTM133', 'PLUS TWO', '24327682', 'Asna parveen ev', 'Asker ali', '9946919280', 'Ettuveettil', '', 'Gmvhss vengara', '1', '7', 'uploads/686011706932b.png', 'uploads/6860117069558_Screenshot_20250522-155524_Chrome.jpg'),
(134, 'VTM134', 'SSLC', '552994', 'Ahnaf p', 'Shabeer p', '9847850248', ' Shakeer manzil vengara', '', 'Khuthbuzzaman EMHS', '1', '8', 'uploads/686011868f816.png', 'uploads/686011868f957_IMG_0100.jpeg'),
(135, 'VTM135', 'SSLC', '544945', 'MUHAMMED SHAZ CK', 'ABDUL AZEEZ CK', '9747488104', 'CHEVIDIKKUNNAN HOUSE ', '', 'GHSS OTHUKKUGHAL ', '7', '128', 'uploads/68601227923c6.png', 'uploads/68601227926f1_IMG_0788.png'),
(136, 'VTM136', 'PLUS TWO', '24302646', 'ASIYA RADIAH NT', 'ABDUL JABBAR NT', '7034255827', 'NALLATTU THODIKA', '', 'PPTMYHSS CHERUR', '1', '6', 'uploads/68601237606c4.png', 'uploads/68601237609af_HSE _ VHSE RESULTS 2025.PDF'),
(137, 'VTM137', 'PLUS TWO', '24283763', 'MUHAMMED SINAN V ', 'ABDUL NAZER V', '8921986428', 'VALLIKUNNAN HOUSE ', '', 'GHSS OTHUKKUNGAL ', '7', '127', 'uploads/6860127d761a6.png', 'uploads/6860127d763d0_plus two result.pdf'),
(138, 'VTM138', 'SSLC', '541481', 'MUHAMMED SHALIQUE AP ', 'FIROS BABU ', '9961919756', '390B', '', 'PPTMYHSSCHERUR ', '4', '53', 'uploads/6860129d9cbab.png', 'uploads/6860129d9ce1e_Screenshot_2025-06-28-21-06-09-620_com.android.chrome.jpg'),
(139, 'VTM139', 'SSLC', '549939', 'Mohammed Ridwan', 'Abdu Rahim Moinudheen', '9995733216', 'Urunikulavan house', '', 'PKMMHSS, Edarikode', '7', '121', 'uploads/686012a68f686.png', 'uploads/686012a68f88f_IMG-20250613-WA0007.jpg'),
(140, 'VTM140', 'SSLC', '544604', 'MIRFA. KK', 'SHARAFUDHEEN', '9567017980', 'Kunnakkadan', '', 'GHSSOTHUKKUNGAL', '7', '130', 'uploads/686012a9491cb.png', 'uploads/686012a949362_IMG_20250531_175346_693.jpg'),
(141, 'VTM141', 'SSLC', '547786', 'Mohammed Thameem. K', 'Abdurasheed. K', '9747056124', 'Kizhakkethil ', '', 'IUHSS Parappur ', '7', '140', 'uploads/686012e237300.png', 'uploads/686012e237434_IMG-20250615-WA0017.jpg'),
(142, 'VTM142', 'SSLC', '547164', 'RIFHA SHERIN P', 'ABDUL RAHIM P', '9400132034', 'PARAVAKKAL ', '', 'IUHSS PARAPPUR ', '6', '110', 'uploads/686013321748b.png', 'uploads/68601332175f5_Screenshot_20250509_155451_Samsung Internet.jpg'),
(143, 'VTM143', 'PLUS TWO', '24302726', 'Nafie kunhimohamed pm ', 'Kunhimohamed ', '8891517235', 'Palamadathil house ', '', 'Pptmyhss cherur ', '5', '77', 'uploads/686013c1e83d8.png', 'uploads/686013c1e8617_nafie.pdf'),
(144, 'VTM144', 'SSLC', '541715', 'Merfeen kappan ', 'Muhamedd ali ', '9526701777', 'Kappan house ', '', 'Pptmyhs cherur', '4', '63', 'uploads/686014df3e265.png', 'uploads/686014df3e49d_IMG-20250509-WA0061.jpg'),
(145, 'VTM145', 'PLUS TWO', '24302779', 'Nishma salam.N', 'Abdussalam.N', '8157906466', 'Nedumpally', '', 'Pptmyhss cherur', '4', '63', 'uploads/686015278656d.png', 'uploads/6860152786767_IMG-20250612-WA0001.jpg'),
(146, 'VTM146', 'SSLC', '541980', 'Shebin muhammed IK', 'Abdul Gafoor IK', '7306772063', 'Irukulangara', '', 'PPTMYHSS Cherur', '1', '7', 'uploads/68601532d6d4f.png', 'uploads/68601532d6ea0_IMG_20250628_214507.jpg'),
(147, 'VTM147', 'SSLC', '546953', 'VIHAYAS. K.M', 'Vinodkumar Kattumunda', '9497745688', 'Kattumundakkal House', '', 'A.R Nagar HSS Chendappuraya', '1', '1', 'uploads/6860155df2907.png', 'uploads/6860155df2ad5_Screenshot_20250628_213943.jpg'),
(148, 'VTM148', 'SSLC', '552298', 'Febin pullat', 'Shabeer Ali', '7025562489', 'Pullat house', '', 'Ideal dharmagiri ', '4', '64', 'uploads/6860158fa05ff.png', 'uploads/6860158fa089b_17511273464403761431515113528866.jpg'),
(149, 'VTM149', 'SSLC', '552993', 'Ahmed P ', 'Shameer P ', '9495281248', 'Pullambalavan house ', '', 'Khuthubuzzaman English Medium High school ', '1', '8', 'uploads/68601940381a6.png', 'uploads/6860194038450_Reg No. _ 552993 - SSLC Results 2025.pdf'),
(150, 'VTM150', 'SSLC', '541708', 'Shifa kannadan', 'Abdul kareem kannadan', '8606019862', 'Kannadan house', '', 'PPTMYHSS CHERUR', '1', '16', 'uploads/68601955b1562.png', 'uploads/68601955b1883_IMG-20250628-WA0025.jpg'),
(151, 'VTM151', 'SSLC', '552310', 'NASHWA NABEEL', 'NABEEL K', '9567481892', 'KOMBAN HOUSE. VENGARA', '', 'Ideal higher secondary school', '1', '11', 'uploads/68601b3caa066.png', 'uploads/68601b3caa239_8fe132d6-7cf5-4b3b-a9a2-423a9be54107.jpeg'),
(152, 'VTM152', 'SSLC', '547815', 'Fida madari', 'Ibrahim', '8848287184', 'Madari house', '', 'Farook E.M.H.S.S kottakkal', '1', '10', 'uploads/68601c00ae778.png', 'uploads/68601c00aea32_Screenshot_20250509-163504_Chrome.jpg'),
(153, 'VTM153', 'SSLC', '549065', 'Niya. A.K ', 'Byju Avunhikkadan ', '8129793292', 'Avunhikkadan house ', '', 'P. K. M. M. H. S. S Edarikode ', '1', '7', 'uploads/68601ca6982f0.png', 'uploads/68601ca69848f_b811c5b98369485bbab97b453c853437.jpg'),
(154, 'VTM154', 'SSLC', '549466', 'RASHA RAHIMA. K', 'SHEBEER ALI. K', '8943785009', 'KADENGAL', '', 'PKMMHSS EDARIKODE', '3', '35', 'uploads/68601cbb7df38.png', 'uploads/68601cbb7e0bf_Screenshot_20250628_221653_WhatsApp.jpg'),
(155, 'VTM155', 'SSLC', '549977', 'MOHAMMED SHOUQI UK', 'MUHSIN UK', '9037303342', 'Uk house', '', 'PKMMHSS EDARIKODE', '5', '88', 'uploads/68601cf8bddb4.png', 'uploads/68601cf8bdf59_IMG_5164.jpeg'),
(156, 'VTM156', 'SSLC', '549244', 'FATHIMA LAYA.T', 'AHAMED KABEER.T', '9947523956', 'THOMMANCHERI', '', 'PKMMHSS EDARIKODE ', '1', '9', 'uploads/68601cff35ee8.png', 'uploads/68601cff360a1_Screenshot_2025-05-09-15-31-05-129_com.android.chrome.jpg'),
(157, 'VTM157', 'SSLC', '544921', 'Ajmal nafi k', 'Mohammed musthafa ', '7558003505', 'Kadambot house ', '', 'GHSS OTHUKUNGAL ', '7', '124', 'uploads/68601d487fdf1.png', 'uploads/68601d488005a_IMG_20250514_091030.jpg'),
(158, 'VTM158', 'SSLC', '24150893', 'Nabhan TP', 'Shaheed ali', '7012689641', 'Thachaparamban', '', 'AL Ihsan English school vengara ', '1', '8', 'uploads/68601d55da571.png', 'uploads/68601d55da72b_IMG-20250628-WA0040.jpg'),
(159, 'VTM159', 'SSLC', '547791', 'Umaid.v', 'Koyamutty ', '6282582981', 'Vakkiyath', '', 'Iuhss parappur ', '7', '127', 'uploads/68601d6908677.png', 'uploads/68601d690887c_Screenshot_2025-06-10-13-21-13-05_40deb401b9ffe8e1df2f1cc5ba480b12.jpg'),
(160, 'VTM160', 'SSLC', '541529', 'AMIN NASHA NK', 'HAMZA NK', '9633749460', 'NATHAN KODAN', '', 'PPTMYHSS Cheroor ', '4', '55', 'uploads/68601e393a21e.png', 'uploads/68601e393a55c_IMG_3499.jpeg'),
(161, 'VTM161', 'SSLC', '547846', 'Fahad madari', 'Ibrahim', '8848287184', 'Madari house', '', 'Farook.E.M.H.S.S. kottakkal', '1', '10', 'uploads/68601ed4707b0.png', 'uploads/68601ed470a07_Screenshot_20250509-163434_Chrome.jpg'),
(162, 'VTM162', 'SSLC', '549316', 'Fathima Riya P', 'Anees Babu', '9656570123', 'Pothancheri house ', '', 'PKMMHSS EDARIKODE ', '7', '123', 'uploads/68601ef461a14.png', 'uploads/68601ef461be0_IMG-20250509-WA0001.jpg'),
(163, 'VTM163', 'SSLC', '589302', 'Devika kk', 'Dhiljumon kk', '9747565515', 'Kannankulangara', '', 'St Gemmas GHSS', '5', '83', 'uploads/68601f1b777d7.png', 'uploads/68601f1b77929_Screenshot_20250509-161859_Chrome.jpg'),
(164, 'VTM164', 'SSLC', '541698', 'Shabeea jabin.N', 'Mammad kutty .N', '9037896400', 'Nedumpalli house', '', 'PPTMYHSS CHERUR ', '4', '63', 'uploads/686021dcdf991.png', 'uploads/686021dcdfb98_Shabeea.pdf'),
(165, 'VTM165', 'SSLC', '541713', 'Thanha ck ', 'Thoufeekh ck ', '9947852192', 'Chakkingal Keeveetil ', '', 'PPTMYHSS cherur ', '1', '6', 'uploads/68602311b9fd3.png', 'uploads/68602311ba1ff_IMG_20250509_214409.jpg'),
(166, 'VTM166', 'SSLC', '541605', 'Fathima safa c', 'Mujeeb c', '9207021032', 'Cholakkal house', '', 'Pptmyhss cherur ', '4', '55', 'uploads/68602334ba8d1.png', 'uploads/68602334baa5b_Screenshot_2025-05-09-16-01-21-93_40deb401b9ffe8e1df2f1cc5ba480b12.jpg'),
(167, 'VTM167', 'SSLC', '549581', 'Jubayya. V', 'Hussain. V', '9645242747', 'Valiyatt house', '', 'Pkmm hss edarikode', '3', '38', 'uploads/686025b064954.png', 'uploads/686025b064ad9_IMG-20250628-WA0040.jpg'),
(168, 'VTM168', 'SSLC', '541983', 'Umerul Farooq avayil', 'Abdurahiman avayil', '9847487608', 'Avayil house', '', 'PPTMYHSS CHERUR', '4', '54', 'uploads/68602752a58ef.png', 'uploads/68602752ca19c_IMG-20250628-WA0019.jpg'),
(169, 'VTM169', 'SSLC', '541503', 'GOURICHANDRA N.T', 'CHANDRAN ', '9847807657', 'Nellattuthodi (H)', '', 'PPTMYHSS CHERUR ', '5', '88', 'uploads/6860277bbadb8.png', 'uploads/6860277c0c740_IMG-20250509-WA0080.jpg'),
(170, 'VTM170', 'SSLC', '545372 ', 'Fidha Thasni VT ', 'Habeeb Rahman ', '9562533313', 'Valiyakkathodi ', '', 'KMHSS KUTTOOR NORTH ', '1', '5', 'uploads/686027838489b.png', 'uploads/6860278384b09_IMG-20250509-WA0046.jpg'),
(171, 'VTM171', 'SSLC', '541830', 'MUHAMMAD ABAAN C', 'MUHAMMAD SIYAD C', '9207920603', 'Chukkan house ', '', 'PPTMYHSS CHERUR', '4', '60', 'uploads/6860284bbf12d.png', 'uploads/6860284bbf316_KERALA Board Xth 2025 Result.pdf'),
(172, 'VTM172', 'SSLC', '541969', 'RUSHIL BABU EK', 'KADER BABU EK', '7510434375', 'EDATHOLA KOTTASSERI', '', 'PPTMYHSS CHERUR', '4', '66', 'uploads/686028c8b7d01.png', 'uploads/686028c8b7e86_IMG_202506282306204819.jpg'),
(173, 'VTM173', 'SSLC', '541570', 'Fathima hina tt ', 'Abdul Rahoof thacharupadikkal thazhath ', '9744109007', 'Tt house', '', 'Pptmyhss cherur ', '4', '57', 'uploads/68602c855f752.png', 'uploads/68602c855fa63_IMG-20250509-WA0065.jpg'),
(174, 'VTM174', 'SSLC', '551810', 'Mk. Shifa mahrin ', 'Mohammed Haneefa ', '9961451937', 'Mannilkunnath ', '', 'Muhs School ', '5', '77', 'uploads/68602e69d7b0b.png', 'uploads/68602e69d7dbb_IMG_20250628_232926.jpg'),
(175, 'VTM175', 'PLUS TWO', '24341195', 'Hajira rafa ', 'AKHBAR ', '9562741458', 'Naduthodi ', '', 'IUHS ', '6', '108', 'uploads/68603a322d600.png', 'uploads/68603a322d803_17511367056925480520156425752045.jpg'),
(176, 'VTM176', 'SSLC', '552302', 'Hanoon siddiq am', 'Siddiq alavudeen', '9745676636', 'Anamalayil', '', 'Ideal hss dharmagiri ', '4', '51', 'uploads/68607b28668ca.png', 'uploads/68607b2880b72_17511530173904601844392425202305.jpg'),
(177, 'VTM177', 'SSLC', '540406', 'Fathima Rifa c ', 'Sebique c', '9072746625', '572B', '', 'GVHSS VENGARA ', '5', '74', 'uploads/68608a9481a6c.png', 'uploads/68608a9481d1b_Screenshot_20250510-080255.png'),
(178, 'VTM178', 'SSLC', '541547', 'Fahmida mp ', 'Saidali mp ', '9656424416', 'Moochikkadavan paikkatt', '', 'Pptmyhss cherur ', '1', '5', 'uploads/68608ac16f90c.png', 'uploads/68608ac1713cf_IMG-20250523-WA0017.jpg'),
(179, 'VTM179', 'SSLC', '608313', 'Midlaj kt ', 'Abdul Majeed kt', '9645058385', 'Kannanthodi', '', 'Duhss panakkad ', '5', '81', 'uploads/6860903bcdf09.png', 'uploads/6860903bce249_Screenshot_20250629-062508.png'),
(180, 'VTM180', 'SSLC', '547645', 'Farsana thasni o.p', 'Haneefa o.p', '8089507556', 'Ottupparakkal', '', 'IUHSS Parappur', '6', '100', 'uploads/68609066290c7.png', 'uploads/68609066897c5_IMG-20250509-WA0035.jpg'),
(181, 'VTM181', 'SSLC', '540766', 'Hiba koonari thoombath ', 'HANEEFA k. T', '8129254617', 'Puthalath ', '', 'PPTMYHSS cherur ', '3', '34', 'uploads/686091f4e4d20.png', 'uploads/686091f4e4f64_IMG-20250629-WA0002.jpg'),
(182, 'VTM182', 'SSLC', '541561', 'FATHIMA FEBNA PARAYIL ', 'MOHAMED FAISAL PARAYIL ', '8606280502', 'Parayil', '', 'PPTMYHSS Cherur ', '5', '78', 'uploads/686097f426496.png', 'uploads/686097f42669e_IMG-20250628-WA0002.jpg'),
(183, 'VTM183', 'SSLC', '541622', 'Fathima suhaila', 'Safarulla ', '9048602607', 'Cholakkan ', '', 'P.P.T.M.Y.H.S.S CHERUR', '1', '5', 'uploads/68609b8357307.png', 'uploads/68609b83575b6_IMG-20250629-WA0006.jpg'),
(184, 'VTM184', 'SSLC', '541685', 'RIMSHA.M', 'BEERAN KUTTY', '8589955614', 'MOOZHIYAN HOUSE', '', 'PPTMYHSS CHERUR', '4', '57', 'uploads/68609eefe2fdf.png', 'uploads/68609eefe31de_Screenshot_20250629_072832.jpg'),
(185, 'VTM185', 'SSLC', '547820', 'Midhla', 'Abdul Majeed ', '7012794779', 'Valiyathodika house', '', 'Farook EMHSS kotakkal', '1', '14', 'uploads/6860a070dbce5.png', 'uploads/6860a070dbf92_8A60E6D2-535E-4C36-A91F-DF4A9248AA89.png'),
(186, 'VTM186', 'SSLC', '541679', 'Ridha Fathima KT ', 'Mohamed Abdul Salam ', '9745082533', 'Kollamthodi(H)', '', 'PPTMYHSS cherur', '5', '77', 'uploads/6860a49f25077.png', 'uploads/6860a49f252bb_Screenshot_20250629-075658_WhatsApp.jpg'),
(187, 'VTM187', 'SSLC', '541656', 'MISNA SHERI P', 'NOUFAL P', '9544850343', 'POONGADAN', '', 'PPTMYHSS CHERUR', '4', '49', 'uploads/6860a62a751ad.png', 'uploads/6860a62a75b20_Screenshot_2025-05-09-15-42-38-382_com.android.chrome.jpg'),
(188, 'VTM188', 'PLUS TWO', '24302773', 'MURSHIDA C ', 'ALAVI C', '9633305215', 'CHENGAPRA HOUSE ', '', 'PPTMYHSS CHERUR ', '4', '61', 'uploads/6860a6f780eb1.png', 'uploads/6860a6f781113_17511644635415205772903721085537.jpg'),
(189, 'VTM189', 'SSLC', '541916', 'MOHAMMED MUSHTHAQUE K K', 'MOHAMMED MUNEER K K ', '9656217118', 'VP HOUSE', '', 'PPTMYHSS CHERUR', '3', '33', 'uploads/6860a7a109303.png', 'uploads/6860a7a1094fb_IMG-20250629-WA0004.jpg'),
(190, 'VTM190', 'PLUS TWO', '24302604', 'MINHA FATHIMA P', 'NOUFAL P', '9544850343', 'POONGADAN', '', 'PPTMYHSS CHERUR', '4', '49', 'uploads/6860a86cdeb6a.png', 'uploads/6860a86cded04_IMG_20250524_160741.jpg'),
(191, 'VTM191', 'SSLC', '540727', 'Ihsana Mariyam Ak ', 'Ismail Ak ', '8136902723', 'Anchukandan (H)', '', 'Gmvhss vengara town ', '1', '8', 'uploads/6860a8cb008ce.png', 'uploads/6860a8cb00aab_Screenshot_2025-05-10-13-37-15-42.jpg'),
(192, 'VTM192', 'SSLC', '547152', 'NIDHA FATHIMA M C', 'MOHAMED M C', '7560912219', 'MALAMPURATH CHALIL (H)', '', 'I U H S S PARAPPUR', '6', '115', 'uploads/6860a97bf3ef4.png', 'uploads/6860a97bf41a3_Screenshot_2025-05-09-16-04-49-114_com.android.chrome.jpg'),
(193, 'VTM193', 'SSLC', '541053', 'FATHIMA NAJA PANAKKATH', 'YOOSUF PANAKKATH', '9744060665', 'PANAKKATH HOUSE', '', 'PPTMYHS CHERUR', '4', '61', 'uploads/6860ab7167c54.png', 'uploads/6860ab7167e78_IMG-20250528-WA0021.jpg'),
(194, 'VTM194', 'SSLC', '541609', 'Fathima Sahla.P ', 'Sharafudeen ', '9847833193', 'Puthukkidi house ', '', 'PPTMYHSS', '4', '62', 'uploads/6860ac2309f95.png', 'uploads/6860ac230a204_54160920250602024414.pdf'),
(195, 'VTM195', 'PLUS TWO', '24341220', 'RINEESHA REFIN ', 'ALAVI.KK', '8590933896', 'KORAN KULANGARA', '', 'IUHSS PARAPPUR ', '4', '60', 'uploads/6860af22b4807.png', 'uploads/6860af22b4941_Screenshot_2025-06-29-08-41-53-49.jpg'),
(196, 'VTM196', 'SSLC', '541556', 'Fathima Dilna p', 'Mohammed', '8606349776', 'Pullat', '', 'PPTMYHSS cherur', '4', '61', 'uploads/6860af80ef78b.png', 'uploads/6860af80ef958_IMG-20250509-WA0146.jpg'),
(197, 'VTM197', 'SSLC', '541578', 'Fathima minha kp', 'Muhammed iqbal kp', '9605020165', 'Kannengatt puthalath house ', '', 'PPTMYHSS CHERUR ', '4', '68', 'uploads/6860b0486fe2b.png', 'uploads/6860b0487013f_IMG-20250509-WA0008.jpg'),
(198, 'VTM198', 'SSLC', '541130', 'Vishnudev TT ', 'Vasudevan T T ', '8943589377', 'Thandanthara', '', 'PPTMY Higher secondary school cherur ', '4', '63', 'uploads/6860b072b9829.png', 'uploads/6860b072b9a51_Screenshot_2025_0629_084436.jpg'),
(199, 'VTM199', 'SSLC', '541615', 'Fathima Shahma K', 'Thasleem Arif ', '7907126154', 'Karuveppan House', '', 'PPTMYHSS Cherur', '1', '9', 'uploads/6860b2cb38bdd.png', 'uploads/6860b2cb38db4_IMG-20250509-WA0094.jpg'),
(200, 'VTM200', 'PLUS TWO', '24284217', 'AMNA C', 'ALAVI', '9747087314', 'CHALIL', '', 'GHSS OTHUKKUNGAL', '6', '104', 'uploads/6860b3d8bee4d.png', 'uploads/6860b3d8bef91_17511679166931396329121912945340.jpg'),
(201, 'VTM201', 'SSLC', '540534', 'Nafia Mukkil', 'Abdu rahiman', '8129514576', 'Mukkil', '', 'G V H S S Vengara', '6', '100', 'uploads/6860b44932c13.png', 'uploads/6860b44932dbf_Screenshot_2025-05-09-15-53-18-132_com.android.chrome.jpg'),
(202, 'VTM202', 'SSLC', '541530', 'Amna mariyam kt ', 'Abdul shukoor kt ', '8137864409', 'Kazhungum thodika ', '', 'PPTMYHSS cherur ', '4', '55', 'uploads/6860b5675f5ca.png', 'uploads/6860b5675f803_Screenshot_2025-06-29-09-08-33-95_99c04817c0de5652397fc8b56c3b3817.jpg'),
(203, 'VTM203', 'SSLC', '589969', 'MOHAMED SHEFIN KK ', 'MOHAMED ALI K', '9961605925', 'Kodalikkadan ', '', 'MSP EMHS  MALAPPURAM ', '7', '130', 'uploads/6860b58f4e7be.png', 'uploads/6860b58f4e991_Screenshot_2025-05-09-20-18-40-554_com.whatsapp.jpg'),
(204, 'VTM204', 'SSLC', '549407', 'KADEEJA RIFA KM ', 'Faisal km ', '7025850069', 'Khozikkramattil ', '', 'PKMMHSS EDARIKODE ', '7', '123', 'uploads/6860b68ca8977.png', 'uploads/6860b68ca8b4a_IMG-20250509-WA0047.jpg'),
(205, 'VTM205', 'PLUS TWO', '24302827', 'FAHMIDA THASNI ', 'RAYINKUTTY ', '7994782123', 'IRUMBAN (H)', '', 'PPTMYHSS CHERUR ', '1', '16', 'uploads/6860b7506a8ea.png', 'uploads/6860b7506ab53_Screenshot_20250619-083911.jpg'),
(206, 'VTM206', 'SSLC', '541878', 'MUHAMMAD NISHAN A', 'MOHAMED FAIZAL AREEKKAN', '9995542802', 'Areekkan house ', '', 'PPTMYHSS CHERUR', '4', '51', 'uploads/6860b83a36b87.png', 'uploads/6860b83a36e90_54187820250602032259.pdf'),
(207, 'VTM207', 'PLUS TWO', '24308052', 'SANHA MK', 'NASAR MK', '9746385541', 'MAMBRA HOUSE ', '', 'MSPHSS MALAPPURAM ', '5', '84', 'uploads/6860b86863576.png', 'uploads/6860b86863733_IMG_20250522_172206.jpg'),
(208, 'VTM208', 'SSLC', '550194', 'AHAMMED RASHAD P', 'HASKER', '9847645374', 'Parakkan ', '', 'P. K. M. M. H. S. S. EDARIKODE', '7', '126', 'uploads/6860b88950210.png', 'uploads/6860b8895040b_IMG-20250629-WA0005.jpg'),
(209, 'VTM209', 'SSLC', '541710', 'SIMIN', 'Mohamed Ashraf', '9961872105', 'LEVA HOUSE, MATTILPALLI', '', 'PPTMYHSS', '1', '21', 'uploads/6860b9b8960d4.png', 'uploads/6860b9b896350_mark list with cast.pdf'),
(210, 'VTM210', 'SSLC', '548316', 'Arshidha.mp', 'Ali Madappally ', '9744269124', 'Madappalli house', '', 'Pkmmhss edarikkode ', '1', '18', 'uploads/6860bac0142f8.png', 'uploads/6860bac014fed_IMG-20250509-WA0158.jpg'),
(211, 'VTM211', 'SSLC', '541987', 'Eshan nouf p', 'Noufal pakkada ', '9526973113', 'Pakkada house', '', 'PPTMYHSS CHERUR', '1', '5', 'uploads/6860bac8b78f4.png', 'uploads/6860bac8b7b42_e452221d-7964-4f40-a789-2b0239f6a308.jpeg'),
(212, 'VTM212', 'SSLC', '547780', 'Adhil.T', 'Mohamed thottungal', '6282923288', 'Thottungal', '', 'I U H S S parappur', '5', '74', 'uploads/6860bb86b803b.png', 'uploads/6860bb86b8261_Google.pdf'),
(213, 'VTM213', 'SSLC', '541732', 'Minha V', 'Muhammad kutty V', '9847841270', 'Verengal', '', 'PPTMYHSCherur', '5', '76', 'uploads/6860bc7c863ad.png', 'uploads/6860bc7c86685_IMG-20250629-WA0017.jpg'),
(214, 'VTM214', 'SSLC', '547133', 'Minha shirin kp', 'Subair', '9526576135', 'Kundupuzhakkal', '', 'Iuhss parappur', '1', '17', 'uploads/6860bcd3f1370.png', 'uploads/6860bcd3f14dc_IMG-20250509-WA0023.jpg'),
(215, 'VTM215', 'PLUS TWO', '24304297', 'SREYA.P', 'Govindan ', '9072130272', 'Pattayil ', '', 'PKMMHSS Edarikode ', '6', '100', 'uploads/6860bd145f821.png', 'uploads/6860bd145fafb_Screenshot_20250629_094235.jpg'),
(216, 'VTM216', 'SSLC', '613482', 'Fathima Haneena O.K ', 'Alavikutty.OK ', '9846162502', 'Olavankandathil house', '', 'MMETHSS melmury', '7', '126', 'uploads/6860bdd7e5aa6.png', 'uploads/6860bdd986cee_Screenshot_20250509-205530_WhatsApp.jpg'),
(217, 'VTM217', 'SSLC', '541539', 'Ayisha Riya EK ', 'Jafar EK ', '9020625792', 'Erukulangara house ', '', 'PPTMYHSS, Cherur ', '1', '21', 'uploads/6860bde536bbd.png', 'uploads/6860bde536e25_Screenshot_20250629-094144.jpg'),
(218, 'VTM218', 'PLUS TWO', '24297236', 'Nihala pk', 'Rafeek Pk', '9947444545', 'Pk house', '', 'KMHSS kutoor north', '1', '7', 'uploads/6860bee60b10e.png', 'uploads/6860bee60b307_IMG_4211.jpeg'),
(219, 'VTM219', 'SSLC', '540537', 'Akhil chandran. K', 'Dharmachandran. K', '9349099772', 'Kalangadan', '', 'GVHSS Vengara', '5', '75', 'uploads/6860c0a3a9808.png', 'uploads/6860c0a3a9a6f_Reg No. _ 540537 - SSLC Results 2025.pdf'),
(220, 'VTM220', 'SSLC', '541659', 'Nafla-P', 'Abdul Salam P', '9656178117', 'Pullat House ', '', 'PPTMYHSS Cherur ', '4', '64', 'uploads/6860c283a17d3.png', 'uploads/6860c283a1a53_IMG-20250629-WA0016.jpg'),
(221, 'VTM221', 'PLUS TWO', '24284143', 'Jinisha.V', 'Sathyan.V', '9778057636', 'Vediyath', '', 'G H S S Othukkungal', '7', '128', 'uploads/6860c4b2cca96.png', 'uploads/6860c4b34a104_dcba2bec-6a5e-4ad2-ab8f-983cdffd1784.jpeg');
INSERT INTO `students` (`id`, `registrationid`, `exam`, `regnumber`, `name`, `fathername`, `number`, `address`, `pincode`, `school`, `panchayath`, `ward`, `photo`, `marklist`) VALUES
(222, 'VTM222', 'SSLC', '552296', 'Fathima Rinsha. M', 'Mujeeb moyam', '9744922999', 'Moyan house', '', 'Ideal hss dharmagiri', '1', '16', 'uploads/6860c5065f552.png', 'uploads/6860c5065f764_Screenshot_2025-06-29-10-15-22-789_com.android.chrome.jpg'),
(223, 'VTM223', 'PLUS TWO', '24347425', 'MUHAMMED RABAH FARHAN', 'HANEEFA', '9746886422', 'THAYYAN HOUSE', '', 'MUHSS OORAKAM ', '5', '83', 'uploads/6860c685491b0.png', 'uploads/6860c685493cf_Screenshot_20250524_112416_Chrome.jpg'),
(224, 'VTM224', 'SSLC', '547092', 'FATHIMA RIFA AV ', 'ABDUL NASAR AV', '9747692693', 'AMBALAVAN VARIYATH HOUSE', '', 'IUHSS PARAPPUR', '6', '102', 'uploads/6860c8a68fc39.png', 'uploads/6860c8a68fd85_Screenshot_20250509_155045_Instagram.png'),
(225, 'VTM225', 'SSLC', '554103', 'Shahma Vt ', 'Ahammed Vt ', '9744412169', 'Valiyakkathodi', '', 'GHS KURUKA ', '1', '14', 'uploads/6860ca425906e.png', 'uploads/6860ca42591e7_Screenshot_2025-05-09-21-15-02-76_439a3fec0400f8974d35eed09a31f914.jpg'),
(226, 'VTM226', 'PLUS TWO', '24302848', 'FATHIMA SHIMANA K ', 'ABDUSALAM K ', '8921815456', 'Keeri', '', 'PPTMYHSS CHERUR ', '5', '76', 'uploads/6860ca525d90b.png', 'uploads/6860ca525da5b_HSE _ VHSE RESULTS 2025.pdf'),
(227, 'VTM227', 'SSLC', '541650', 'Mehrish Fathima ', 'Asif Shahin', '9847587275', 'Erayathan House ', '', 'PPTMYHSS CHERUR ', '1', '20', 'uploads/6860cc329d961.png', 'uploads/6860cc329dc09_Screenshot_20250509-154154_Chrome.jpg'),
(228, 'VTM228', 'PLUS TWO', '24283955', 'FATHIMA NADAH.THAZATCHIRA', 'ABDUL HAKEEM.THAZATCHIRA', '9744290290', 'THAZATUCHIRA HOUSE OTHUKKUNGAL PO ', '', 'GHSS OTHUKKUNGAL ', '7', '123', 'uploads/6860cdfe86ac7.png', 'uploads/6860cdfe86cb8_IMG-20250629-WA0021.jpg'),
(229, 'VTM229', 'SSLC', '589406', 'MITHRA K', 'MANOJ KUMAR K', '8086479190', 'PAZHAMADAM HOUSE ', '', 'ST GEMMAS GHSS MALAPPURAM ', '5', '80', 'uploads/6860d0227174b.png', 'uploads/6860d022718e7_KERALA Board Xth 2025 Result.pdf'),
(230, 'VTM230', 'SSLC', '549561', 'Zia.cm', 'Sameer.cm', '8714370175', 'Chemmala manattu', '', 'PKMMHSS EDARIKODE ', '1', '16', 'uploads/6860d65b47db2.png', 'uploads/6860d65b47fc2_AA82DC26-C5B1-4D21-856F-78DF8465591C.jpeg'),
(231, 'VTM231', 'PLUS TWO', '24340014', 'Nihala sherin ', 'Abdul hameed', '9562234281', 'Yaarathumpadi,kuttisseri china', '', 'Abdu rahiman nagar higher secondary school ', '3', '28', 'uploads/6860d6b0cf1c9.png', 'uploads/6860d6b0cf3a5_IMG_2013.jpeg'),
(232, 'VTM232', 'SSLC', '554098', 'Shadiya minha EK', 'Abdul jaleel', '9633484088', 'Erukulangara ', '', 'GHS Kuruka', '1', '12', 'uploads/6860d7b037320.png', 'uploads/6860d7b03759d_IMG-20250509-WA0040.jpg'),
(233, 'VTM233', 'SSLC', '589323', 'Nithyasree.c', 'Unneesan .c', '7034986563', 'Cherukattil ', '', 'St Gemmas g.h.s.s', '5', '82', 'uploads/6860d96b5e907.png', 'uploads/6860d96b5ea5e_IMG-20250513-WA0008.jpg'),
(234, 'VTM234', 'SSLC', '612484', 'Najidha k k ', 'Abdul Majeed ', '9061973257', 'Karikooriyatt ', '', 'AKMHSS KOTTOOR ', '7', '127', 'uploads/6860da9a426ad.png', 'uploads/6860da9a42ac1_Screenshot_20250603-100814_Gallery.jpg'),
(235, 'VTM235', 'SSLC', '608453', 'Sajas. K', 'Nadeer k', '9745251559', 'Vp house ', '', 'Duhss panakkad', '5', '80', 'uploads/6860dd7f8aef2.png', 'uploads/6860dd7f8b144_CamScanner 06-29-2025 11.58.pdf'),
(236, 'VTM236', 'SSLC', '608328', 'ABHIRAMI.K', 'RATHEESH KUMAR. K', '7907328821', 'KOLATHAYI HOUSE', '', 'D. U. H. S. S PANAKKAD ', '5', '80', 'uploads/6860de86cd008.png', 'uploads/6860de86cd287_IMG-20250509-WA0020.jpg'),
(237, 'VTM237', 'SSLC', '553056', 'MUHAMMED SANIN.MT', 'ABDUL SALEEM.MT', '9048472747', 'Manithodika (H)', '', 'KHUTHBUZZAM ENGLISH MEDIUM HIGH SCHOOL, CHEMMAD ', '1', '1', 'uploads/6860e09870ba9.png', 'uploads/6860e09870e02_Screenshot_20250629_114736.jpg'),
(238, 'VTM238', 'SSLC', '552318', 'Shanha CH', 'Abdussameer CH', '8547294829', 'Chemmalakkundan ', '', 'IDEAL HSS DHARMAGIRI ', '1', '10', 'uploads/6860e3df88d0a.png', 'uploads/6860e3df88fe4_IMG-20250509-WA0591.jpg'),
(239, 'VTM239', 'PLUS TWO', '24302674', 'MINSHA PK', 'ABDUL LATHEEF PK', '9744412028', 'Pk house', '', 'PPTMYHSS CHERUR ', '1', '17', 'uploads/6860e8dc6202a.png', 'uploads/6860e8dc6224c_HSE _ VHSE RESULTS 2025.pdf'),
(240, 'VTM240', 'SSLC', '541592 ', 'FATHIMA RASHA NK ', 'SALAHUDHEEN NK', '9946548514', 'Nathan kodan (H) ', '', 'PPTMYHSS cherur ', '4', '51', 'uploads/6860e8e8bb9b9.png', 'uploads/6860e8e8bbb7a_sslc examination .pdf'),
(241, 'VTM241', 'SSLC', '608392', 'FELIX TOM SUNIL ', 'SUNIL THOMAS ', '9539593599', 'KANDATHINKARA ', '', 'DUHSS PANAKKAD ', '5', '80', 'uploads/6860ea128fecc.png', 'uploads/6860ea12900d8_Screenshot_2025-05-09-16-01-57-13_439a3fec0400f8974d35eed09a31f914.jpg'),
(242, 'VTM242', 'SSLC', '650590', 'Mohammed Rahan', 'Noushad p ', '9656800313', 'Puthukkidi house', '', 'PMSA CHAPPANAGADI ', '6', '109', 'uploads/6860ebbb93747.png', 'uploads/6860ebbb9395d_IMG_0054.jpeg'),
(243, 'VTM243', 'SSLC', '548278', 'SANISHA. K', 'SINOJ. K', '9895025117', 'Kalangat ', '', 'PKMMHSS Edarikode ', '1', '15', 'uploads/6860f17bd6179.png', 'uploads/6860f17bd640e_17511836194246306273772616500262.jpg'),
(244, 'VTM244', 'PLUS TWO', '24333688', 'Fathima Niya.NT', 'Mohamed Haneefa.NT', '9947412945', 'Nallattuthodika ', '', 'Al ihsan . Esra', '1', '11', 'uploads/6860f18ba90da.png', 'uploads/6860f18ba936d_IMG-20250610-WA0018.jpg'),
(245, 'VTM245', 'SSLC', '608451', 'MUHAMMED RISHAN PK ', 'MOHAMMED ASHRAF PK (late)', '8943564933', 'KODALIKKUNNAN ', '', 'DUHSS PANAKKAD ', '5', '82', 'uploads/6860fba72cd4e.png', 'uploads/6860fba72cf54_Screenshot_2025-06-29-14-06-51-01_439a3fec0400f8974d35eed09a31f914.jpg'),
(246, 'VTM246', 'SSLC', '541804', 'Danish Nujoom', 'Nizar (Late)', '7994095702', 'Chalil House', '', 'PPTMYHS Cherur', '4', '60', 'uploads/6860fd755e275.png', 'uploads/6860fd755e4c3_Screenshot_2025_0509_162900.png'),
(247, 'VTM247', 'SSLC', '541523', 'Sreenanda. A', 'Ravindrababu. A', '9961248951', 'Ammarambath ', '', 'PPTMYHSS CHERUR', '4', '65', 'uploads/6860fdf5489a4.png', 'uploads/6860fdf548b93_17511867077558892899028558275662.jpg'),
(248, 'VTM248', 'SSLC', '541628', 'Hamna Sheri M', 'Fahad M', '9656692209', 'Meladathil ', '', 'PPTMYHSS cherur', '4', '52', 'uploads/6861000e09494.png', 'uploads/6861000e09731_Screenshot_2025-05-09-15-49-56-46_40deb401b9ffe8e1df2f1cc5ba480b12.jpg'),
(249, 'VTM249', 'SSLC', '541747', 'JUHAIN MUHAMMED', 'JAWHAR LAL C M ', '9656565699', 'JASVILLA', '', 'PPTMYHSS CHERUR', '1', '21', 'uploads/686102cb191c7.png', 'uploads/686102cb19424_54174720250629090738.pdf'),
(250, 'VTM250', 'SSLC', '547078', 'FATHIMA NAJA', 'Abdu salam', '9961019164', 'Verengal', '', 'IUHSS PARAPPUR', '5', '89', 'uploads/68610e530d82d.png', 'uploads/68610e530db05_IMG-20250509-WA0099.jpg'),
(251, 'VTM251', 'PLUS TWO', '24283748', 'Shamla M', 'Mohammad Sadiq M ', '7994388150', 'Marathumpally ', '', 'GHSS Othukkungal ', '7', '127', 'uploads/686115042c057.png', 'uploads/686115042c217_IMG-20250522-WA0008.jpg'),
(252, 'VTM252', 'SSLC', '540718', 'Fahmiyya. P', 'Musthafa', '9947299141', 'Pullambalavan house', '', 'Gmvhss vengara town', '1', '20', 'uploads/686118455399b.png', 'uploads/6861184553c03_Screenshot_20250629_160836_com.android.gallery3d.jpg'),
(253, 'VTM253', 'SSLC', '584472', 'ABDULLA SUHAIB OK', 'ABDURAHMAN MUSLIYAR', '8943707466', 'ODAKKAL', '', 'KMMHS PALLAR VAIRANCODE', '7', '129', 'uploads/686118a2de148.png', 'uploads/686118a2de341_Reg No. _ 584472 - SSLC Results 2025.pdf'),
(254, 'VTM254', 'SSLC', '544634', 'FATHIMA MIRFA', 'MOOSAKUTTY', '9946535520', 'Mannil (H) Mattathur (PO)', '', 'GHSS OTHUKKUNGAL ', '7', '126', 'uploads/686118e72bdfb.png', 'uploads/686118e72c0cb_IMG-20250607-WA0020.jpg'),
(255, 'VTM255', 'PLUS TWO', '24327769', 'Shamna sherin.p', 'Shameer.p', '7994173206', 'Poovancheri house', '', 'GMVHSS vengara', '1', '5', 'uploads/68611cdc9222e.png', 'uploads/68611cdc9251a_Screenshot_20250624_163932.jpg'),
(256, 'VTM256', 'SSLC', '544923', 'Anshif. E', 'Hussain Erayassan', '8606776456', 'Erayassan', '', 'G. H. S. S. Othukkungal', '7', '128', 'uploads/686122cb61240.png', 'uploads/686122cb614dc_IMG-20250514-WA0004.jpg'),
(257, 'VTM257', 'PLUS TWO', '24302564', 'MUHAMMED SHAMIL', 'ABDUL NASAR', '7593064313', 'KANNETH ', '', 'P. P. T. M. Y. H. S. S  CHERUR', '4', '53', 'uploads/686123e79ec3f.png', 'uploads/686123e79ef34_IMG-20250629-WA0076.jpg'),
(258, 'VTM258', 'SSLC', '608386', 'Rafana Rini kk ', 'Ibrahim kk', '7034849089', 'Kuttikkadan house ', '', 'Duhss panakkad ', '7', '125', 'uploads/6861270f8b705.png', 'uploads/6861270f8ba32_IMG-20250509-WA0056.jpg'),
(259, 'VTM259', 'SSLC', '541630', 'Hanfa ', 'Abdurahman ', '7902450268', 'Ovungal ', '', 'PPTMYHSS CHERUR ', '1', '8', 'uploads/68612793304f9.png', 'uploads/686127933063c_Screenshot_20250629_171423_WhatsApp.jpg'),
(260, 'VTM260', 'SSLC', '552192', 'Fathima Shadha. E', 'Sidheeque', '9633658834', 'Erambathil', '', 'Al Furqan EHSS Santhivayal', '3', '26', 'uploads/686128c974ee8.png', 'uploads/686128c975117_IMG-20250515-WA0019.jpg'),
(261, 'VTM261', 'PLUS TWO', '24302542', 'AREEB AKBAR PATTARKADAVAN', 'ALI AKBAR PATTARKADAVAN', '7909129789', 'PATTARKADAVAN HOUSE', '', 'PPTMYHSS, CHERUR', '1', '17', 'uploads/686128e852a97.png', 'uploads/686128e852c39_HSE - VHSE RESULTS 2025.pdf'),
(262, 'VTM262', 'PLUS TWO', '24297335', 'Hidha Areekkan', 'Zakariya Areekkan', '9207334753', 'Karaparamil house ', '', 'Kmhss kuttoor north', '3', '32', 'uploads/686129a409a20.png', 'uploads/686129a409b9a_a3cc0d93-883b-4d80-a038-1b98841617e3.jpeg'),
(263, 'VTM263', 'SSLC', '544875', 'Aneena binsi kk', 'Abdul majeed kk', '8089128689', 'Kunnakkadan ', '', 'GHSS OTHUKKUNGAL ', '7', '131', 'uploads/68612a5e6c790.png', 'uploads/68612a5e6c93a_Reg No. _ 544875 - SSLC Results 2025 (1).pdf'),
(264, 'VTM264', 'SSLC', '551797', 'Fathima Raja.A', 'Muhammed.A', '8281723568', 'Ambali(H)', '', 'MUHSS OORAKAM', '5', '84', 'uploads/68612b36b5bfd.png', 'uploads/68612b36b5eb4_Screenshot_20250509_154232.jpg'),
(265, 'VTM265', 'SSLC', '550183', 'Shimlal mk', 'Nasar mk', '9947654812', 'Manhakkandan', '', 'Pkmmhss edarikkode', '7', '136', 'uploads/68612c5072aaa.png', 'uploads/68612c5072ce8_IMG-20250509-WA0043.jpg'),
(266, 'VTM266', 'PLUS TWO', '24297340', 'Meharin Areekkan', 'Sirajudheen Areekkan', '7025959583', 'Nilaparambil house ', '', 'Kmhss kuttoor north', '3', '31', 'uploads/68612dfd88388.png', 'uploads/68612dfd884df_50346d7b-b04f-4875-bbb1-2a83e3e7371b.jpeg'),
(267, 'VTM267', 'SSLC', '608367', 'Nihla Mk', 'Mohamed Ilyas Mk', '8129637410', 'Musliar Kurunkatil ', '', 'D.U. H. S. S Panama ', '5', '84', 'uploads/68612fa8bf1eb.png', 'uploads/68612fa8bf4ae_IMG-20250509-WA0068.jpg'),
(268, 'VTM268', 'SSLC', '545345', 'Raja Rahma A', 'Muhammed Adnan. A', '9847887225', 'Areekkan', '', 'KMHSS Kuttoor north', '3', '32', 'uploads/68612fcf3c3d4.png', 'uploads/68612fcf3c7a9_b6197615-93f7-4226-8218-015fe82b243a.jpeg'),
(269, 'VTM269', 'SSLC', '541705', 'SHANA SHAMSA M', 'SHAMSUDHEEN M', '9562712732', 'MANDOTTIL', '', 'PPTMYHSS cherur ', '4', '52', 'uploads/6861354326ade.png', 'uploads/6861354326cd4_IMG_1575.png'),
(270, 'VTM270', 'SSLC', '540561', 'Anna sherin. P', 'Abdul gafoor. P', '9526968901', 'Panthara House', '', 'G. M. V. HSS', '1', '7', 'uploads/68613a0fdc6bc.png', 'uploads/68613a0fdca73_IMG-20250509-WA0024.jpg'),
(271, 'VTM271', 'SSLC', '552313', 'Ninsha kp', 'Abdul Majeed kp ', '9605501501', 'Kundupuzhakal house', '', 'Ideal hss dharmagiri ', '5', '88', 'uploads/68613c5e47a92.png', 'uploads/68613c5e47ced_IMG-20250509-WA0022.jpg'),
(272, 'VTM272', 'SSLC', '544778', 'MOHAMMED SHADIL. K', 'ABDUL MAJEED. K', '8157071040', 'KURUNIYAN HOUSE', '', 'GHSS OTHUKKUNGAL ', '7', '123', 'uploads/68613e4b5d6ef.png', 'uploads/68613e4b5d888_Screenshot_20250629_184755_WPS Office.jpg'),
(273, 'VTM273', 'SSLC', '552196', 'Adnan hasen thari', 'Alavi kutty thari', '8075976635', 'Fourwalls', '', 'Alfurqan ehss', '3', '35', 'uploads/686140a2359be.png', 'uploads/686140a235c3d_IMG_1436.png'),
(274, 'VTM274', 'SSLC', '554094', 'FATHIMA RIFA NT ', 'Muhammad Faisal NT', '9048866045', 'Nallatuthodika', '', 'GHS KURUKA ', '1', '11', 'uploads/68614231897ae.png', 'uploads/68614231899c9_Screenshot_2025-05-14-18-41-42-09_6012fa4d4ddec268fc5c7112cbb265e7.jpg'),
(275, 'VTM275', 'PLUS TWO', '24327379', 'Nujbha ct ', 'Hussain ct ', '9605678692', 'Chettiyam thodi (H)', '', 'Gvhss Vengara', '1', '12', 'uploads/68614366c0bd3.png', 'uploads/68614366c0e7a_IMG_20250522_160141.jpg'),
(276, 'VTM276', 'SSLC', '541777', 'ABAN.PALLIKKAL', 'SHAHID PALLIKKAL', '9895282702', 'PALLIKKAL HOUSE', '', 'PPTMYHSS CHERUR', '1', '20', 'uploads/6861457785a92.png', 'uploads/6861457785cc2_Screenshot_2025-05-09-15-41-51-708_com.android.chrome.jpg'),
(277, 'VTM277', 'SSLC', '552311', 'Nasli M', 'Muhammad shukkoor M', '9747082484', 'Mekkarumbil House ', '', 'Ideal Hss Dharmagiri ', '4', '61', 'uploads/68614590f1fc6.png', 'uploads/68614590f211d_IMG_20250629_192348.jpg'),
(278, 'VTM278', 'PLUS TWO', '24304421', 'AZRA.PALLIKKAL', 'SHAHID.P', '9895282702', 'PALLIKKAL HOUSE', '', 'PKMMHSS EDARIKKODE', '1', '20', 'uploads/6861491016f1f.png', 'uploads/686149101717e_IMG-20250629-WA0217.jpg'),
(279, 'VTM279', 'SSLC', '541722', 'Fathima Haniya k', 'Mohammed Basheer k', '7356288513', 'Koormath', '', 'PPTMYHSS ', '1', '23', 'uploads/68614bc681320.png', 'uploads/68614bc68154b_SSLC HANIYA K.pdf'),
(280, 'VTM280', 'SSLC', '554398', 'Fathima Najla', 'Moosa', '9995999480', 'Kazungumthottathil ', '', 'GHS kolappuram ', '1', '1', 'uploads/68614be2816be.png', 'uploads/68614be2819d3_IMG-20250509-WA0026.jpg'),
(281, 'VTM281', 'SSLC', '541844', 'Mohammed janees abdullatheef', 'Abdullatheef', '9605637009', 'Kundukkaran', '', 'PPTMYHSS CHERUR', '4', '53', 'uploads/68614c0d84ca9.png', 'uploads/68614c0d84e45_IMG_5022.jpeg'),
(282, 'VTM282', 'SSLC', '547018', 'Fathima Minha ck ', 'Basheer Ck', '9061605677', 'Chakkantakath kayyalayil ', '', 'IUHSS parappur ', '6', '109', 'uploads/68614c401d25e.png', 'uploads/68614c401d43f_IMG-20250629-WA0006.jpg'),
(283, 'VTM283', 'SSLC', '547031', 'Nandhana ', 'Sankaran v p ', '9947256919', 'Valiyaparambil', '', 'Iuhss parappur ', '6', '114', 'uploads/68614c82b4afa.png', 'uploads/68614c82b4cbf_Screenshot_2025-05-09-16-01-40-071_com.android.chrome.jpg'),
(284, 'VTM284', 'SSLC', '541494', 'Anjana Viswanathan ', 'Viswanathan ', '9747556633', 'Chalil Vengara', '', 'PPTMYHSS cherur ', '1', '5', 'uploads/68614cf7d8e15.png', 'uploads/68614cf7d8fb3_Screenshot_2025-05-09-15-45-52-06_40deb401b9ffe8e1df2f1cc5ba480b12.jpg'),
(285, 'VTM285', 'SSLC', '554020', 'Naja Fathima Ek', 'Anwar', '9744609287', 'Edakkandan', '', 'GHS KURUKA ', '6', '97', 'uploads/68614db320535.png', 'uploads/68614db320767_927704cf-16bd-4847-a01a-29b392e55760.jpeg'),
(286, 'VTM286', 'PLUS TWO', '24284241', 'Fathima Shamna AK', 'Shamnsudheen ', '8606675943', 'Ambalavan Kulappurakkal ', '', 'GHSS Othukkungal ', '7', '131', 'uploads/68614f2b0a6d3.png', 'uploads/68614f2b0a9ad_IMG-20250522-WA0023.jpg'),
(287, 'VTM287', 'SSLC', '608321', 'Muhammed Dilshah PT', 'Noorudheen PT', '8907985698', 'Edakkandan Pandarthodi ', '', 'DUHSS PANAKKAD', '5', '79', 'uploads/68614f4c3411c.png', 'uploads/68614f4c3428e_Screenshot_20250509-185326_Chrome.jpg'),
(288, 'VTM288', 'PLUS TWO', '24341210', 'MUHJABEEN NAJOOM OP ', 'IBRAHIM OP', '8606564721', 'OLAPPULAN HOUSE ', '', 'IUHSS PARAPPUR ', '6', '107', 'uploads/6861536478db9.png', 'uploads/6861536478f50_richu marklist.pdf'),
(289, 'VTM289', 'SSLC', '541985', 'Valeed TK', 'Kunhahamed TK', '9744955717', 'Thuppilikkatt house', '', 'PPTMYHSS Cherur', '3', '30', 'uploads/686153baa3e13.png', 'uploads/686153baa3fdd_Screenshot_20250509_212739_Chrome.jpg'),
(290, 'VTM290', 'SSLC', '549904', 'MOHAMMED FAIROOZ K', 'MANSOOR K', '9995282161', 'KALLAN HOUSE', '', 'PKMMHSS EDARIKODE ', '6', '115', 'uploads/686153f8eb667.png', 'uploads/686153f8eb7f7_IMG-20250514-WA0159 (1).jpg'),
(291, 'VTM291', 'PLUS TWO', '24343979', 'MUHAMMED FAVAS K', 'HANEEFA K', '8891973100', 'KALATHINGAL ', '', 'DUHSS PANAKKA', '1', '22', 'uploads/6861544f3d6d7.png', 'uploads/6861544f3d9d6_IMG-20250629-WA0018.jpg'),
(292, 'VTM292', 'SSLC', '554091', 'Fathima Naka. KP', 'Nisamudheen ', '9744762986', 'Kadaparamban(h) ', '', 'G.H.S.kuruka, valiyora', '6', '97', 'uploads/6861564bc8f05.png', 'uploads/6861564bc90e1_IMG-20250629-WA0028.jpg'),
(293, 'VTM293', 'SSLC', '589390', 'Gopika. K', 'Narayanan. K', '9539831896', 'Kodinhan', '', 'ST. Gemmas G. H. S. S Malappuram', '5', '84', 'uploads/686156beb580a.png', 'uploads/686156beb59cb_IMG-20250509-WA0027.jpg'),
(294, 'VTM294', 'PLUS TWO', '24304469', 'LUJA FATHIMA. P', 'SAIDALIKUTTY. PK', '9947959151', 'POOKKATTIL ', '', 'PKMMHSS EDARIKODE ', '6', '113', 'uploads/686157054694b.png', 'uploads/6861570546b89_IMG-20250522-WA0028.jpg'),
(295, 'VTM295', 'SSLC', '608407', 'HAFIZ AMEEN.N', 'MOHAMED SHAREEF', '9605447561', 'Nellissery house,Naduvakkad ,Oorakam , Melmuri PO ,Mini Ooty', '', 'DUHS PANAKKAD', '5', '80', 'uploads/686158c6257b8.png', 'uploads/686158c625a49_Reg No. _ 608407 - SSLC Results 2025 HAFIZ AMEEN.pdf'),
(296, 'VTM296', 'SSLC', '608191', 'HAVVA  M.K', 'ABDUL RAZAK  M.K', '9539161054', 'Musliyar kurunkattil house', '', 'Duhss panakkad', '5', '83', 'uploads/686158e7099db.png', 'uploads/686158e709afd_Screenshot_2025-05-09-16-00-13-514_com.google.android.apps.docs.jpg'),
(297, 'VTM297', 'SSLC', '540421', 'NAFLA.P', 'Ubaid.P', '9961502664', 'Paragodath(h)', '', 'G v h s s vengara ', '6', '99', 'uploads/68615a8e3e9b5.png', 'uploads/68615a8e3ec12_IMG-20250629-WA0001.jpg'),
(298, 'VTM298', 'SSLC', '547633', 'Shahdha ', 'Shareef', '9037247301', 'Chevidikkunnann ', '', 'Iuhss parappur ', '7', '140', 'uploads/68615cf83edf2.png', 'uploads/68615cf83ef97_Screenshot_2025-06-15-07-37-52-313_com.android.chrome.jpg'),
(299, 'VTM299', 'SSLC', '544718', 'Shaniba P ', 'Musthafa P ', '7558830839', 'Perumbally ', '', 'GHSS OTHUKKUNGAL ', '7', '128', 'uploads/68615d1652209.png', 'uploads/68615d1652362_SAVE_20250629_210307.jpg'),
(300, 'VTM300', 'SSLC', '541574', 'FATHIMA LENA OP ', 'NOUFAL OP ', '8848700854', 'OTTUPPURATH HOUSE ', '', 'PPTMYHSS CHERUR ', '4', '60', 'uploads/68615d3601f30.png', 'uploads/68615d3602119_IMG_20250629_190950.jpg'),
(301, 'VTM301', 'SSLC', '547770', 'SAAD HASHIR', 'Abdul azeez', '7559049882', 'chirangan house', '', 'IUHSS parappur', '6', '102', 'uploads/68615ee31f8e8.png', 'uploads/68615ee31fab6_KERALA Board Xth 2025 Result.pdf'),
(302, 'VTM302', 'PLUS TWO', '24302858', 'RENEESHA PK', 'ABDUL RASHEED', '9072130947', 'PULIKKODAN HOUSE ', '', '11059', '4', '52', 'uploads/68615f503a4af.png', 'uploads/68615f503a68d_Screenshot_2025-05-22-15-51-46-16_40deb401b9ffe8e1df2f1cc5ba480b12.jpg'),
(303, 'VTM303', 'SSLC', '549832', 'JAWAD. M', 'MOHAMMED. M', '9567489135', 'MOOZHIKKAL ', '', 'PKMMHSS EDARIKODE ', '1', '13', 'uploads/68615fb922120.png', 'uploads/68615fb92231d_Reg No. _ 549832 - SSLC Results 2025.pdf'),
(304, 'VTM304', 'SSLC', '607983', 'Shahma ek ', 'Sameer ali ', '9562450890', 'Erukulangara house ', '', 'Ikthss cherukulamba ', '1', '22', 'uploads/68616114f0248.png', 'uploads/68616114f04a1_IMG-20250629-WA0017.jpg'),
(305, 'VTM305', 'SSLC', '538478', 'Naina Fathima.Ap', 'Muhammad Mubarak.Ao', '9344846818', 'Ameena mahal', '', 'Oriental Hss THIRURANGADI ', '3', '43', 'uploads/686162bcdb2b4.png', 'uploads/686162bcdb4f5_IMG-20250629-WA0052.jpg'),
(306, 'VTM306', 'SSLC', '547068', 'Fathima Hanna. P', 'Jafar sidheeque', '7558961478', 'Panchili house ', '', 'Iuhss parappur', '6', '109', 'uploads/68616685ed912.png', 'uploads/68616685edc3b_IMG-20250620-WA0038.jpg'),
(307, 'VTM307', 'SSLC', '552295', 'Fathima Rifa.c', 'Abdul kareem.chemban', '9020397195', 'Valiyapeediakkal ', '', 'Ideal Dharmagiri ', '1', '4', 'uploads/686167a9f1dfc.png', 'uploads/686167aacb311_Screenshot_2025-06-29-21-48-32-01_439a3fec0400f8974d35eed09a31f914.jpg'),
(308, 'VTM308', 'SSLC', '547582', 'Fathima shahmaC ', 'Yoonus salim', '8590706803', 'Chembakasseri', '', 'Iuhss parappur ', '6', '107', 'uploads/6861682f0ac38.png', 'uploads/6861682f0ae48_IMG-20250509-WA0082.jpg'),
(309, 'VTM309', 'SSLC', '541616', 'Fathima shamna. C', 'Mujeeb. C', '9847334156', 'Cholakkal house', '', 'Pptmyhss cherur ', '4', '55', 'uploads/68616a683011f.png', 'uploads/68616a683031d_Screenshot_2025-05-09-15-39-37-99_40deb401b9ffe8e1df2f1cc5ba480b12.jpg'),
(310, 'VTM310', 'SSLC', '541730', 'Kenza kadeeja.m', 'Mujeeb rahman.M', '9037660986', 'Muthuvoran (H)', '', 'PPTMYHSS CHERUR', '5', '86', 'uploads/68617054e7d91.png', 'uploads/6861705510170_F7A9F824-C60B-4E9A-B312-FF372F6CD6A9.jpeg'),
(311, 'VTM311', 'SSLC', '552287', 'ANEESA MK', 'ALI MK', '9947898312', 'Mattara Kannancheri (H) Kannamangalam West ,AR Nagar Thottasheriyara, Pullippara.676305.', '', 'IDEAL HSS DHARMAGIRI ', '4', '50', 'uploads/6861709b54575.png', 'uploads/6861709b54702_Screenshot_2025-05-09-22-16-27-403_com.google.android.apps.docs.jpg'),
(312, 'VTM312', 'PLUS TWO', '24343708', 'Devakrishnan cv', 'Suresh kumar', '8593815883', 'Vaisakham', '', 'DUHSS PANAKKAD', '5', '80', 'uploads/686170f2773e6.png', 'uploads/686170f2775da_IMG-20250522-WA0036.jpg'),
(313, 'VTM313', 'SSLC', '549502', 'Rusna Fathima ', 'Abdul nisar', '8281554977', 'Kadambot', '', 'Pkmmhss edarikode ', '7', '124', 'uploads/686173ab6054a.png', 'uploads/686173ab60793_IMG-20250509-WA0019.jpg'),
(314, 'VTM314', 'SSLC', '611645', 'Fathima hiba kt ', 'Mohammed haris kt ', '9656219135', 'Kunnathadathil ', '', 'AKMHSS KOTTOOR ', '7', '131', 'uploads/686174c20ec7e.png', 'uploads/686174c20f020_IMG-20250509-WA0022(2).jpg'),
(315, 'VTM315', 'SSLC', '541492', 'ANAGHA MAHESH ', 'Mahesh bhaskaran ', '9847944670', 'Chozhimadam ', '', 'P.P.T.M.Y H.S.S cherur', '1', '22', 'uploads/68617824ed518.png', 'uploads/68617824ed738_IMG-20250530-WA0025.jpg'),
(316, 'VTM316', 'SSLC', '551598', 'Fathima DIYA ', 'Sahedi labeeb ', '9744138755', 'Musliyar kurungattil', '', 'Muhss Oorakam ', '5', '84', 'uploads/686185e8e7b93.png', 'uploads/686185e8e7d89_Screenshot_20250509_034538_Chrome.jpg'),
(317, 'VTM317', 'SSLC', '550218', 'Muhammad Midhlaj ', 'Abdul Manaf', '8891611612', 'Vadakkan', '', 'PKMMHSS EDARIKODE ', '7', '128', 'uploads/6861e4b626c8b.png', 'uploads/6861e4b626e6e_KERALA Board Xth 2025 Result.pdf'),
(318, 'VTM318', 'PLUS TWO', '24327828', 'Rahiba kappan', 'Mohammed Ali kappan', '9747774003', 'Kappan house', '', 'Gmvhss vengara', '1', '8', 'uploads/6861e4c60f68b.png', 'uploads/6861e4c60f956_IMG-20250522-WA0049.jpg'),
(319, 'VTM319', 'SSLC', '608166', 'Ayisha Yumna CP', 'Saifulla CP', '7356341704', 'Chakkippara', '', 'DUHSS PANAKKAD', '7', '125', 'uploads/6861eeec447b2.png', 'uploads/6861eeec449bd_IMG-20250509-WA0066~2.jpg'),
(320, 'VTM320', 'SSLC', '540729', 'MINSHA HIND.K ', 'NAJEEB KOLAKKATTIL ', '8943566994', 'KOLAKKATTIL HOUSE ', '', 'GMVHSS VENGARA TOWN ', '1', '8', 'uploads/6861f0e346a8b.png', 'uploads/6861f0e346c85_Screenshot_20250509_154851_Samsung Internet.jpg'),
(321, 'VTM321', 'SSLC', '547729', 'MUHAMMAD ABSHAN K', 'MOHAMED SHAREEF K', '9037700122', 'KALANGADAN', '', 'I U H S S PARAPPUR', '7', '140', 'uploads/6861fdf89d3ea.png', 'uploads/6861fdf89d776_KERALA Board Xth 2025 Result.pdf'),
(322, 'VTM322', 'PLUS TWO', '24341132', 'Nishwa pk', 'Abdul majeed pk', '9747969798', 'Pulakadavath ', '', 'IUHSS parappur ', '6', '115', 'uploads/68620bcb7639c.png', 'uploads/68620bcb7668b_IMG-20250522-WA0030.jpg'),
(323, 'VTM323', 'SSLC', '541744', 'Avinash Ambadi ', 'Manoj ambadi', '8137074502', 'Naduthodiyil ', '', 'PPTMYHSS CHERUR ', '4', '62', 'uploads/68620c397d416.png', 'uploads/68620c397d714_fa68c3c5-bbad-4901-879b-ad9a052aa752.jpeg'),
(324, 'VTM324', 'PLUS TWO', '24327996', 'MUHAMMED SINAN KT', 'ABDURAHIMAN KT', '7012671053', 'KANNANTHODI HOUSE', '', 'GMVHSS VENGARA ', '5', '87', 'uploads/68621aa896f74.png', 'uploads/68621aa8971ce_IMG-20250524-WA0000.jpg'),
(325, 'VTM325', 'SSLC', '547619', 'RANA VK', 'RAHEEM', '9847175553', 'VETTIKKSTTIL', '', 'I. U. HIGHER SECONDARY SCHOOL PARAPPUR', '6', '110', 'uploads/686221806fbd6.png', 'uploads/686221806fed0_IMG-20250530-WA0007.jpg'),
(326, 'VTM326', 'SSLC', '552365', 'Omar mukhthar ', 'Hamzakutty', '8089256700', 'Maruthil house ', '', 'IDEAL HSS DHARMAGIRI ', '1', '10', 'uploads/6862273851955.png', 'uploads/6862273851b3c_IMG_3684.png'),
(327, 'VTM327', 'SSLC', '554595', 'Salmanul faris. P', 'Noushad pullatt', '9778223876', 'Pullatt house', '', 'Markaz public school puthiyath puraya', '4', '62', 'uploads/68622a84709e1.png', 'uploads/68622a8470c1a_IMG-20250630-WA0009.jpg'),
(328, 'VTM328', 'PLUS TWO', '24340003', 'Azra mariyam', 'Muhammed moosa', '9447382661', 'Kazhungum thottathil', '', 'Abdu rahiman nagar higher secondary school', '3', '42', 'uploads/686230b3d7558.png', 'uploads/686230b3d78bf_IMG-20250630-WA0020.jpg'),
(329, 'VTM329', 'SSLC', '549186', 'Dilsha JAMAL ', 'Jamal muhammed', '8593038588', 'Alangadan', '', 'Pkmmhss ', '6', '111', 'uploads/686255234c3cb.png', 'uploads/686255234c5e3_Screenshot_20250509_153157_Samsung Internet.jpg'),
(330, 'VTM330', 'PLUS TWO', '24327286', 'SHAHMA SHERIN P', 'SUBAIR P', '8075423393', 'PULAKKAL HOUSE ', '', 'GVHSS VANGARA ', '5', '88', 'uploads/68625a239260e.png', 'uploads/68625a2392912_IMG-20250617-WA0000.jpg'),
(331, 'VTM331', 'SSLC', '547751', 'MUHAMMED NASHID  P', 'MUSTHAFA', '9567073280', 'POONTHANATH HOUSE MUTHALAMADU,VENGARA', '', 'IUHSS Parappur', '1', '17', 'uploads/686263bdcf15f.png', 'uploads/686263bdcf334_IMG_5528.jpeg'),
(332, 'VTM332', 'SSLC', '545359', 'THAHANI P', 'Ashraf Pullatt ', '9562306881', 'Pullat', '', 'PPTMYHSS CHERUR', '4', '62', 'uploads/686268822a4aa.png', 'uploads/686268822a601_Screenshot_20250630-160448.jpg'),
(333, 'VTM333', 'SSLC', '550186', 'Sinan Ak', 'Yoosuf Ak', '9744211346', 'Anchukandan', '', 'Pkmmhss', '1', '16', 'uploads/686274c440de5.png', 'uploads/686274c4410d9_IMG-20250630-WA0039.jpg'),
(334, 'VTM334', 'SSLC', '8686095', 'Dilsha. Ak', 'Fakrudheen ', '9995029910', 'Ambalavan kulappurakkal ', '', 'ICET public school ', '7', '140', 'uploads/686277f394185.png', 'uploads/686277f394458_Screenshot_20250630_170700.jpg'),
(335, 'VTM335', 'SSLC', '554102', 'NAJEEHA VT ', 'HANEEFA ', '9656372099', 'VALIYAKKATHODI HOUSE ', '', 'G H S KURUKA ', '1', '14', 'uploads/68627a1bb4299.png', 'uploads/68627a1bb45d7_IMG-20250509-WA0023.jpg'),
(336, 'VTM336', 'SSLC', '547201', 'FATHIMA RABEEHA V ', 'ILYAS V ', '9947504396', 'VADAKKETHIL ', '', 'IUHS PARAPPUR ', '6', '113', 'uploads/68627a82bb739.png', 'uploads/68627a82bb95a_IMG-20250509-WA0130.jpg'),
(337, 'VTM337', 'PLUS TWO', '2464464', 'MUHAMMED MOOSA', 'MUHAMMED SHAFI', '9746551302', 'Kallan', '', 'GMVHS VENGARA', '1', '14', 'uploads/68627b558334e.png', 'uploads/68627b558357a_IMG_20250630_171709.jpg'),
(338, 'VTM338', 'SSLC', '540731', 'Sheda.kk ', 'Abdullakutty k.k ', '9526867706', 'Kottekkat house ', '', 'G.M.V.H.S.S VENGARA ', '1', '8', 'uploads/68627bc3bb770.png', 'uploads/68627bc3bb961_IMG-20250509-WA0316.jpg'),
(339, 'VTM339', 'SSLC', '541645', 'JUMANA KP', 'ABDUL RAZAK KALLUPARAMBAN ', '9847665240', 'KALLUPARAMBAN  HOUSE', '', 'PPTMYHSS CHERUR', '4', '59', 'uploads/68627c58905df.png', 'uploads/68627c58908e4_IMG-20250519-WA0011(1).jpg'),
(340, 'VTM340', 'SSLC', '541593', 'Fathima Rasha PK', 'Mohamed Muneer PK', '8086905808', 'Poozhikunnath', '', 'PPTMYHSS Cherur ', '4', '67', 'uploads/6862804d543c4.png', 'uploads/6862804d54685_Screenshot_2025-06-30-17-44-40-35_439a3fec0400f8974d35eed09a31f914.jpg'),
(341, 'VTM341', 'SSLC', '541527', 'AFREEN MIRSHA P', 'AKBAR ALI PANAKKAL ', '9061293054', 'PANAKKAL', '', 'P P T M Y H S S CHERUR  ', '1', '6', 'uploads/686281d083b0c.png', 'uploads/686281d083d94_IMG-20250630-WA0250.jpg'),
(342, 'VTM342', 'SSLC', '540721', 'Fathima Huda ', 'Muhammed Gadhafi ', '8606011405', 'Parambil (H)', '', 'GMVHSS Vengara Town ', '1', '10', 'uploads/6862839841a4a.png', 'uploads/6862839841cb3_IMG-20250629-WA0040.jpg'),
(343, 'VTM343', 'SSLC', '590399', 'Jafna', 'Jamsheer', '9645463664', 'Pathiyil', '', 'PMSAVHSS CHAPPANAGADI', '7', '132', 'uploads/686284667bdf5.png', 'uploads/686284667c041_IMG-20250630-WA0001.jpg'),
(344, 'VTM344', 'SSLC', '541619', 'FATHIMA SHIFA. PV', 'ABDUL GAFOOR ', '9747349953', 'POOVALAPPIL HOUSE ', '', 'PPTMYHSS ', '4', '58', 'uploads/686284aedbd2b.png', 'uploads/686284aedbf80_KERALA Board Xth 2025 Result.pdf'),
(345, 'VTM345', 'SSLC', '553400', 'Fathima Amna kt ', 'Mujeeb Rahman ', '9746790245', 'Ktm house', '', 'Nibras secondary school Moonniyur ', '3', '40', 'uploads/68628b6b8a194.png', 'uploads/68628b6b8a43d_IMG_9198.png'),
(346, 'VTM346', 'SSLC', '540932', 'Fidha Fathima kk', 'Muhammed faisal kk', '9946128491', 'Kottekkatt', '', 'PPTMYHSS cherur', '4', '58', 'uploads/68628bea2d2f9.png', 'uploads/68628bea2d5d9_IMG-20250630-WA0000.jpg'),
(347, 'VTM347', 'SSLC', '541618', 'Fathima Shefna CM', 'Ibrahim CM ', '7012287451', 'CHOZHIMADATHIL(H)', '', 'P P T M Y H S S CHERUR ', '4', '55', 'uploads/68628c2d67376.png', 'uploads/68628c2d6762d_IMG-20250619-WA0068.jpg'),
(348, 'VTM348', 'PLUS TWO', '24302663', 'HAMNA SHIRIN P ', 'HAMZA P ', '7306295523', 'Panhi house ', '', 'PPTMYHSS CHERUR ', '4', '54', 'uploads/68628dcd9ba5d.png', 'uploads/68628dcd9bc4e_Screenshot_20250522_153008_Samsung Internet.jpg'),
(349, 'VTM349', 'SSLC', '553999', 'Shihda M ', 'Abdul Nasar M ', '9562422737', 'Mandodan', '', 'GHS KURUKA ', '1', '16', 'uploads/68628e6c2a1ed.png', 'uploads/68628e6c2a4ab_Reg No. _ 553999 - SSLC Results 2025.pdf'),
(350, 'VTM350', 'SSLC', '552189', 'Fathima dilfa oc ', 'Moideen Koya oc ', '9605558205', 'Ovungal chakkumkulath house', '', 'Al furqan ehss', '3', '39', 'uploads/686291b783504.png', 'uploads/686291b78377c_4093ffbe-0f54-4f29-aa48-64c167fa3dc4.jpeg'),
(351, 'VTM351', 'SSLC', '554577', 'Fathima Nasha.k', 'Mujeeb Rahiman.k', '9526503896', 'Kalathingal , Vakkemparamb house', '', 'Markaz Public School A.R Nagar', '3', '26', 'uploads/686291eee5d07.png', 'uploads/686291eee5e66_IMG-20250509-WA0137.jpg'),
(352, 'VTM352', 'SSLC', '540535', 'Jahana sherin tp ', 'Abdul majeed tp', '8606552851', 'Thachaparamban ', '', 'G.v.h.s.s vengara ', '6', '99', 'uploads/68629211e6fa9.png', 'uploads/68629211e7179_IMG-20250509-WA0034.jpg'),
(353, 'VTM353', 'SSLC', '554589', 'Hamna. A. K', 'Moideenkutty A. K', '8157983400', 'Areekadan ', '', 'Markaz public school A. R. Nagar', '4', '64', 'uploads/686292a39d5bf.png', 'uploads/686292a39d765_IMG-20250630-WA0062.jpg'),
(354, 'VTM354', 'SSLC', '541557', 'Fathima Dinsha IK ', 'Showkathali IK', '9747660955', 'Illikodan', '', 'PPTMYHSS Cherur ', '1', '7', 'uploads/68629323b7d6b.png', 'uploads/68629323b8039_Screenshot_20250630-181540~2.png'),
(355, 'VTM355', 'SSLC', '541546', 'Fahma Hisan cm ', 'Mohamed muneer cm ', '9744474565', 'Choyimadhathil ', '', 'P.P.T.M.Y.H.S.SCHOOL', '4', '52', 'uploads/6862934dc28d8.png', 'uploads/6862934dc2a3c_Screenshot_20250509_153415_com.android.chrome.jpg'),
(356, 'VTM356', 'PLUS TWO', '24340072', 'Fathima Dilsha.k', 'Muhammad.k', '8606691785', 'Vakkemparamb ', '', 'ARNHSS chendappuraya ', '3', '26', 'uploads/686293e1e6a51.png', 'uploads/686293e1e6c0c_IMG-20250522-WA0148.jpg'),
(357, 'VTM357', 'SSLC', '546893', 'Fathima shada mv', 'Saidu muhammadh mv', '9946985095', 'Mugham veettil', '', 'ARNHSS', '3', '26', 'uploads/6862948a5a977.png', 'uploads/6862948a5ac5d_IMG-20250509-WA0380.jpg'),
(358, 'VTM358', 'SSLC', '541643', 'JAFNA SAMAD K', 'ABDUSSAMED K', '9746694000', 'KANNETH ', '', 'PPTMYHSS CHERUR', '4', '55', 'uploads/6862961242e49.png', 'uploads/6862961242fef_sslc.jpg'),
(359, 'VTM359', 'SSLC', '541961', 'Nihal mk', 'Mohammed ali', '7736144944', 'Manakkadavan house ', '', 'PPTMYHSS CHERUR ', '4', '68', 'uploads/686296bae225b.png', 'uploads/686296bae24bf_Reg No. _ 541961 - SSLC Results 2025.pdf'),
(360, 'VTM360', 'SSLC', '541496', 'Aparna M', 'Madhu', '7306395507', 'Mannil house', '', 'PPTMYHSS cherur ', '1', '7', 'uploads/6862971a3d397.png', 'uploads/6862971a3d85e_IMG-20250509-WA0123(1).jpg'),
(361, 'VTM361', 'SSLC', '553086', 'Fathima Nidha M ', 'Mohamed Rafi M', '7907526985', 'Malayil House ', '', 'Malabar International School ', '6', '117', 'uploads/68629875df41f.png', 'uploads/68629875df6b3_IMG-20250509-WA0045.jpg'),
(362, 'VTM362', 'SSLC', '549146', 'AMINA SHAREEN KALLAN', 'MOHAMMED MOOSA ', '7306126212', 'KALLAN HOUSE ', '', 'PKMMHSS EDARIKODE ', '6', '98', 'uploads/68629942da225.png', 'uploads/68629942da47d_IMG-20250509-WA0008.jpg'),
(363, 'VTM363', 'SSLC', '541555', 'Fathima Dhilsha Ap ', 'Ibrahim AP ', '9562087861', 'Aliparambil house ', '', 'PPTMYHSS CHERUR ', '5', '77', 'uploads/686299925d5c2.png', 'uploads/686299925d804_IMG_20250630_193257.jpg'),
(364, 'VTM364', 'SSLC', '549292', 'Fathima noora vs', 'Abdul azeez', '9744410210', 'Valappil sarath', '', 'Pkmmhss edarikode', '6', '98', 'uploads/68629993437aa.png', 'uploads/686299934396e_Screenshot_2025-05-09-15-35-32-606_com.android.chrome.jpg'),
(365, 'VTM365', 'SSLC', '552294', 'Fathima rasha km', 'Abdul rasheed km', '7034127828', 'Kuzhimannil', '', 'Ideal hss dharmaghi ', '1', '17', 'uploads/68629b54b0268.png', 'uploads/68629b54b0414_56160808-0401-413f-af96-c691f3ccb0c5.jpeg'),
(366, 'VTM366', 'SSLC', '540717', 'Adhila vt', 'Moideen vt', '8606113125', 'Valiayakkathodi ', '', 'G.M.V.H.S.S. vengara town', '1', '8', 'uploads/68629bf3db44b.png', 'uploads/68629bf3db601_IMG_20250509_185148.jpg'),
(367, 'VTM367', 'SSLC', '547649', 'FATHIMA RUSHDHA M ', 'MOHAMMED FAISAL M', '9562473065', 'Malayil ', '', 'I.U.H.S.S PARAPPUR ', '7', '139', 'uploads/68629cd2684cb.png', 'uploads/68629cd268685_Screenshot_2025-05-09-15-42-35-71_40deb401b9ffe8e1df2f1cc5ba480b12.jpg'),
(368, 'VTM368', 'SSLC', '552376', 'Ayisha Hiba. K.P', 'Ibrahim. K.P', '9961343146', 'Koluparamban (H)', '', 'National English Medium Higher Secondary school ', '3', '38', 'uploads/68629d3219cf1.png', 'uploads/68629d3219f18_Screenshot_20250509_153448_Chrome.jpg'),
(369, 'VTM369', 'SSLC', '552191', 'Fathima rinsha.c', 'Rasheed', '9539002679', 'Chukkan', '', 'AL FURQAN E.H.S.S', '3', '36', 'uploads/68629e865cd22.png', 'uploads/68629e865d09f_IMG-20250511-WA0000(1).jpg'),
(370, 'VTM370', 'SSLC', '547003', 'ANANYA K', 'BIBI K', '9562495916', 'Kavungal house ', '', 'IUHSS PARAPPUR ', '6', '103', 'uploads/68629f8e917ea.png', 'uploads/68629f8e919e5_IMG-20250509-WA0091.jpg'),
(371, 'VTM371', 'PLUS TWO', '24341162', 'MOHAMMED RUFAID M', 'MOHAMMED FAISAL M', '9562473065', 'Malayil', '', 'I.U.H.S.S PARAPPUR', '7', '139', 'uploads/6862a0cc512f7.png', 'uploads/6862a0cc51507_IMG-20250630-WA0001.jpg'),
(372, 'VTM372', 'PLUS TWO', '24297159', 'Yajid Tv ', 'Yoosaf ali ', '9895781290', 'Thekkeveettil ', '', 'Kmhss kuttoor north ', '1', '8', 'uploads/6862a171c076a.png', 'uploads/6862a171c092d_Screenshot_2025-06-30-20-00-11-97_40deb401b9ffe8e1df2f1cc5ba480b12.jpg'),
(373, 'VTM373', 'SSLC', '554485', 'ANUVIND P', 'Somaraj palakkal', '9847062285', 'AMALY HOUSE', '', 'GHS KOLAPPURAM ', '3', '40', 'uploads/6862a23fca31d.png', 'uploads/6862a23fca4f6_1751294476033261225946835373142.jpg'),
(374, 'VTM374', 'PLUS TWO', '24297135', 'AVANTHIKA AP ', 'ANIL KUMAR AP', '9656695163', 'AREEKKATTUPARAMBIL HOUSE ERANIPPADI MENANAKKAL KANNAMANGALAM PO 676304 PIN', '', 'KMHSS KUTTOOR NORTH ', '4', '65', 'uploads/6862a27176262.png', 'uploads/6862a2717637c_in.gov.dhsekerala-HPCER-24297135XMARCHX2025.pdf'),
(375, 'VTM375', 'SSLC', '541651', 'Minha Ck', 'Shukhoor Ck', '9526634709', 'Cherukottayil House', '', 'PPTMYHSS', '4', '57', 'uploads/6862a3a009e56.png', 'uploads/6862a3a00a0ff_KERALA Board Xth 2025 Result.pdf'),
(376, 'VTM376', 'SSLC', '547202', 'Fathima Rushda Kuruniyan ', 'Ali Kuruniyan ', '9656619815', 'Kuruniyan ', '', 'I U H S S Parappur ', '7', '122', 'uploads/6862a5d5a4455.png', 'uploads/6862a5d5a4734_Screenshot_20250630_202240_Chrome.jpg'),
(377, 'VTM377', 'PLUS TWO', '24327292', 'SUMAIHA AP', 'SHAMEEM AP', '8848440631', 'ALPARAMBIL', '', 'GVHSS VENGARA', '5', '89', 'uploads/6862a76e68560.png', 'uploads/6862a76e68869_Screenshot_20250522-154826_Drive.jpg'),
(378, 'VTM378', 'SSLC', '541534', 'Ayisha CT ', 'Abdul Ahad CT', '9605242257', 'Cholakkathodi (h)', '', 'PPTMYHSS Cherur ', '1', '19', 'uploads/6862ac96115fb.png', 'uploads/6862ac9611824_IMG-20250630-WA0033.jpg'),
(379, 'VTM379', 'PLUS TWO', '24284218', 'ASNA FATHIMA OK', 'MOHAMED FAISAL OK', '9747184744', 'OLAVAN KANDATHIL', '', 'G. H. S. S OTHUKKUNGAL', '7', '126', 'uploads/6862acc389dd6.png', 'uploads/6862acc389ff8_IMG-20250630-WA0037.jpg'),
(380, 'VTM380', 'SSLC', '541783', 'ADHIL . M', 'ABDUL HAKKEEM M', '9947008483', 'MANITHODI (H)', '', 'P P T M Y H S S', '5', '76', 'uploads/6862adc265f95.png', 'uploads/6862adc266164_Screenshot_20250509_153522.jpg'),
(381, 'VTM381', 'SSLC', '546929', 'SHADA ', 'Abdussalam', '9526571221', 'Erambathil (h) Pukayoor ', '', 'ABDURAHIMAN NAGAR HS SCHOOL ', '3', '27', 'uploads/6862aea8807e1.png', 'uploads/6862aea880af9_IMG-20250511-WA0001.jpg'),
(382, 'VTM382', 'SSLC', '541499', 'Faiha Musthafa Moidu', 'Musthafa Moidu', '7994938160', 'Kodalida palliyali', '', 'PPTMYHSS', '5', '76', 'uploads/6862af175d239.png', 'uploads/6862af175d54f_8d578f09-b4c8-4bef-893c-51a231552626.jpeg'),
(383, 'VTM383', 'SSLC', '541813', 'Hasin Manzoor Ali', 'Manzoor Ali C', '7560808185', 'Himel Mambeethi', '', 'PPTMYHSS Cherur', '5', '87', 'uploads/6862b2922bd9f.png', 'uploads/6862b2922c0bc_Screenshot 2025-06-30 at 9.19.30 PM.png'),
(384, 'VTM384', 'SSLC', '547538', 'Farha.mk', 'Abdul jabar.mk', '9847993180', 'Murikkun kadan', '', 'IUHSS PARAPPUR ', '6', '98', 'uploads/6862b64985863.png', 'uploads/6862b64d0ac7d_IMG-20250630-WA0059.jpg'),
(385, 'VTM385', 'PLUS TWO', '24274170', 'VAISHNA KP', 'VELAYUDHAN KP', '8891954392', 'KURUKAPURAKKAL', '', 'GHSS TIRURANGADI', '1', '12', 'uploads/6862b755960a0.png', 'uploads/6862b7559628c_Screenshot_20250522_153705.jpg'),
(386, 'VTM386', 'SSLC', '540541', 'SHAFAF K', 'ABDUL MAJEED', '9446729554', 'Kappan House', '', 'G V H S S VENGARA', '4', '65', 'uploads/6862ba38c1644.png', 'uploads/6862ba38c17fd_IMG_20250630_215413.jpg'),
(387, 'VTM387', 'SSLC', '554095', 'Fidha jabin ', 'Moideenkutty ', '8111957159', 'Nallattuthodika ', '', 'GHS kuruka ', '1', '12', 'uploads/6862bb760f468.png', 'uploads/6862bb760f61c_IMG_20250509_171616.jpg'),
(388, 'VTM388', 'PLUS TWO', '24270899', 'FathimaSherin', 'Saheer', '9605982726', 'Parappan(h)', '', 'GHSS Malappuram', '7', '130', 'uploads/6862bd3ee81bb.png', 'uploads/6862bd3ee83ee_IMG_7701.jpeg'),
(389, 'VTM389', 'SSLC', '552188', 'SHAHANA PA', 'BADARUDHEEN PA', '9961736890', '70', '', 'AL-Furqan EHSS Santhivayal', '4', '61', 'uploads/6862be56f0a72.png', 'uploads/6862be56f0dc7_IMG-20250630-WA0019.jpg'),
(390, 'VTM390', 'PLUS TWO', '24297195', 'Muhammed Abshan p', 'Asharaf p', '9746683880', 'Pullisseri house', '', 'KMHSS kuttoor north', '1', '1', 'uploads/6862bef1db86b.png', 'uploads/6862bef1dbb58_2025 ലെ ഹൈസ്കൂൾ പരീക്ഷാ ഫലം (3).pdf'),
(391, 'VTM391', 'SSLC', '541974', 'Shahzad uk', 'Sainul abideen', '6238234802', 'Uthen karya purath(H)', '', 'PPTMYHSS', '4', '54', 'uploads/6862c02610182.png', 'uploads/6862c026104a3_IMG-20250630-WA0072.jpg'),
(392, 'VTM392', 'SSLC', '541809', 'FAHEEM MOHAMMED TT ', 'KUNHALI TT ', '9961265488', 'THACHARUPADIKKAL THAZHATH (H)', '', 'PPTMYHSS CHERUR', '4', '59', 'uploads/6862c15db78cb.png', 'uploads/6862c15db7c32_faheem mohammed tt.pdf'),
(393, 'VTM393', 'SSLC', '546868', 'Fathima fidha Ak', 'Azeez areekaadan', '7994896048', 'Areekaadan', '', 'Arnagar chendappuraya', '3', '27', 'uploads/6862c568bf21e.png', 'uploads/6862c568bf4cd_IMG-20250630-WA0026.jpg'),
(394, 'VTM394', 'SSLC', '612497', 'Nubah Fathima . K', 'Ashraf Kannatti', '8129178954', 'Kannatti(H)', '', 'AKM HSS Kottoor', '6', '104', 'uploads/6862ca21407de.png', 'uploads/6862ca2140b1a_9014051a-a3c3-47a4-8626-12ab2d662fce.jpeg'),
(395, 'VTM395', 'SSLC', '554591', 'Muhammed Salih P ', 'Sameer paloli ', '9605222643', 'Paloli House ', '', 'Markaz public school Ar nagar puthiyathpuraya ', '3', '26', 'uploads/6862cd2e439d0.png', 'uploads/6862cd2e43cb8_IMG-20250509-WA0235.jpg'),
(396, 'VTM396', 'SSLC', '549383', 'Haniyya.c ', 'Abdul jaleel.c ', '9605952371', 'Chelli (H) ', '', 'Pkmmhss Edarikode ', '1', '17', 'uploads/6862ce4c64cca.png', 'uploads/6862ce4c64f30_IMG_3631.png'),
(397, 'VTM397', 'SSLC', '549378', 'Haneena.c', 'Abdul jaleel.c ', '9605952371', 'Chelli(H) ', '', 'Pkmmhss Edarikode ', '1', '17', 'uploads/6862cf2fda3ef.png', 'uploads/6862cf2fda6ae_IMG_3630.png'),
(398, 'VTM398', 'PLUS TWO', '24297150', 'SHIHAAM PULLISSERI', 'SIDDIK PULLISSERI', '9400868505', 'Kolparambil house ', '', 'KMHSS KUTTOOR NORTH', '3', '40', 'uploads/686333d8ac4f4.png', 'uploads/686333d8ac701_IMG_20250522_155448.jpg'),
(399, 'VTM399', 'SSLC', '541746', 'ISHAAN NOUFAL', 'NOUFAL P', '9947426970', 'PANAKKAL House', '', 'PPTMYHS CHERUR', '1', '6', 'uploads/68633b8b7c87c.png', 'uploads/68633b8b7c9e7_KERALA Board Xth 2025 Result.pdf'),
(400, 'VTM400', 'SSLC', '552299', 'Fella relin p', 'Mohammed yasar', '9544177652', 'Poovil house mampuram ', '', 'Ideal hss dharmagiri', '3', '43', 'uploads/686342f9d1e03.png', 'uploads/686342f9d2241_10fa8723-ac47-465b-8148-5ba77fd77780.jpeg'),
(401, 'VTM401', 'SSLC', '541954', 'Munavar Ali KK ', 'Muhammed Shafi KK ', '9446540897', 'Kottukaran ', '', 'PPTMYHSS CHERUR ', '4', '52', 'uploads/68634e0be02e6.png', 'uploads/68634e0be053b_IMG_20250701_082346.jpg'),
(402, 'VTM402', 'PLUS TWO', '24302614', 'Saeeda ek', 'Muhammad ellikkal', '8129034551', 'Ellikkal house', '', 'Pptmyhss', '1', '19', 'uploads/6863516ddf220.png', 'uploads/6863516ddf663_IMG_8895.png'),
(403, 'VTM403', 'PLUS TWO', '24344975', 'SADIYA NOTTANALAN', 'Muhammad N', '7012425865', 'NOTTANALAN', '', 'AKM HSS KOTTOOR', '7', '136', 'uploads/6863600b7419e.png', 'uploads/6863600b743bb_IMG-20250523-WA0026.jpg'),
(404, 'VTM404', 'PLUS TWO', '24283781', 'FARHANA FARVI N', 'JAHFAR ', '9847040496', 'Nechikkatt', '', 'GHSS OTHUKKUNGAL ', '7', '127', 'uploads/68636745ae25c.png', 'uploads/68636745ae4a1_Screenshot_2025-05-23-09-59-55-58_40deb401b9ffe8e1df2f1cc5ba480b12~2.jpg'),
(405, 'VTM405', 'SSLC', '554435', 'MUHAMMAD SAKIYY TP', 'MUHAMMED RAFEEQUE TP', '9447336110', 'TACHARAU PADIKKAL', '', 'GHS KOLAPPURAM ', '3', '40', 'uploads/686370b36dab8.png', 'uploads/686370b36dd8f_IMG-20250509-WA0223.jpg'),
(406, 'VTM406', 'PLUS TWO', '24341218', 'Rifa mehbin t k', 'Ashraf t k', '9544146969', 'Thengakuttingal house', '', 'Iuhss parappur', '6', '115', 'uploads/686375d84a347.png', 'uploads/686375d84a6ed_de0c0c27-61be-4286-8fb6-95305ab1b2e2.jpeg'),
(407, 'VTM407', 'PLUS TWO', '24341161', 'Muhammed Nishan E V', 'Abdurrasheed', '8089258731', 'Ettuveettil', '', 'Iuhss Parappur ', '1', '8', 'uploads/68637800a94b7.png', 'uploads/68637800a9695_IMG_9644.png'),
(408, 'VTM408', 'SSLC', '540736', 'NIJIL KRISHNA. T', 'VENUGOPAL T', '7594810595', 'Thottungal ', '', 'GMVHSS VENGARA TOWN ', '1', '10', 'uploads/686386e920e16.png', 'uploads/686386e921070_IMG-20250509-WA0027.jpg'),
(409, 'VTM409', 'SSLC', '540660', 'Mohammed shamil c ', 'Shabeer chalil ', '9847661119', 'Chalil House ', '', 'GMVHSS vengara town ', '1', '23', 'uploads/68638f0bab8aa.png', 'uploads/68638f0baba55_IMG20250629140411.jpg'),
(410, 'VTM410', 'PLUS TWO', '24304336', 'Fathima Niya k ', 'Muhammad Mustafa ', '9562100292', 'Katti (h), Areekulam, Vengara (po), Malappuram dt , Kerala ', '', 'PKMMHSS EDARIKODE ', '1', '10', 'uploads/686396cc9eb71.png', 'uploads/686396cc9ee95_Screenshot_2025-06-25-15-21-18-22_439a3fec0400f8974d35eed09a31f914.jpg'),
(411, 'VTM411', 'SSLC', '450546', 'KANISHK.P.M', 'ANIL KUMAR P.M', '9895485818', 'PUTHAN MADATHIL', '', 'GVHSS,VENGARA', '1', '21', 'uploads/686397a2368dc.png', 'uploads/686397a236afb_Screenshot_20250701_133607.jpg'),
(412, 'VTM412', 'PLUS TWO', '24311634', 'Rifa Shukoor', 'Abdul Shukoor', '9544264098', 'Pookayil house', '', 'Farook  English Medium School Kottakkal', '1', '16', 'uploads/6863a26d5ce50.png', 'uploads/6863a26d5d28f_IMG_1455.jpeg'),
(413, 'VTM413', 'PLUS TWO', '24304542', 'Fathima Hiza MK', 'Ashraf Ali MK', '9061649919', 'Moochikkadan ', '', 'PKMMHSS EDARIKODE', '7', '129', 'uploads/6863a90da1692.png', 'uploads/6863a90da1825_IMG_3244.jpeg'),
(414, 'VTM414', 'SSLC', '551614', 'Fathima Rifa ', 'Rafeeq ali vt', '8921731102', 'Valiyathodi ', '', 'Muhss oorakam ', '5', '81', 'uploads/6863c55813ffe.png', 'uploads/6863c558141b2_Screenshot_20250509_153922.jpg'),
(415, 'VTM415', 'SSLC', '541675', 'Raniya mk', 'Ummar mk', '7012208472', 'Mattara kannanchiri ', '', 'PPTMYHSS ', '4', '50', 'uploads/6863d215b8bbb.png', 'uploads/6863d215b8dca_Screenshot_2025-06-30-20-02-10-42_40deb401b9ffe8e1df2f1cc5ba480b12.jpg'),
(416, 'VTM416', 'SSLC', '612464', 'Lujaina. K', 'Moideen kutty. K', '9633617916', 'Koonari(H) ', '', 'A. K.M.H.S.S KOTTOOR', '6', '104', 'uploads/6863d3b1d184e.png', 'uploads/6863d3b1d1a09_IMG_20250619_162728.jpg'),
(417, 'VTM417', 'SSLC', '541637', 'Hudha Fathima Nk ', 'Abdusamad', '9544517037', 'Nathamkodan', '', 'PPTMYHSS', '4', '52', 'uploads/6863d7de05523.png', 'uploads/6863d7de0586a_IMG-20250509-WA0025.jpg'),
(418, 'VTM418', 'PLUS TWO', '24297167', 'Basima jasmin', 'Ismail m', '9895616011', 'Matra house ', '', 'Kmhss', '3', '33', 'uploads/6863df3ab08ed.png', 'uploads/6863df3ab0bb5_IMG-20250522-WA0050.jpg'),
(419, 'VTM419', 'SSLC', '541903', 'Muhammed Hisham ck', 'Siddique chevidikunnan', '9744716637', 'Chevidikunnan house', '', 'PPTMYHSS CHERUR', '4', '67', 'uploads/6863e37983cef.png', 'uploads/6863e37983efa_hisham ck.pdf'),
(420, 'VTM420', 'SSLC', '552305', 'LENA AK', 'Riyaz Ahamed AK', '9656115060', 'Anjukandan house ', '', 'IDEAL HSS DHARMAGIRI', '1', '14', 'uploads/6863e5e860fe4.png', 'uploads/6863e5e8bb967_IMG-20250701-WA0055.jpg'),
(421, 'VTM421', 'SSLC', '547128', 'LIBA MP', 'AYYOOB MP ', '7559988830', 'MANAYAMPILLI', '', 'IUHSS parappur ', '6', '102', 'uploads/6863e79351291.png', 'uploads/6863e7935167f_sslc laiba.pdf'),
(422, 'VTM422', 'SSLC', '547847', 'Hafiz faz', 'Abdul sathar', '7909225383', 'Karuveppil ', '', 'Farook emhss', '1', '21', 'uploads/6863e87523b11.png', 'uploads/6863e87523c9a_IMG-20250509-WA0087.jpg'),
(423, 'VTM423', 'SSLC', '553079', 'AMANI PALAKKATHODI', 'ABDUL SAMAD PALAKKATHODI', '7356447280', 'KHAIRIYA', '', 'MALABAR INTERNATIONAL SCHOOL', '6', '111', 'uploads/6863e9eb3b92e.png', 'uploads/6863e9eb3bd2b_SSLC RESULT 2025.jpg'),
(424, 'VTM424', 'SSLC', '546844', 'Arya nandha', 'Anilkumar', '9656257139', 'Chembrath', '', 'ARNHSS  chendappuraya', '3', '26', 'uploads/6863ecf369b0f.png', 'uploads/6863ecf935b9a_17513790544473337616466391074691.jpg'),
(425, 'VTM425', 'SSLC', '541764', 'Shaheen Muhammed pk', 'Noushad pk', '9895835465', 'Poothamkurinhi ', '', 'PPTMYHS CHERUR ', '1', '7', 'uploads/6863efb93d4a7.png', 'uploads/6863efb93d702_Screenshot_2025-05-09-15-47-49-51_40deb401b9ffe8e1df2f1cc5ba480b12.jpg'),
(426, 'VTM426', 'SSLC', '546839', 'Ananya. C', 'Karunakaran. C', '8138892265', 'Chembayil(H)', '', 'AR Nagar HSS Chendappuraya ', '3', '36', 'uploads/6863f092a8dd1.png', 'uploads/6863f092a902d_2025-07-01 19-55-09.pdf'),
(427, 'VTM427', 'SSLC', '547651', 'HIBA SHIRIN ', 'SAINUDHEEN ', '9562232101', 'CHEMBAKASSERY', '', 'IUHSS PARAPPUR ', '6', '107', 'uploads/6863f0d1e13a7.png', 'uploads/6863f0d1e15eb_Screenshot_20250701-195357_Gallery.jpg'),
(428, 'VTM428', 'SSLC', '541798', 'Aseem Mohammad ', 'Mohammad Kutty ', '8547094860', 'Mookkummal house ', '', 'PPTMYHSS CHERUR ', '4', '64', 'uploads/6863f3c83b7ef.png', 'uploads/6863f3c83bc45_Reg No. _ 541798 - SSLC Results 2025.pdf'),
(429, 'VTM429', 'PLUS TWO', '24302759', 'FATHIMA SHIFA TT', 'KUNHIMMU THACHARUPADIKKAL THAZHATH', '9645560541', 'THACHARUPADIKKAL THAZHATH ', '', 'PPTMYHSS CHERUR ', '4', '56', 'uploads/6863f698bf52e.png', 'uploads/6863f698bf7fa_IMG-20250522-WA0014.jpg'),
(430, 'VTM430', 'SSLC', '549731', 'Abinav k k', 'Prasad k k ', '9645356063', 'Kalavoor kothamangalath', '', 'PKMMHSS Edarikode', '1', '22', 'uploads/6863f9727c93c.png', 'uploads/6863f9727cc65_IMG-20250701-WA0028.jpg'),
(431, 'VTM431', 'SSLC', '541943', 'MUHAMMED SHIBIL. C', 'ABDUL JALEEL. C', '9562700389', 'CHEERANGAN(H)', '', 'PPTMYHSS CHERUR ', '5', '77', 'uploads/6863f994e739d.png', 'uploads/6863f994e75ba_IMG-20250701-WA0068.jpg'),
(432, 'VTM432', 'SSLC', '551676', 'Muhammed shibil pk', 'Saidalavi pk', '7907748108', 'Palakundan(H)', '', 'Muhss oorakam venkulam', '5', '88', 'uploads/6864006e1ddf1.png', 'uploads/6864006e1e0fb_Mark list .jpg'),
(433, 'VTM433', 'SSLC', '549461', 'Rana Fathima CM ', 'Jafar CM ', '9544836837', 'Chemmala Manat ', '', 'PKMMHSS Edarikode ', '1', '15', 'uploads/6864034e6660a.png', 'uploads/6864034e667b1_Screenshot_20250516_220608_WhatsApp.jpg'),
(434, 'VTM434', 'SSLC', '540710', 'Adhya Bhadhra. V', 'Baburajan.V', '9207265929', 'Kuruvilthodika', '', 'GMVHSS VENGARA TOWN', '1', '20', 'uploads/686409e4538b3.png', 'uploads/686409e453bdb_Screenshot_2025-05-09-16-58-54-281_com.android.chrome.jpg'),
(435, 'VTM435', 'PLUS TWO', '24327384', 'DHILSHAD P', 'MOHAMED', '9645662304', 'POOKUTH HOUSE', '', 'GVHSS VENGARA', '1', '20', 'uploads/6864129d4360c.png', 'uploads/6864129d4381a_Screenshot_20250527_100200_103830.jpg'),
(436, 'VTM436', 'SSLC', '554090', 'Fathima Hiba ', 'Muhammad kasim ', '9562457064', 'Aythodika ', '', 'GHS KURUKA ', '1', '13', 'uploads/686413efd5d8f.png', 'uploads/686413efd5e92_IMG_20250701_222801.jpg'),
(437, 'VTM437', 'SSLC', '541888', 'Muhammed Ajas k ', 'Abdul Salam k ', '9947121486', 'Kanneth ', '', 'PPTMYHSS CHERUR ', '4', '53', 'uploads/6864153bea102.png', 'uploads/6864153bea3b5_Screenshot_2025-05-09-19-40-02-09_40deb401b9ffe8e1df2f1cc5ba480b12.jpg'),
(438, 'VTM438', 'SSLC', '550208', 'Mohamed Adhnan. KC', 'JafarAli. KC', '7902989806', 'Kuruniyan Cherukattuthodi', '', 'PKMM HSS Edarikode', '7', '127', 'uploads/68642592dafe6.png', 'uploads/68642592db2b5_IMG-20250701-WA0238.jpg'),
(439, 'VTM439', 'SSLC', '540723', 'Fathima Naja .k', 'Abdul Razak.K', '9847799895', 'Kolambil', '', 'G.M.V.H.SS VENGARA TOWN', '6', '97', 'uploads/68646fcb5d1ce.png', 'uploads/68646fcb5d381_Screenshot_20250526_162858_Chrome.jpg'),
(440, 'VTM440', 'SSLC', '541793 ', 'Al Romaizan. KK', 'Abdul Majeed. KK', '9947452406', 'Kodakkunnath (H) ', '', 'PPTMYHSS CHERUR ', '5', '74', 'uploads/6864829502ba4.png', 'uploads/6864829502d85_Screenshot_20250520_233616.jpg'),
(441, 'VTM441', 'SSLC', '540788', 'SRIYA DAS C', 'KRISHNADAS', '7025789033', 'CHAKKUVAYI ', '', 'PPTMYHSS CHERUR', '4', '56', 'uploads/686487286be70.png', 'uploads/686487286c127_Screenshot_2025-05-09-15-51-50-87.png');
INSERT INTO `students` (`id`, `registrationid`, `exam`, `regnumber`, `name`, `fathername`, `number`, `address`, `pincode`, `school`, `panchayath`, `ward`, `photo`, `marklist`) VALUES
(442, 'VTM442', 'SSLC', '554044', 'Nasha Fathima K', 'Mohamed K', '9656478245', 'Kolambil house', '', 'GHS Kuruka', '6', '97', 'uploads/686487bc9a5a8.png', 'uploads/686487bc9a9d5_Reg No. _ 554044 - SSLC Results 2025.pdf'),
(443, 'VTM443', 'SSLC', '541582', 'Fathima Nadva CK ', 'Najmudheen CK', '9809100800', 'Chevidikkunnan ', '', 'PPTMYHSS CHERUR ', '4', '68', 'uploads/68648b8e48a4d.png', 'uploads/68648b8e48ce3_a251f226-cc57-40ec-ac14-37e5575fa331.jpeg'),
(444, 'VTM444', 'PLUS TWO', '24297186', 'Mohammed Jiyad ', 'Rasheed ', '9744438025', 'Pk', '', 'Kmhss kuttor north ', '3', '30', 'uploads/68648cf218df8.png', 'uploads/68648cf21903d_IMG-20250522-WA0074.jpg'),
(445, 'VTM445', 'SSLC', '549840', 'Minhaj Ilyas M', 'Ilyas malayil ', '9947982500', 'Malayilhouse ', '', 'Pkmhss Edarikode ', '3', '40', 'uploads/686492374fc8b.png', 'uploads/68649237500da_IMG-20250509-WA0066.jpg'),
(446, 'VTM446', 'PLUS TWO', '24304664', 'SARANGI   T', 'THANKARAJ  T', '8089598179', 'MADATHIL VEEDU', '', 'PKMMHSS EDARIKODE ', '1', '10', 'uploads/6864980f5d430.png', 'uploads/6864980f5d5c5_IMG20250625111613.jpg'),
(447, 'VTM447', 'SSLC', '540598', 'Safa', 'Ilyas', '9605698492', 'Mammath', '', 'Gmvhss vengara ', '4', '59', 'uploads/68649a3920a4c.png', 'uploads/68649a3920e0f_IMG-20250702-WA0000.jpg'),
(448, 'VTM448', 'SSLC', '546957', 'Mohammed Mushfique. M', 'Musthafa ', '8547888461', 'Machingal (H)', '', 'AR NAGAR HSS', '3', '26', 'uploads/68649f9b6fe21.png', 'uploads/68649f9b80d58_IMG-20250702-WA0005.jpg'),
(449, 'VTM449', 'SSLC', '545829', 'Jifna. P', 'Muhammed basheer. P', '9895801270', 'Paloli', '', 'ARNHSS chendappuraya ', '3', '26', 'uploads/6864a0ba7ecec.png', 'uploads/6864a0ba7eed9_IMG-20250509-WA0015.jpg'),
(450, 'VTM450', 'SSLC', '540772', 'Nandhana.c ', 'Manikandan ', '7907084442', 'Charuvila puthen veedu (h)', '', 'P.P.T.M.Y.H.S.S CHERUR ', '4', '53', 'uploads/6864a1d5b038f.png', 'uploads/6864a1d5b075b_IMG-20250509-WA0039.jpg'),
(451, 'VTM451', 'PLUS TWO', '24283780', 'Faiza Ali Poolakkal ', 'Ali Poolakkal ', '8089855715', 'Darussalam', '', 'GHSS OTHUKKUNGAL ', '7', '138', 'uploads/6864ae495c1ef.png', 'uploads/6864ae495c518_53c936f5-7e91-42ee-87d3-bdb110ddda84.jpeg'),
(452, 'VTM452', 'SSLC', '541660', 'Nahja chengottil ', 'Abdul rasheed', '9947385104', 'Chengottil house cherur ', '', 'Pptmyhss cherur ', '4', '57', 'uploads/6864af5d4849c.png', 'uploads/6864af5d48687_Screenshot_20250702_093210.jpg'),
(453, 'VTM453', 'SSLC', '536367', 'VYSHNAV.KP', 'SATHEESH.K', '9447383595', 'VYSHNAVAM', '', 'Government Model Higher Secondary School, Calicut University Campus.', '3', '25', 'uploads/6864ce650a69f.png', 'uploads/6864ce650a89c_IMG_6143.jpeg'),
(454, 'VTM454', 'SSLC', '541922', 'Muhammed Noor mn', 'Muhammed shareef mn', '7025851682', 'Mukkil nambimadathil ', '', 'PPTMYHSS CHERUR ', '1', '4', 'uploads/6864fe6b71860.png', 'uploads/6864fe6b71ac0_Adobe Scan 02-Jul-2025.pdf'),
(455, 'VTM455', 'PLUS TWO', '24333664', 'Asna P', 'Muhammed Basheer.P', '9946879009', 'Palasseri house ', '', 'Al ihsan ', '1', '11', 'uploads/686500d9d6be9.png', 'uploads/686500d9d6db4_IMG_20250702_151743.pdf'),
(456, 'VTM456', 'PLUS TWO', '24297253', 'ANAMIKA.P', 'RADHAKRISHNAN.P', '8129776341', 'POOZHAMMAL', '', 'KMHSS KUTTOOR NORTH ', '4', '64', 'uploads/68650abca6831.png', 'uploads/68650abca6aec_Highersecondary_1.jpg'),
(457, 'VTM457', 'SSLC', '552453', 'FATHIMA RISHA P', 'MUHAMMED RAFI P ', '8086880219', 'PAZHERI ', '', 'NATIONAL ENGLISH MEDIUM HSS CHEMMAD ', '4', '50', 'uploads/686512595738d.png', 'uploads/686512599d6c9_Mark list -e4ce71948038.JPG'),
(458, 'VTM458', 'PLUS TWO', '24302816', 'MUNSHIDA CK', 'Muhammad ck', '9847171693', 'Chavidikunnan (H)', '', 'PPTMYHSS ', '4', '51', 'uploads/686513191e2a5.png', 'uploads/686513191e5dc_20250522_161202.jpg'),
(459, 'VTM459', 'PLUS TWO', '24302775', 'Nashva nihala cv', 'Ashraf cv', '9526456806', 'Cheruvalappil (house)', '', 'PPTMYHSS cherue', '4', '65', 'uploads/686519c34e325.png', 'uploads/686519c34e50c_IMG-20250522-WA0028.jpg'),
(460, 'VTM460', 'SSLC', '541590', 'Fathima Rana p ', 'Mohammed kaleefa p ', '9544037004', 'Pullat ', '', 'PPTMYHSS cherur ', '4', '64', 'uploads/68651d1f04411.png', 'uploads/68651d1f045c1_Screenshot_20250509_154424.jpg'),
(461, 'VTM461', 'SSLC', '612327', 'Ashmila p', 'Ayoob. P', '7510733817', 'Pokkatt(H)', '', 'A. K. M. H. S. S kottoor', '7', '138', 'uploads/68651d39e0112.png', 'uploads/68651d39e029e_Screenshot_20250509_160520_Chrome.jpg'),
(462, 'VTM462', 'SSLC', '546561', 'Amna fathima Manammal ', 'Muhammed Aslam ', '9847441848', 'Manammal house', '', 'A. R. Nager higher secondary school chendapuraya ', '3', '45', 'uploads/686522bd1abe0.png', 'uploads/686522bd1aea1_IMG-20250509-WA0043.jpg'),
(463, 'VTM463', 'SSLC', '552349', 'mashal ashraf', 'ashrafali', '9656200786', 'pullat ', '', 'Ideal hss dharmagiri', '4', '50', 'uploads/6865258fe8e36.png', 'uploads/6865258fe91da_IMG_1437.jpeg'),
(464, 'VTM464', 'SSLC', '547168', 'Ruba AP', 'Abdussalam AP', '9747274009', 'Ambalavan puthan peediyekkal ', '', 'IUHSS PARAPPUR ', '6', '102', 'uploads/686525a23a074.png', 'uploads/686525a23a22d_Screenshot_2025-05-09-15-46-04-125_com.android.chrome.jpg'),
(465, 'VTM465', 'SSLC', '541026', 'SHIFANA PK ', 'KAREEM PK', '8086895290', 'PULIKKODAN ', '', 'PPTMYHSS CHERUR ', '4', '53', 'uploads/686528df9885c.png', 'uploads/686528df98acd_Screenshot_20250509_160832_Chrome.jpg'),
(466, 'VTM466', 'SSLC', '541662', 'Nahla. M', 'Abdul Rasheed.M', '9947421554', 'Mulayathil ', '', 'P.P.T.M.Y.H.S.S CHERUR ', '4', '57', 'uploads/68652b8ba21a3.png', 'uploads/68652b8ba230f_17514606164115415429615149444635.jpg'),
(467, 'VTM467', 'SSLC', '541706', 'Shazneen Parangodath ', 'Mohamed Shameer ', '9747768148', 'Parangodath House ', '', 'PPTMYHSS Cherur ', '1', '12', 'uploads/68652c8561be3.png', 'uploads/68652c8561ecf_IMG-20250702-WA0038.jpg'),
(468, 'VTM468', 'PLUS TWO', '24302705', 'MOHAMED SHAHINSHA CV ', 'SHAHEED CV', '9847648681', 'CV MANZIL', '', 'PPTMYHSS CHERUR ', '6', '99', 'uploads/68652c8aa4e05.png', 'uploads/68652c8aa508e_InShot_20250702_182309504.jpg'),
(469, 'VTM469', 'SSLC', '541884', 'Muhammed Adnan C K ', 'Mohamedkutty Chevidikunnan ', '9747663011', 'Chevidikunnan house', '', 'PPTMYHSS CHERUR', '4', '67', 'uploads/68652f5f18c9d.png', 'uploads/68652f5f18e86_Screenshot_20250702-182925~2.png'),
(470, 'VTM470', 'SSLC', '549552', 'SONA NAHAN .P', 'NOUSHAD.P', '9539077774', 'PUTHUKKIDI HOUSE ', '', 'PKMMHSS EDARIKODE', '6', '97', 'uploads/686530dea7873.png', 'uploads/686530dea7c05_IMG_0052.jpeg'),
(471, 'VTM471', 'SSLC', '549639', 'HADI UMMAR SHEREEF', 'UMMAR SHEREEF', '8590592560', 'Malayil House', '', 'PKMMHSS EDARIKODE ', '3', '40', 'uploads/686531c6be1ec.png', 'uploads/686531c6be48f_Screenshot_20250626_185416_com_android_chrome_CustomTabActivity.jpg'),
(472, 'VTM472', 'SSLC', '541569', 'Fathima Hanoona pangat', 'Basheer pangat ', '9946989608', 'Pangat', '', 'PPTMYHSS cherur ', '5', '78', 'uploads/6865352912cb1.png', 'uploads/6865352912fa6_IMG-20250509-WA0054.jpg'),
(473, 'VTM473', 'SSLC', '541977', 'Shamil hassan p', 'Shamsudheen', '9747060255', 'Pakkiyan', '', 'PPTMYHSS', '4', '55', 'uploads/68653565d6254.png', 'uploads/68653565d6551_Screenshot_20250509_153747.jpg'),
(474, 'VTM474', 'SSLC', '550222', 'RAZIK PK', 'JAIFAR PK', '9895144377', 'PALAMADATHIL KURUNGODATHIL', '', 'PKMMHSS', '3', '29', 'uploads/686537b24ce71.png', 'uploads/686537b24d0af_46b60992-c216-436a-85ac-a0a5b72d76db.jpeg'),
(475, 'VTM475', 'SSLC', '541893', 'Muhammed anshad mk', 'Abdurahman', '9567143171', 'Mattara kannanjeri house', '', 'PPTMYHSS CHERUR', '4', '68', 'uploads/686537f01d81a.png', 'uploads/686537f01da2a_IMG-20250509-WA0005.jpg'),
(476, 'VTM476', 'PLUS TWO', '24302629', 'MOHAMMED SIYAD KEERI', 'Jalaludheen ', '9847766786', 'Keeri ', '', 'Pptmyhs ', '5', '75', 'uploads/6865381df202a.png', 'uploads/6865381df22e4_17514637984477905992801454930684.jpg'),
(477, 'VTM477', 'SSLC', '549184', 'DILFA FATHIMA K.T', 'SHAMSUDHEEN K.T', '9746529127', 'KUNHITHODIKA', '', 'PKMMHSS EDARIKODE', '1', '14', 'uploads/6865384704553.png', 'uploads/6865384704915_Screenshot_20250509-155221.png'),
(478, 'VTM478', 'SSLC', '541608', 'Fathima sahla M', 'Sageer', '9895493592', 'Mookkummal', '', 'PPTMYHSS cherur', '4', '54', 'uploads/68653a1db6228.png', 'uploads/68653a1db64bf_Screenshot_20250509-160531_Saphalam 2025.jpg'),
(479, 'VTM479', 'SSLC', '549257', 'FATHIMA MINHA.K', 'ANWER KARUVEPPAN ', '8891464640', 'KARUVEPPAN ', '', 'PKMMHSS EDARIKKODE ', '1', '12', 'uploads/68653b53b550f.png', 'uploads/68653b53b581e_Screenshot_20250509_155131.jpg'),
(480, 'VTM480', 'SSLC', '549285', 'FATHIMA NIHALA PP ', 'SAYYID YASIR PP ', '7558983037', 'Puthanpurakkal ', '', 'PKMMHSS EDARIKODE ', '4', '60', 'uploads/68653ddb2e64a.png', 'uploads/68653ddb2e969_IMG-20250509-WA0066.jpg'),
(481, 'VTM481', 'SSLC', '548538', 'ABIN AHAMED', 'ABDUL GAFOOR', '9645659557', 'KOTTUPARAMBAN', '', 'PKMMHSS', '6', '112', 'uploads/68653f03da592.png', 'uploads/68653f03da7f4_IMG_20250702_194459_902.jpg'),
(482, 'VTM482', 'SSLC', '554530', 'Fathima Minha P.T', 'Abdu Rahiman P.T', '9037333004', 'Pattathodika', '', 'KRHS International Pandikashala', '3', '38', 'uploads/6865419817315.png', 'uploads/686541981762a_IMG-20250509-WA0028.jpg'),
(483, 'VTM483', 'SSLC', '2462883', 'Muhammed Imthiyaz Kallan', 'Mohammed Iqbal Kallan', '9516900600', 'Kallan house', '', 'Al Ihsan English School Vengara ', '1', '14', 'uploads/686542431f7e4.png', 'uploads/686542431fa38_CBSE Xth 2025 Result.pdf'),
(484, 'VTM484', 'SSLC', '549455', 'NISHWA NASAR ', 'NASAR VADAKKAN ', '8714444336', 'VADAKKAN HOUSE', '', 'PKMMHSS EDARIKODE ', '1', '14', 'uploads/6865446fee82f.png', 'uploads/6865446feea87_IMG-20250510-WA0071.jpg'),
(485, 'VTM485', 'SSLC', '550043', 'Muhammed Jishad.c', 'Mohammed Basheer ', '9895348538', 'CHUKKAN HOUSE KOLAPPURAM ', '', 'PKMM HSS EDARIKODE ', '3', '40', 'uploads/686544af0da3f.png', 'uploads/686544af0dc65_IMG-20250702-WA0177.jpg'),
(486, 'VTM486', 'SSLC', '551887', 'Fathima Rifa ak ', 'Imadudheen ak', '9605776002', 'Anchukandan house ', '', 'Markaz public school mambheethi ', '1', '21', 'uploads/686547226a46b.png', 'uploads/686547226a774_20250702_201729.jpg'),
(487, 'VTM487', 'SSLC', '547600', 'MIDHA A', 'Mohamed Wasim', '9746948346', 'ALANGADAN ', '', 'IUHSS PARAPPUR ', '7', '138', 'uploads/686547aa28c19.png', 'uploads/686547aa28e1a_0ee647b8-ecf9-40a8-b881-1371a754ab0d.jpeg'),
(488, 'VTM488', 'SSLC', '541727', 'Fathima rinsha.p', 'Alavi pangat ', '8086900718', 'Pangat house ', '', 'Pptmyhss cherur', '5', '78', 'uploads/6865488ec9c6b.png', 'uploads/6865488ec9f9e_Screenshot_2025-05-09-18-33-12-09_439a3fec0400f8974d35eed09a31f914.jpg'),
(489, 'VTM489', 'SSLC', '546552', 'SHAMIYA RAZIN MV', 'ASHRAF MV', '9567113730', 'Mukham veettil (H) ', '', 'ARNHSS CHENDAPURAYA', '3', '25', 'uploads/68654b0694b25.png', 'uploads/68654b0694fd3_IMG-20250702-WA0045.jpg'),
(490, 'VTM490', 'SSLC', '551886', 'Fathima Mushireefa ', 'Abdu rasheed ', '8156936054', 'Nayattil', '', 'Markaz Public school mambeethi ', '5', '75', 'uploads/68654b84a4155.png', 'uploads/68654b84a43ac_Screenshot_20250509_154626_Adobe Acrobat.jpg'),
(491, 'VTM491', 'SSLC', '540471', 'Mohamed Nafih AP', 'Abdul Nazar AP', '7025959306', 'Alparambil', '', 'Gvhss vengara', '5', '88', 'uploads/68654cc61705f.png', 'uploads/68654cc6173b8_IMG-20250509-WA0176.jpg'),
(492, 'VTM492', 'SSLC', '608342', 'Fathima hamna', 'Ummer', '7561004757', 'Chalil', '', 'D. U. H. S. S panakkad', '5', '81', 'uploads/68654d9131bd3.png', 'uploads/68654d9131db5_Screenshot_20250702_204516.jpg'),
(493, 'VTM493', 'PLUS TWO', '24302835', 'SAHNA', 'MUHAMMED SHAFEEKH', '9048229001', 'KARATTUCHALI', '', 'P. P. T. M. Y. H. S. S CHERUR', '4', '50', 'uploads/68654f6a40049.png', 'uploads/68654f6a4028d_Screenshot_2025-05-23-15-46-27-111_com.android.chrome.jpg'),
(494, 'VTM494', 'PLUS TWO', '24297228 ', 'Liya Fathima ', 'Haroon Rasheed Kappan ', '9544720987', 'Kappan house ', '', 'KMHSS Kuttoor North', '4', '63', 'uploads/6865503faf2a3.png', 'uploads/6865503faf636_IMG-20250522-WA0019.jpg'),
(495, 'VTM495', 'SSLC', '544912', 'Fathima anshiya. P', 'Muhammed basheer. P', '9539889331', 'Paramban (h)', '', 'Ghss othukkungal', '6', '104', 'uploads/68655043a467f.png', 'uploads/68655043a47f4_7bbac097-7cb9-4f51-849a-e1474fca1eba.jpeg'),
(496, 'VTM496', 'SSLC', '540795', 'Arathi.k', 'Unnikrishnan kolleeri ', '9847889055', 'Kolleeri (h)', '', 'PPTMYHSS CHERUR ', '1', '21', 'uploads/6865530edeb8d.png', 'uploads/6865530edee56_Screenshot_20250702_210712_Chrome.jpg'),
(497, 'VTM497', 'SSLC', '541947', 'MUHAMMED SINAN P', 'MOHIYUDEEN', '8606555386', 'PULAKKAL ', '', 'PPTMYHSS CHERUR ', '5', '77', 'uploads/686557e0945bd.png', 'uploads/686557e094854_Screenshot_20250702_213033_Drive.jpg'),
(498, 'VTM498', 'SSLC', '544614', 'SREESHMIKA. M', 'REGHUNATHAN. M', '8089443148', 'MUNNARASHAN VEETTIL', '', 'GHSS OTHUKKUNGAL', '7', '124', 'uploads/686557e87cbab.png', 'uploads/686557e87ce6d_Reg No. _ 544614 - SSLC Results 2025.pdf'),
(499, 'VTM499', 'SSLC', '554100', 'Fathima Hamna E.k', 'Ayyoob', '7025363915', 'Ezhuvathum kattil (H)', '', 'Ghs kuruka ', '1', '8', 'uploads/68655be096e63.png', 'uploads/68655be09721e_IMG_20250616_183352.jpeg'),
(500, 'VTM500', 'SSLC', '554104', 'Thanha k.T', 'Mujeeb rahiman', '9605277837', 'Kollam thodi(H)  ', '', 'Ghs kuruka ', '1', '13', 'uploads/68655dac01ef2.png', 'uploads/68655dac02136_3cfe942a-51ee-4595-b392-04d58ee18e59.jpeg'),
(501, 'VTM501', 'SSLC', '541520', 'PUNNYA DAS. C', 'MOHANDAS. C', '9895104088', 'Chalil', '', 'PPTMYHSS CHERUR ', '5', '88', 'uploads/68655dd8581cb.png', 'uploads/68655dd858404_Screenshot_2025-07-02-21-56-15-27_99c04817c0de5652397fc8b56c3b3817.jpg'),
(502, 'VTM502', 'SSLC', '541634', 'Hida fathima .A', 'Mohamed saleem Areekkan', '9061002010', 'Batticheeril house', '', 'PPTMYHSS cherur', '4', '64', 'uploads/68655e45716c0.png', 'uploads/68655e45718fb_IMG-20250509-WA0017~2.jpg');

-- --------------------------------------------------------

--
-- Table structure for table `ward`
--

CREATE TABLE `ward` (
  `id` int NOT NULL,
  `ward` varchar(50) CHARACTER SET utf8mb3 COLLATE utf8mb3_unicode_ci NOT NULL,
  `panchayath` int NOT NULL DEFAULT '0'
) ENGINE=InnoDB DEFAULT CHARSET=utf8mb3 COLLATE=utf8mb3_unicode_ci;

--
-- Dumping data for table `ward`
--

INSERT INTO `ward` (`id`, `ward`, `panchayath`) VALUES
(1, '1', 1),
(2, '2', 1),
(3, '3', 1),
(4, '4', 1),
(5, '5', 1),
(6, '6', 1),
(7, '7', 1),
(8, '8', 1),
(9, '9', 1),
(10, '10', 1),
(11, '11', 1),
(12, '12', 1),
(13, '13', 1),
(14, '14', 1),
(15, '15', 1),
(16, '16', 1),
(17, '17', 1),
(18, '18', 1),
(19, '19', 1),
(20, '20', 1),
(21, '21', 1),
(22, '22', 1),
(23, '23', 1),
(24, '24', 1),
(25, '1', 3),
(26, '2', 3),
(27, '3', 3),
(28, '4', 3),
(29, '5', 3),
(30, '6', 3),
(31, '7', 3),
(32, '8', 3),
(33, '9', 3),
(34, '10', 3),
(35, '11', 3),
(36, '12', 3),
(37, '13', 3),
(38, '14', 3),
(39, '15', 3),
(40, '16', 3),
(41, '17', 3),
(42, '18', 3),
(43, '19', 3),
(44, '20', 3),
(45, '21', 3),
(46, '22', 3),
(47, '23', 3),
(48, '24', 3),
(49, '1', 4),
(50, '2', 4),
(51, '3', 4),
(52, '4', 4),
(53, '5', 4),
(54, '6', 4),
(55, '7', 4),
(56, '8', 4),
(57, '9', 4),
(58, '10', 4),
(59, '11', 4),
(60, '12', 4),
(61, '13', 4),
(62, '14', 4),
(63, '15', 4),
(64, '16', 4),
(65, '17', 4),
(66, '18', 4),
(67, '19', 4),
(68, '20', 4),
(69, '21', 4),
(70, '22', 4),
(71, '23', 4),
(72, '24', 4),
(73, '1', 5),
(74, '2', 5),
(75, '3', 5),
(76, '4', 5),
(77, '5', 5),
(78, '6', 5),
(79, '7', 5),
(80, '8', 5),
(81, '9', 5),
(82, '10', 5),
(83, '11', 5),
(84, '12', 5),
(85, '13', 5),
(86, '14', 5),
(87, '15', 5),
(88, '16', 5),
(89, '17', 5),
(90, '18', 5),
(91, '19', 5),
(92, '20', 5),
(93, '21', 5),
(94, '22', 5),
(95, '23', 5),
(96, '24', 5),
(97, '1', 6),
(98, '2', 6),
(99, '3', 6),
(100, '4', 6),
(101, '5', 6),
(102, '6', 6),
(103, '7', 6),
(104, '8', 6),
(105, '9', 6),
(106, '10', 6),
(107, '11', 6),
(108, '12', 6),
(109, '13', 6),
(110, '14', 6),
(111, '15', 6),
(112, '16', 6),
(113, '17', 6),
(114, '18', 6),
(115, '19', 6),
(116, '20', 6),
(117, '21', 6),
(118, '22', 6),
(119, '23', 6),
(120, '24', 6),
(121, '1', 7),
(122, '2', 7),
(123, '3', 7),
(124, '4', 7),
(125, '5', 7),
(126, '6', 7),
(127, '7', 7),
(128, '8', 7),
(129, '9', 7),
(130, '10', 7),
(131, '11', 7),
(132, '12', 7),
(133, '13', 7),
(134, '14', 7),
(135, '15', 7),
(136, '16', 7),
(137, '17', 7),
(138, '18', 7),
(139, '19', 7),
(140, '20', 7),
(141, '21', 7),
(142, '22', 7),
(143, '23', 7),
(144, '24', 7);

--
-- Indexes for dumped tables
--

--
-- Indexes for table `panchayath`
--
ALTER TABLE `panchayath`
  ADD PRIMARY KEY (`id`);

--
-- Indexes for table `students`
--
ALTER TABLE `students`
  ADD PRIMARY KEY (`id`);

--
-- Indexes for table `ward`
--
ALTER TABLE `ward`
  ADD PRIMARY KEY (`id`);

--
-- AUTO_INCREMENT for dumped tables
--

--
-- AUTO_INCREMENT for table `panchayath`
--
ALTER TABLE `panchayath`
  MODIFY `id` int NOT NULL AUTO_INCREMENT, AUTO_INCREMENT=8;

--
-- AUTO_INCREMENT for table `students`
--
ALTER TABLE `students`
  MODIFY `id` int NOT NULL AUTO_INCREMENT, AUTO_INCREMENT=503;

--
-- AUTO_INCREMENT for table `ward`
--
ALTER TABLE `ward`
  MODIFY `id` int NOT NULL AUTO_INCREMENT, AUTO_INCREMENT=145;
COMMIT;

/*!40101 SET CHARACTER_SET_CLIENT=@OLD_CHARACTER_SET_CLIENT */;
/*!40101 SET CHARACTER_SET_RESULTS=@OLD_CHARACTER_SET_RESULTS */;
/*!40101 SET COLLATION_CONNECTION=@OLD_COLLATION_CONNECTION */;
