-- phpMyAdmin SQL Dump
-- version 5.2.2
-- https://www.phpmyadmin.net/
--
-- Host: localhost:3306
-- Generation Time: Jan 25, 2026 at 01:53 PM
-- Server version: 8.0.45
-- PHP Version: 8.4.16

SET SQL_MODE = "NO_AUTO_VALUE_ON_ZERO";
START TRANSACTION;
SET time_zone = "+00:00";


/*!40101 SET @OLD_CHARACTER_SET_CLIENT=@@CHARACTER_SET_CLIENT */;
/*!40101 SET @OLD_CHARACTER_SET_RESULTS=@@CHARACTER_SET_RESULTS */;
/*!40101 SET @OLD_COLLATION_CONNECTION=@@COLLATION_CONNECTION */;
/*!40101 SET NAMES utf8mb4 */;

--
-- Database: `gdhhsxmy_mlavallikkunnu`
--

-- --------------------------------------------------------

--
-- Table structure for table `panchayath`
--

CREATE TABLE `panchayath` (
  `id` int NOT NULL,
  `panchayath` varchar(50) CHARACTER SET utf8mb3 COLLATE utf8mb3_unicode_ci NOT NULL
) ENGINE=InnoDB DEFAULT CHARSET=utf8mb3 COLLATE=utf8mb3_unicode_ci;

--
-- Dumping data for table `panchayath`
--

INSERT INTO `panchayath` (`id`, `panchayath`) VALUES
(1, 'Vallikkunnu'),
(2, 'Chelembra'),
(3, 'Pallikkal'),
(4, 'Peruvallur'),
(5, 'Thenhipalam'),
(6, 'Vallikkunnu'),
(7, 'Munniyur');

-- --------------------------------------------------------

--
-- Table structure for table `students`
--

CREATE TABLE `students` (
  `id` int NOT NULL,
  `registrationid` varchar(100) CHARACTER SET utf8mb3 COLLATE utf8mb3_unicode_ci NOT NULL DEFAULT '',
  `exam` varchar(100) CHARACTER SET utf8mb3 COLLATE utf8mb3_unicode_ci DEFAULT NULL,
  `regnumber` varchar(50) CHARACTER SET utf8mb3 COLLATE utf8mb3_unicode_ci NOT NULL,
  `name` varchar(100) CHARACTER SET utf8mb3 COLLATE utf8mb3_unicode_ci NOT NULL,
  `fathername` varchar(100) CHARACTER SET utf8mb3 COLLATE utf8mb3_unicode_ci DEFAULT NULL,
  `number` varchar(20) CHARACTER SET utf8mb3 COLLATE utf8mb3_unicode_ci DEFAULT NULL,
  `address` text CHARACTER SET utf8mb3 COLLATE utf8mb3_unicode_ci,
  `pincode` varchar(100) CHARACTER SET utf8mb3 COLLATE utf8mb3_unicode_ci NOT NULL DEFAULT '',
  `school` varchar(100) CHARACTER SET utf8mb3 COLLATE utf8mb3_unicode_ci NOT NULL,
  `panchayath` varchar(100) CHARACTER SET utf8mb3 COLLATE utf8mb3_unicode_ci DEFAULT NULL,
  `ward` varchar(50) CHARACTER SET utf8mb3 COLLATE utf8mb3_unicode_ci DEFAULT NULL,
  `photo` varchar(255) CHARACTER SET utf8mb3 COLLATE utf8mb3_unicode_ci DEFAULT NULL,
  `marklist` varchar(255) CHARACTER SET utf8mb3 COLLATE utf8mb3_unicode_ci DEFAULT NULL
) ENGINE=InnoDB DEFAULT CHARSET=utf8mb3 COLLATE=utf8mb3_unicode_ci;

--
-- Dumping data for table `students`
--

INSERT INTO `students` (`id`, `registrationid`, `exam`, `regnumber`, `name`, `fathername`, `number`, `address`, `pincode`, `school`, `panchayath`, `ward`, `photo`, `marklist`) VALUES
(1, 'VLTM001', 'SSLC', '606846', 'SIDHA FATHIMA -P', 'MUSTHAFA -P', '9656431337', 'PARAMBAN THODI (H)', '', 'VPKMMHSS PUTHUR PALLIKKAL', '3', '70', 'uploads/687b372698d60.png', 'uploads/687b372698ec7_Screenshot_20250509_203901_Chrome.jpg'),
(2, 'VLTM002', 'SSLC', '548230', 'Arya Suresh EP ', 'SURESH Kumar ', '7559044914', 'Edathumpadikkal house Chennakkalangadi po vellengal thenhipalam ', '', 'PKMMHSS EDARIKODE ', '5', '114', 'uploads/687b3b30e1a5c.png', 'uploads/687b3b30e1c79_Screenshot_2025-05-09-15-57-14-61_40deb401b9ffe8e1df2f1cc5ba480b12.jpg'),
(3, 'VLTM003', 'SSLC', '607244', 'Rifa kp', 'Mohammed Ajmal khan ', '8592845882', 'Pokideeri ', '', 'Vpkmmhss ', '3', '70', 'uploads/687b3d6c7adb2.png', 'uploads/687b3d6c7af6e_Screenshot_20250719_120216_WhatsApp.jpg'),
(4, 'VLTM004', 'SSLC', '638939', 'Dilna fathima.N', 'Shabeer.N', '9747013268', 'Sahira’s', '', 'G.G.V.H.S.S feroke', '2', '40', 'uploads/687b3e9083ddb.png', 'uploads/687b3e9083fa5_cd4d14bd-6d68-486c-8d3e-e9b22d3be15f.jpeg'),
(5, 'VLTM005', 'PLUS TWO', '24282542', 'Sajil rahman T', 'Habeeburahman', '8943230450', 'Thiruthummal', '', 'GMHSS CU CAMPUS ', '5', '107', 'uploads/687b4024d3178.png', 'uploads/687b4024d354e_IMG_0667.jpeg'),
(6, 'VLTM006', 'PLUS TWO', '24282706', 'Abhirami. Vp', 'Pradeep. Vp', '7736276597', 'Deepam(ho) ', '', 'GMHSS CU CAMPUS', '5', '103', 'uploads/687b4102df5e3.png', 'uploads/687b4102df943_IMG-20250522-WA0010.jpg'),
(7, 'VLTM007', 'SSLC', '545679', 'Haifa aysha', 'Abdul gafoor. M', '8078026289', 'Mullakantakath', '', 'NNMHSS', '2', '28', 'uploads/687b414821017.png', 'uploads/687b414821218_17529079830063139135959719397700.jpg'),
(8, 'VLTM008', 'SSLC', '607120', 'Aysha shama ', 'Shamsudheen.p', '8606210902', 'Edattu', '', 'Vpkmmhss puthur pallikkal ', '3', '71', 'uploads/687b41cf1953b.png', 'uploads/687b41cf196cf_Screenshot_2025-05-09-15-45-38-37_40deb401b9ffe8e1df2f1cc5ba480b12.jpg'),
(9, 'VLTM009', 'SSLC', '536254', 'NAYANA KISHOR K', 'KISHOR S', '9400776519', 'KORAM KUNGARA HOUSE', '', 'GMHSS CU CAMPUS', '3', '51', 'uploads/687b43721a919.png', 'uploads/687b43721ac2c_KERALA Board Xth 2025 Result.pdf'),
(10, 'VLTM010', 'SSLC', '536045', 'NANDHANA SAJEESH  V.P', 'SAJEESH V.P', '8089437142', 'VADAKEPURAKKAL', '', 'G. M. H .S. S  CALICUT UNIVERSITY', '5', '102', 'uploads/687b439006a4a.png', 'uploads/687b439006ce1_a.jpg'),
(11, 'VLTM011', 'PLUS TWO', '242825', 'Shadil k', 'Shahul hameed k', '9605603818', 'Kadasseri house', '', 'Gmhss cu campus', '5', '103', 'uploads/687b44a794d2c.png', 'uploads/687b44a796615_Screenshot_20250719_123639.jpg'),
(12, 'VLTM012', 'PLUS TWO', '24282417', 'NAVANEETH.C', 'AKHILESH.C', '6282358683', 'KALLUNGAL HOUSE', '', 'GMHSS CU CAMPUS ', '5', '114', 'uploads/687b44bab62b1.png', 'uploads/687b44bab646a_Screenshot_20250522_154316_Chrome.jpg'),
(13, 'VLTM013', 'SSLC', '535731', 'Fathima sherin k ', 'Nisar k', '7592025812', 'Kakkattu parambil', '', 'G v h s s CHELARI ', '7', '151', 'uploads/687b450a9c0ff.png', 'uploads/687b450a9c315_Screenshot_2025-05-09-15-39-16-60.jpg'),
(14, 'VLTM014', 'SSLC', '548158', 'Shifna sherin.T', 'Muhammed shereef.T', '9995773991', 'Thodiyan ', '', 'GHSS peruvallur', '4', '79', 'uploads/687b4540bd9b5.png', 'uploads/687b4540bdc27_IMG_20250719_124058.jpg'),
(15, 'VLTM015', 'PLUS TWO', '24305821', 'Ayisha Fidha K', 'Mujeeb K', '9778461734', 'Chalodiyil', '', 'VPKMMHSS Puthur Pallikkal', '3', '54', 'uploads/687b4551b06fa.png', 'uploads/687b4551b1762_IMG-20250719-WA0001.jpg'),
(16, 'VLTM016', 'PLUS TWO', '24305960', 'Masitha. K. P', 'Muhammed. K. P', '9747982088', 'Kappuparambil ', '', 'V. P. K. M. M. H. S. S puthur pallikkal', '3', '66', 'uploads/687b460becefb.png', 'uploads/687b460bed206_IMG-20250527-WA0043.jpg'),
(17, 'VLTM017', 'PLUS TWO', '24297634', 'Anavadya.k', 'Harikumar.k', '9744543448', 'Suhana ', '', 'CBHSS vallikkunnu ', '1', '2', 'uploads/687b4650cf6eb.png', 'uploads/687b4650cf896_IMG-20250523-WA0117.jpg'),
(18, 'VLTM018', 'SSLC', '536199', 'ADITHYA K T', 'PRATHEESH K T', '9567707139', 'MADATHALIL HOUSE', '', 'GOVT MODEL HSS CALICUT UNIVERSITY CAMPUS', '5', '111', 'uploads/687b499a3dde9.png', 'uploads/687b499a3df99_27c9add3-df63-40b6-ace2-62a2968ae09d.jpg'),
(19, 'VLTM019', 'SSLC', '540176', 'Afra sheri. C', 'Ali chonari', '9048271896', 'Chonari (h)', '', 'MHS moonniyur', '7', '163', 'uploads/687b4a32c1c06.png', 'uploads/687b4a32c1fb2_IMG-20250509-WA0049.jpg'),
(20, 'VLTM020', 'PLUS TWO', '24282798', 'Ayisha Hibana TK ', 'Moideen Bava TK ', '7907039194', 'Chakkalakkal ', '', 'GMHSS CU CAMPUS ', '7', '156', 'uploads/687b4a47779dc.png', 'uploads/687b4a4777bfd_IMG-20250522-WA0140.jpg'),
(21, 'VLTM021', 'PLUS TWO', '24282623', 'JINABAN. T', 'SHAJIMON. T', '9847465993', 'Thalappil House', '', 'GMHSS CU CAMPUS ', '7', '152', 'uploads/687b4a7778eed.png', 'uploads/687b4a7779194_Screenshot_20250524_124957.jpg'),
(22, 'VLTM022', 'SSLC', '545695', 'Shanha Fathima N', 'Shajahan N', '8156944841', 'Padinjareppadam', '', 'NNMHSS Chelembra', '2', '40', 'uploads/687b4b25dfce5.png', 'uploads/687b4b25e1766_Screenshot_20250719-130645.jpg'),
(23, 'VLTM023', 'PLUS TWO', '24282726', 'Sanjana.k ', 'Thyagarajan.k', '8943157651', 'Karingam kulangara', '', 'GMHSS CU Campus', '5', '110', 'uploads/687b4b5fec836.png', 'uploads/687b4b5fec999_IMG-20250522-WA0110.jpg'),
(24, 'VLTM024', 'PLUS TWO', '24305722', 'ABHISHEK. T', 'ANIL KUMAR. T', '9847409820', 'Kuruvampadathmadu house, Neerolpalam, Thenhipalam(Post)', '', 'VPKMMHSS,Puthurpallikkal', '5', '109', 'uploads/687b4c32a2d27.png', 'uploads/687b4c32a2f47_Screenshot_2025-07-19-13-10-11-48_6012fa4d4ddec268fc5c7112cbb265e7.jpg'),
(25, 'VLTM025', 'SSLC', '607254', 'Sanha shemi T ', '(Late) mother: junaira', '9809626018', 'Pallikkal bazar anoor perumthodi house ', '', 'Vpkmmhss puthur pallikkal ', '3', '65', 'uploads/687b4c77e7ae4.png', 'uploads/687b4c77e7dac_Screenshot_20250719-131008.png'),
(26, 'VLTM026', 'PLUS TWO', '24282629', 'SIVAPRIYA U', 'MANIKANDAN U', '8590168293', 'PRASADAM ', '', 'GMHSS CU CAMPUS', '3', '52', 'uploads/687b4ce82c25d.png', 'uploads/687b4ce82c3f9_image.jpg'),
(27, 'VLTM027', 'PLUS TWO', '24305907', 'FATHIMA NAJA AT ', 'KUNHAMMED KUTTY AT ', '9744807125', 'KATTALIL (H)', '', 'VPKMMHS PUTHUR PALLIKKAL ', '3', '66', 'uploads/687b4d14c12d2.png', 'uploads/687b4d14c147c_IMG-20250522-WA0007.jpg'),
(28, 'VLTM028', 'PLUS TWO', '24282625', 'LAKSHMI GAYATHRI KT', 'SASIDHARAN ', '9400889807', 'Naithyaka chembrakuzhi', '', 'GMHSS CU CAMPUS ', '5', '104', 'uploads/687b510522280.png', 'uploads/687b5105223a4_HSE _ VHSE RESULTS 2025.pdf'),
(29, 'VLTM029', 'SSLC', '547874', 'Bhavya v', 'Bhaskaran v', '9447367639', 'Vazhangatt areekkal house ', '', 'Ghss peruvallur ', '7', '155', 'uploads/687b517ad379d.png', 'uploads/687b517ad39d2_17529121966031937661624512692827.jpg'),
(30, 'VLTM030', 'PLUS TWO', '24294585', 'MUHAMMED SHAKEEB T', 'ABDUL MUNEER T', '8281879900', 'THEKKEKANDI HOUSE', '', 'NNMHSS Chelembra ', '2', '37', 'uploads/687b519d221ac.png', 'uploads/687b519d22454_HSE _ VHSE RESULTS 2025 shakeeb (1).pdf'),
(31, 'VLTM031', 'PLUS TWO', '24282804', 'FATHIMA RINSHA CK', 'ABDU RAZAQ CK', '9895506432', 'Chenganakkattil(H)', '', 'GMHSS CU CAMPUS ', '7', '154', 'uploads/687b522fe2456.png', 'uploads/687b522fe2635_IMG-20250530-WA0135.jpg'),
(32, 'VLTM032', 'PLUS TWO', '24306033', 'Fathima Nihala.KT', 'Alavikutty.KT', '9048208303', 'Anthekkadu ', '', 'VPKMMHSS PUTHUR PALLIKKAL', '4', '76', 'uploads/687b5259756e9.png', 'uploads/687b52597590f_HSE _ VHSE RESULTS 2025.pdf'),
(33, 'VLTM033', 'PLUS TWO', '24241032', 'MUHAMMED NAFIH C K ', 'C K ASHRAF ', '9747644690', 'CHATHAMBATTU KALATHINGAL ', '', 'MARKAZ H S KARANTHUR ', '4', '93', 'uploads/687b538241735.png', 'uploads/687b5382418b5_IMG_20250719_132405.jpg'),
(34, 'VLTM034', 'SSLC', '536321', 'ALAN RISHAN   K', 'Tojo k jose', '7594850997', 'Roshan villa', '', 'G M H S S   C U CAMPUS', '5', '102', 'uploads/687b55bd83659.png', 'uploads/687b55bd838ff_IMG_9551.jpeg'),
(35, 'VLTM035', 'SSLC', '536320', 'AKSHAY DEV C', 'DEVADASAN C', '9495591153', 'NEELACHODIYIL DEVADEYAM', '', 'GOVT MODEL HSS CALICUT UNIVERSITY CAMPUS', '5', '105', 'uploads/687b5600ad3a8.png', 'uploads/687b5600ad5a5_AKSHAY DEV.jpg'),
(36, 'VLTM036', 'SSLC', '607141', 'FATHIMA HUDHA KT ', 'SIDHIQUE KT', '8606849640', 'ANALUZHIYIL HOUSE ', '', 'VPKMMHS PUTHUR PALLIKKAL', '3', '63', 'uploads/687b5641d80c1.png', 'uploads/687b5641d82a4_Fasthima Result .jpg'),
(37, 'VLTM037', 'PLUS TWO', '24305901', 'DILFA CK', 'ABBAS CK', '9846447177', 'POTHALAKKAL HOUSE ', '', 'VPKMMHSS PUTHUR PALLIKKAL ', '3', '65', 'uploads/687b581713f3f.png', 'uploads/687b5817141bd_IMG_20250719_135229.png'),
(38, 'VLTM038', 'PLUS TWO', '24340729', 'SANA NASREEN V', 'SHAJITH VAKATHODIKA', '9446844650', 'VAKATHODIKA HOUSE', '', 'MHSS MOONNIYUR ', '7', '161', 'uploads/687b585673dc1.png', 'uploads/687b585674029_8468a0b2-808f-4cd6-8da7-267d7b8e69d0.jpeg'),
(39, 'VLTM039', 'PLUS TWO', '24274346', 'SHANA ASHRAF', 'ASHRAF', '9846282020', 'CHEMBAN ', '', 'Ghss Tirurangadi', '7', '164', 'uploads/687b5b307dfd9.png', 'uploads/687b5b307e243_IMG_4258.jpeg'),
(40, 'VLTM040', 'PLUS TWO', '24305934', 'Afeefa kc', 'Abdul Gafoor kc', '9744572648', 'Chirakkal (h) Devathiyal', '', 'Vpkmmhss puthur pallikkal', '3', '68', 'uploads/687b5b3409990.png', 'uploads/687b5b3409c68_IMG-20250719-WA0137.jpg'),
(41, 'VLTM041', 'PLUS TWO', '24340797', 'NIDA FATHIMA.C', 'MANSOOR.C', '9947694335', 'CT HOUSE', '', 'MHSS Moonniyur', '7', '156', 'uploads/687b5dd11728e.png', 'uploads/687b5dd1174b3_Screenshot_20250522_155027_Chrome.jpg'),
(42, 'VLTM042', 'SSLC', '614452', 'Thanha fathima. K', 'Ishak. K', '8714951128', 'Pulpparambu house', '', 'Markaz public school,aikkarapadi ', '3', '66', 'uploads/687b5e216cdbb.png', 'uploads/687b5e216cff2_sslc25.pdf'),
(43, 'VLTM043', 'SSLC', '552280', 'Muhammed Rahnaz ', 'Aboobacker sidheeq ', '7902815911', 'Areekkan house', '', 'Najath HSS PERUVALLUR ', '4', '83', 'uploads/687b5f3a7c1e1.png', 'uploads/687b5f3a7c413_Rizuresultpdf.pdf'),
(44, 'VLTM044', 'SSLC', '553421', 'ZADIYA RASHEED ', 'ABDUL RASHEED VP ', '7034425927', 'VADAKKEPURATH ', '', 'NIBRAS SECONDARY SCHOOL ', '7', '160', 'uploads/687b5fbcd3d3b.png', 'uploads/687b5fbcd3ecd_IMG_20250719_143103.jpg'),
(45, 'VLTM045', 'SSLC', '536366', 'VIVEK. NP', 'BABU. NP', '9961541768', '389/B', '', 'GMHSS CU CAMPUS', '7', '151', 'uploads/687b623c369f5.png', 'uploads/687b623c36b11_IMG_20250509_161344.jpg'),
(46, 'VLTM046', 'PLUS TWO', '24301962', 'FATHIMA FIDHA.C ', 'ASKAR ALI.C ', '7034137495', 'ARYATHODI ', '', 'PPMHSS KOTTUKKARA ', '3', '53', 'uploads/687b6376a80ed.png', 'uploads/687b6376a8288_Kerala Board XIIth 2025 Result.PDF'),
(47, 'VLTM047', 'SSLC', '607428', 'Noshin Malik K ', 'Kassim Malik K', '7907499556', 'Achanthodi ', '', 'VPKMMHSS Puthur Pallikkal', '3', '65', 'uploads/687b643793d68.png', 'uploads/687b643793eb3_Screenshot_20250719_145316_WhatsApp.jpg'),
(48, 'VLTM048', 'PLUS TWO', '24305738', 'Fathima fida Anchalan', 'Mohammed kabeer Anchalan', '9961072695', 'Anchalan house', '', 'VPKMM HSS Puthurpallikkal', '4', '91', 'uploads/687b64fe9368e.png', 'uploads/687b64fe938e3_IMG-20250707-WA0031.jpg'),
(49, 'VLTM049', 'SSLC', '537811', 'Naina Shirin ', 'Muhammed Ashraf ', '9847669336', 'Narikkunni house', '', 'MVHSS Ariyallur ', '1', '12', 'uploads/687b66732974a.png', 'uploads/687b667329a25_IMG-20250509-WA0160.jpg'),
(50, 'VLTM050', 'SSLC', '537798', 'Fathima nihma cp', 'Abdul latheef cp', '9847984531', 'Chudukkadu parambu', '', 'Mvhss ariyallur', '6', '142', 'uploads/687b669a95a45.png', 'uploads/687b669a95d20_IMG-20250719-WA0012.jpg'),
(51, 'VLTM051', 'PLUS TWO', '24335852', 'FATHIMA RANNA K ', 'MUHAMMAD ASHRAF K', '9605327890', 'KUTTIPPARAMBIL ', '', 'RHSS VYDYARANGADI ', '2', '26', 'uploads/687b66c3cc724.png', 'uploads/687b66c3cc8fb_IMG_20250719_150051.jpg'),
(52, 'VLTM052', 'SSLC', '607174', 'FATHIMA SHAHMA K', 'SHAJIMON KP', '7902942517', 'CHALIYIL HOUSE', '', 'VPKMMHSS PUTHUR PALLIKKAL', '3', '67', 'uploads/687b673a8efe7.png', 'uploads/687b673a8f207_IMG-20250619-WA0037.jpg'),
(53, 'VLTM053', 'SSLC', '545671', 'FATHIMA NAJAH.K', 'MUHAMMED FAROOK.K', '9746302312', 'Velutha Parambil', '', 'NNMHSS CHELEMBRA', '2', '43', 'uploads/687b67edd5f81.png', 'uploads/687b67edd60ef_IMG_9584.jpeg'),
(54, 'VLTM054', 'SSLC', '537552', 'Nashiya c.p', 'Shihab ', '9207863387', 'Cheemamuvinte purakkal ', '', 'Mvhss ariyallur ', '1', '17', 'uploads/687b68a36a7e9.png', 'uploads/687b68a36aa26_Screenshot_2025-06-13-13-08-51-12.jpg'),
(55, 'VLTM055', 'SSLC', '537824', 'Vedalakshmi P', 'Prejesh Kumar k s', '9446642744', 'Vedas', '', 'Mvhss Ariyallur', '1', '16', 'uploads/687b6923155d0.png', 'uploads/687b692315828_IMG_6339.jpeg'),
(56, 'VLTM056', 'SSLC', '546545', 'RINSHIDA PC', 'MUHAMMED RAFEEQ PC ', '9061695672', 'PC HOUSE ', '', 'AR NAGAR HSS CHENDAPURAYA ', '4', '83', 'uploads/687b6bfd24017.png', 'uploads/687b6bfd24246_IMG-20250719-WA0243.jpg'),
(57, 'VLTM057', 'PLUS TWO', '24294348', 'Haniya.k', 'Muhammad sameer. K', '9526471316', 'Parakkulambil(H)', '', 'NNMHSS CHELEMBRA ', '2', '41', 'uploads/687b6c06610f3.png', 'uploads/687b6c0661311_Screenshot_20250523-131326_WhatsApp.jpg'),
(58, 'VLTM058', 'SSLC', '545465', 'Avani. C. K', 'Shaji. C. K', '9847269010', 'Cherusseri kuzhi(H) Chelembra(PO) ', '', 'NNMHSS chelembra', '2', '36', 'uploads/687b6e2b19090.png', 'uploads/687b6e2b193f9_IMG-20250719-WA0005.jpg'),
(59, 'VLTM059', 'SSLC', '546817', 'Aysha shilvi TK', 'Shameem Tk', '9946440490', 'Thuppilikat ', '', 'A R Nagar HS S chendapuraya', '4', '83', 'uploads/687b6eb07ea02.png', 'uploads/687b6eb07ec6e_IMG_1529.jpeg'),
(60, 'VLTM060', 'SSLC', '549151', 'ANFIDHA SHERIN NM', 'ABDUL AZEEZ NM', '9072469904', 'NARIKOTT MECHERI MULLAN KUZHI HOUSE ', '', 'PKMMHSS EDARIKODE ', '7', '163', 'uploads/687b706b8bb4d.png', 'uploads/687b706b8bd3e_IMG_2320.jpeg'),
(61, 'VLTM061', 'SSLC', '604778', 'Shifna.ap', 'Mujeeb allippara ', '9847510377', 'Allippara parammal', '', 'PPMHSS kottukara', '3', '59', 'uploads/687b713579d8c.png', 'uploads/687b71357a09c_IMG-20250719-WA0004(1).jpg'),
(62, 'VLTM062', 'SSLC', '535649', 'ANJALI. A. N', 'AKHILESH KUMAR', '9946625219', 'KUNIYANCHERI (H)', '', 'GVHSS CHELARI', '5', '117', 'uploads/687b71d34d2d5.png', 'uploads/687b71d34d451_IMG_20250719_154241.jpg'),
(63, 'VLTM063', 'SSLC', '551553', 'Rabsha rasly kk ', 'Abdul Rasheed kk', '9744354541', 'Kaithakath kandanath', '', 'Crhss velimukku ', '7', '169', 'uploads/687b71dbc64f1.png', 'uploads/687b71dbc670a_Screenshot_20250719_155128_WhatsApp.jpg'),
(64, 'VLTM064', 'PLUS TWO', '24312067', 'ABHIJITH A', 'AJITH NAYAR R', '9747904407', 'MUHAMMED HAJI QTRS', '', 'ST PAULS EMHSS THENJIPPALAM', '3', '69', 'uploads/687b72aec3303.png', 'uploads/687b72aec34c4_IMG_20250719_141431.jpg'),
(65, 'VLTM065', 'SSLC', '546388', 'AMAL JINAN K M', 'Jaisal K M ', '9895590887', 'KALLIYIL MANGAT ', '', 'CBHSS VALLIKUNNU ', '1', '9', 'uploads/687b74306eb22.png', 'uploads/687b74306edb4_IMG-20250719-WA0085.jpg'),
(66, 'VLTM066', 'PLUS TWO', '24306028', 'Fathima Fidah KT ', 'Mohammed Musthafa KT ', '6235256642', 'Thazhe avinhikkad ', '', 'Vpkmmhss puthur pallikal ', '4', '76', 'uploads/687b745ad7217.png', 'uploads/687b745ad73f6_IMG_20250719_155717.jpg'),
(67, 'VLTM067', 'SSLC', '604572', 'Fathima Rinsha. C', 'Anwar Sadiq. C', '9847010402', 'Haseena Manzil', '', 'PPMHSS kottukara ', '4', '87', 'uploads/687b76f551511.png', 'uploads/687b76f551747_Screenshot_20250615_154534_Chrome.jpg'),
(68, 'VLTM068', 'SSLC', '607064', 'FIDHA KK ', 'RASHEED KK', '9846737352', 'Nedumballiyil( house )', '', 'VPKMMHSS ', '3', '67', 'uploads/687b777d65517.png', 'uploads/687b777d65762_Screenshot_20250509_161650_Chrome.jpg'),
(69, 'VLTM069', 'SSLC', '551548', 'Fathima sanha pk ', 'Veerankutty pk', '9747247496', 'Puttekkadan ', '', 'CRHSS velimukku ', '4', '87', 'uploads/687b7919f1665.png', 'uploads/687b7919f17db_Screenshot_2025-05-09-15-55-13-034_com.android.chrome.jpg'),
(70, 'VLTM070', 'PLUS TWO', '24305844', 'Rana Samha.p', 'BEERAN KOYA.p', '9388561410', 'Koyappathodi ', '', 'V.P.K.M.M.H.S.S puthur pallikkal ', '3', '70', 'uploads/687b7921bf50d.png', 'uploads/687b7921bf6ab_202507191620.pdf'),
(71, 'VLTM071', 'SSLC', '536255', 'Niranjana K', 'Rajeesh K', '9633271420', 'Parakkuth Madhavam', '', 'GMHSS CU CAMPUS', '5', '112', 'uploads/687b7b8585877.png', 'uploads/687b7b8585b88_IMG-20250719-WA0032.jpg'),
(72, 'VLTM072', 'SSLC', '537873', 'Shahanas Sherin. P', 'Shanavas. P', '9061992805', 'Pulikkalakath', '', 'MVHSS Ariyallur', '1', '15', 'uploads/687b7bb92f9de.png', 'uploads/687b7bb92fc14_Screenshot_20250719_163317_Gallery.jpg'),
(73, 'VLTM073', 'SSLC', '604131', 'FADHI MANAL. P', 'SAIDALAVI. P', '9645356857', 'Koorkanparambu House', '', 'PPMHSS KOTTUKARA ', '3', '57', 'uploads/687b7bc610cd8.png', 'uploads/687b7bc610e43_Screenshot_20250719_163407_Gallery.jpg'),
(74, 'VLTM074', 'SSLC', '548111', 'AFREEDHA FATHIMA KC', 'MOIDHEEN KUTTY KC', '9847020760', 'Kuzhikkatt cholakkal ', '', 'GHSS PERUVALLUR ', '4', '85', 'uploads/687b7c27e41c6.png', 'uploads/687b7c27e42fb_IMG-20250509-WA0168.jpg'),
(75, 'VLTM075', 'SSLC', '631383', 'Devika P', 'Satheesh P', '9744458412', 'Palakkot purattil house, chelembra', '', 'Niveditha vidya peedom EMHS Ramanattukara ', '2', '27', 'uploads/687b7c5ec617f.png', 'uploads/687b7c5ec62c6_fe07c5cd-6dca-452c-a7d6-cd931d0e1bd6.jpeg'),
(76, 'VLTM076', 'SSLC', '536301', 'Rinsha fathima ', 'Abdul naseer. N. P', '9947350455', 'Njarakkattil ', '', 'GMHSS CU CAMPUS ', '5', '117', 'uploads/687b7d5f5f705.png', 'uploads/687b7d5f5f85d_1752923399460566675315062650216.jpg'),
(77, 'VLTM077', 'PLUS TWO', '24305893', 'Shafnas ', 'Shamsudheen', '8089683728', 'Shabnasvilla chirakkal madu devadiyal ', '', 'Vpkmmhss puthoor Pallikkal ', '3', '68', 'uploads/687b7dc22f543.png', 'uploads/687b7dc22f76d_85ac966d-bdf7-48a8-bb12-30deb062b9db.jpeg'),
(78, 'VLTM078', 'PLUS TWO', '24282449', 'PARVATHY. E. K', 'SREEJITH. E. K', '8129880215', 'Sreebhavan ', '', 'GMHSS CU CAMPUS ', '7', '154', 'uploads/687b7f8db9216.png', 'uploads/687b7f8db9410_IMG-20250719-WA0001.jpg'),
(79, 'VLTM079', 'SSLC', '553431', 'MUHAMMED SHIBILI NP', 'MUSTHAFA NP', '9744559510', 'NEELADICHI PARAMBATH house ', '', 'NIBRAS SECONDARY SCHOOL MOONIYUR ', '7', '171', 'uploads/687b806ecdcd0.png', 'uploads/687b806ecde5c_Screenshot_20250603-074355.png'),
(80, 'VLTM080', 'SSLC', '535936', 'MINHA. P', 'ABDUL SALAM. P', '9747883941', 'PUTHUTHODI HOUSE ', '', 'Govt. V. H. S. S chelari ', '5', '115', 'uploads/687b8094cece5.png', 'uploads/687b8094ceee2_IMG-20250509-WA0030.pdf'),
(81, 'VLTM081', 'SSLC', '535928', 'Fathima Shahana kp', 'Muhammed Ismail kp', '9526294549', 'Badar Manzil', '', 'GVHSS CHELARI ', '1', '15', 'uploads/687b80a5b7dc0.png', 'uploads/687b80a5b7ede_Screenshot_20250524-213340.jpg'),
(82, 'VLTM082', 'PLUS TWO', '24306003', 'Rihana Thasni.K.T', 'Abdu Raheem.K.T', '9048683859', 'Koottakkallungal', '', 'VPKMMHSS Puthur pallikkal', '3', '54', 'uploads/687b811c84e07.png', 'uploads/687b811c84f7c_IMG_20250522_160607.jpg'),
(83, 'VLTM083', 'SSLC', '604661', 'LIYAH A', 'MOHAMMED RAFEEQU A', '9495075591', 'Kizhakkeyil ', '', 'PPMHSS Kottukkara', '3', '64', 'uploads/687b819538a3f.png', 'uploads/687b819538c76_Screenshot_20250509_154629_Chrome.jpg'),
(84, 'VLTM084', 'SSLC', '24149342', 'GAYA N SHIJO', 'SHIJO N G', '9746285129', 'VARNANA', '', 'AIRPORT SCHOOL', '5', '106', 'uploads/687b832209041.png', 'uploads/687b832209228_Secondary School Examination (Class X) 2025.pdf'),
(85, 'VLTM085', 'SSLC', '536440', 'ANJANA K', 'UNNIKRISHNAN K', '9946446826', 'marakkattil house , vallikkunn, kadalundi nagaram,malappuram ,', '', 'ST. PAULS EMHSS THENHIPALAM ', '1', '3', 'uploads/687b833116862.png', 'uploads/687b833116a0a_IMG-20250719-WA0078.jpg'),
(86, 'VLTM086', 'SSLC', '640624', 'Niza Febin P ', 'Asif P ', '7025550709', 'Pazhayillath ', '', 'Seva Mandir Post Basic HSS,  Ramanattukara ', '2', '30', 'uploads/687b84218a22e.png', 'uploads/687b84218a569_IMG-20250516-WA0012.jpeg'),
(87, 'VLTM087', 'SSLC', '606683', 'AKSHAYA K S ', 'SAMBHU NAMBOODIRI ', '9072253547', 'KIZHAKKILLAM ', '', 'VPKMMHSS PUTHUR PALLIKKAL ', '3', '71', 'uploads/687b864aa65c4.png', 'uploads/687b864aa66f9_MY SSLC RESULT .pdf'),
(88, 'VLTM088', 'SSLC', '545731', 'Niranjan VN', 'Thankarajan Namboodiri VN ', '9895259886', 'Neelambari ', '', 'NNMHSS CHELEMBRA ', '2', '39', 'uploads/687b86698d54e.png', 'uploads/687b86698d7e9_Screenshot_20250719_171459_Chrome.jpg'),
(89, 'VLTM089', 'SSLC', '607142', 'Fathima jalibha A', 'Mohammed jafar A', '8086367320', 'Athrappil chalil house kollamchina ', '', 'VPKMMHSS Puthur pallikal', '4', '85', 'uploads/687b87aa2f773.png', 'uploads/687b87aa2f97f_IMG-20250509-WA0095.jpg'),
(90, 'VLTM090', 'SSLC', '536256', 'Niranjana V', 'Bijumon Vadakethodi ', '9895872880', 'Sreevalsam ', '', 'GMHSS CU Campus ', '5', '111', 'uploads/687b880f2a3b6.png', 'uploads/687b880f2a604_IMG-20250719-WA0040.jpg'),
(91, 'VLTM091', 'SSLC', '607106', 'Anoona parvin ', 'Abdu Samad. K', '8606640623', 'Kakkattara house', '', 'Vpkmmhss puthur pallikkal ', '4', '91', 'uploads/687b889bbb48f.png', 'uploads/687b889bbb5c2_IMG-20250509-WA0051.jpg'),
(92, 'VLTM092', 'SSLC', '548099', 'FARHANA. PC', 'SHIHABUDHEEN. PC', '9961918450', 'Tharavadu', '', 'GHSS PERUVALLUR', '4', '77', 'uploads/687b89407d953.png', 'uploads/687b89407db05_Screenshot_2025-07-19-17-21-11-26_40deb401b9ffe8e1df2f1cc5ba480b12.jpg'),
(93, 'VLTM093', 'SSLC', '546240', 'Fathima Dhina. T', 'Abdul Manaf', '9746477994', 'Thazhathakath ', '', 'C B H S S Vallikkunnu', '1', '23', 'uploads/687b89beea880.png', 'uploads/687b89beeab4e_IMG-20250719-WA0091.jpg'),
(94, 'VLTM094', 'SSLC', '536205', 'ARPITHA ARUN NAIR', 'ARUN BAL', '9495997422', 'KALA', '', 'GMHSS CALICUT UNIVERSITY ', '2', '34', 'uploads/687b8a2b4fb89.png', 'uploads/687b8a2b4fd7c_IMG-20250719-WA0035.jpg'),
(95, 'VLTM095', 'PLUS TWO', '24305782', 'Nihala Sherin.V', 'Noufal Vakeri ', '9744151600', 'Thalethody ', '', 'Vpkmmhss puthur pallikkal ', '3', '70', 'uploads/687b8a89aa2f0.png', 'uploads/687b8a89aa434_IMG_20250719_171248.jpg'),
(96, 'VLTM096', 'SSLC', '539854', 'Fathima Nidacp ', 'Hussain cp', '9526350471', 'Chacki parambath erayam purath para (h)', '', 'MHSS', '7', '159', 'uploads/687b8c2e87ef5.png', 'uploads/687b8c2e8811c_IMG-20250509-WA0079.jpg'),
(97, 'VLTM097', 'SSLC', '537630', 'RIYA. P', 'MUHAMMED. P', '9072085858', 'PAINAT(H)', '', 'MVHSS ARIYALLUR ', '6', '140', 'uploads/687b8d0a17355.png', 'uploads/687b8d0a17509_Screenshot_2025-07-19-17-47-45-994_com.miui.gallery.jpg'),
(98, 'VLTM098', 'SSLC', '535912', 'Fathima ameena', 'Abdul azeez', '9048777145', 'Nambiparambil ', '', 'Gvhss chelari', '5', '115', 'uploads/687b8d0ccd5cb.png', 'uploads/687b8d0ccd7ac_IMG-20250509-WA0011.jpg'),
(99, 'VLTM099', 'SSLC', '552997', 'ALTAF HAMZA K', 'HAMSA KOYA KAMPURATH ', '9746578147', 'Kampurath House ', '', 'KHUTHUBUZAMAN EMHS CHEMMAD', '7', '153', 'uploads/687b8d45c5d67.png', 'uploads/687b8d45c5eae_IMG-20250509-WA0034.jpg'),
(100, 'VLTM100', 'SSLC', '553525', 'Muhammad aseeb.t', 'Sainul abid ', '8129531226', 'Thalakalakath', '', 'Tha e leem ', '1', '19', 'uploads/687b8e9daa99a.png', 'uploads/687b8e9daaef0_IMG_20250509_162150.jpg'),
(101, 'VLTM101', 'SSLC', '536028', 'NIVEDITHA. P', 'SURESH. P', '7907425695', 'NIDHA ', '', 'GMHSS CU CAMPUS ', '7', '153', 'uploads/687b8fc158e3c.png', 'uploads/687b8fc159097_IMG-20250603-WA0059.jpg'),
(102, 'VLTM102', 'SSLC', '536300', 'Rena Majeed k', 'Abdul Majeed k', '9745202089', 'Palliyalil house', '', 'GMHSS CU CAMPUS ', '2', '34', 'uploads/687b907171332.png', 'uploads/687b907171484_Screenshot_2025_0719_180113.jpg'),
(103, 'VLTM103', 'SSLC', '537779', 'ABHIRAMI. V', 'VINOD. E', '7025431186', 'KALATHINGAL MEKKAT ', '', 'MVHSS ARIYALLUR ', '1', '20', 'uploads/687b908bd4c5b.png', 'uploads/687b908bd4f47_IMG_20250719_180013.jpg'),
(104, 'VLTM104', 'SSLC', '552959', 'Minha T ', 'Muhammed Haneefa T', '9656013140', 'Mengolimattil (H)', '', 'Khuthbuzzaman English Medium High School ', '4', '88', 'uploads/687b910986ca5.png', 'uploads/687b910986e6e_IMG-20250719-WA0105~2.jpg'),
(105, 'VLTM105', 'SSLC', '547929', 'Fathima thasni.K.T', 'Saidalavi ', '7558906035', 'Kuzhakkiyil ', '', 'GHSS Peruvalloor', '4', '80', 'uploads/687b913c7fb11.png', 'uploads/687b913c7fd05_Screenshot_20250509_161824.jpg'),
(106, 'VLTM106', 'SSLC', ' 604582', 'FATHIMA SAMEEHA CHOCKLY', 'ABDUL AZEEZ C', '9539529902', 'CHALIYIL HOUSE ', '', 'PPMHSS KOTTUKKARA', '4', '86', 'uploads/687b926a858d4.png', 'uploads/687b926a85bb6_969b3db0-54fe-415a-a131-b1e7f8046bdc.jpeg'),
(107, 'VLTM107', 'PLUS TWO', '24305823', 'Dhilha jinan k ', 'Ubaidulla k', '9605659527', 'Chanath house ', '', 'VPKMMHSS PUTHUR PALLIKKAL ', '3', '57', 'uploads/687b9412cf74c.png', 'uploads/687b9412cf8b0_Screenshot_20250522_153319_Samsung Internet.jpg'),
(108, 'VLTM108', 'SSLC', '607204', 'LIYA FATHIMA KK', 'SHABEERALI KK', '7736686603', 'ALIS MANZIL', '', 'V P K M M H S S puthur pallikkal', '3', '52', 'uploads/687b94f34e048.png', 'uploads/687b94f34e230_InShot_20250719_181759719.jpg'),
(109, 'VLTM109', 'SSLC', '536214', 'HAMNA FATHIMA K ', 'Musthafa K', '9947124273', 'CHALIYIL', '', 'GMHSS CU CAMPUS', '5', '106', 'uploads/687b98031b2b0.png', 'uploads/687b98031b5f5_Screenshot_20250617_205658_com_android_chrome_CustomTabActivity.jpg'),
(110, 'VLTM110', 'SSLC', '546263', 'Mehjabin fathima vp', 'Azeez vp', '8547059016', 'Valiyaparambil', '', 'Cbhss VALLIKKUNNU', '6', '140', 'uploads/687b98669d84e.png', 'uploads/687b98669da2f_IMG-20250509-WA0022.jpg'),
(111, 'VLTM111', 'SSLC', '545693', 'Shadha fathima k', 'Sidheeq.k', '7994586308', 'Vengassery house', '', 'N. N. M. H. S. S chelembra ', '2', '39', 'uploads/687b9885acb5d.png', 'uploads/687b9885acd15_Screenshot_2025-05-09-15-58-39-15.jpg'),
(112, 'VLTM112', 'SSLC', '607284', 'Abdul Hadi T', 'Hameed T', '8547293131', 'Ghazal', '', 'VPKMMHSS Puthur Pallikkal', '3', '53', 'uploads/687b9a0ccf91f.png', 'uploads/687b9a0ccfb4b_2d04c7b0-7313-444d-9ef9-dffef432f6d5.jpeg'),
(113, 'VLTM113', 'SSLC', '607075', 'Rifa Hana P', 'Hameed P', '8606616006', 'Parambanthodi House ', '', 'VPKMMHSS puthur pallikal ', '3', '70', 'uploads/687b9a6feb3a5.png', 'uploads/687b9a6feb5b7_Rifa Marklist.pdf'),
(114, 'VLTM114', 'PLUS TWO', '24340717', 'FATHIMA RAJA PP', 'JAFFAR PP', '9995999571', 'Eralakkal House ', '', 'MHSS Moonniyur', '7', '162', 'uploads/687b9b8ad3dbe.png', 'uploads/687b9b8ad3ff2_IMG-20250719-WA0001.jpg'),
(115, 'VLTM115', 'PLUS TWO', '24305849', 'Shabna Sherin P', 'Sarfudheen P', '9605122765', 'Thadathil house', '', 'VPKMMHSS PUTHOOR PALLIKKAL ', '3', '70', 'uploads/687b9bf77dcc6.png', 'uploads/687b9bf77df52_Screenshot_20250522-154545.png'),
(116, 'VLTM116', 'SSLC', '536031', 'Pooja U ', 'UNNIKRISHNAN P', '9961690101', 'BEENANILAYAM ', '', 'GMHSS CU Campus ', '5', '103', 'uploads/687b9bfb01a27.png', 'uploads/687b9bfb01e51_Reg NoPDF_250509_160721.pdf'),
(117, 'VLTM117', 'SSLC', '536134', 'Sanju sanev T', 'Santhosh T', '9605457046', 'Thayyil', '', 'G M H S S C U Campus', '7', '152', 'uploads/687b9c1cab91e.png', 'uploads/687b9c1caba82_Screenshot_20250509_195753.jpg'),
(118, 'VLTM118', 'SSLC', '537822', 'Sreelakshmi.K', 'Sudheer.K', '9961731578', 'Thikkalthody', '', 'MVHSS Ariyallur', '7', '173', 'uploads/687b9dda90cac.png', 'uploads/687b9dda91088_IMG_5167.jpeg'),
(119, 'VLTM119', 'SSLC', '536137', 'Sooraj T', 'Suresh T', '9947602411', 'Thayyil', '', 'G M H S S C U Campus', '7', '152', 'uploads/687b9e6e84337.png', 'uploads/687b9e6e8451b_Screenshot_20250509_165247.jpg'),
(120, 'VLTM120', 'SSLC', '607253', 'Raisha ', 'Ashraf kozhithodi ', '9846267622', 'Matumathodi house', '', 'Vpkmmhss puthur pallikkal ', '4', '94', 'uploads/687b9fcd20e4b.png', 'uploads/687b9fcd219a8_1752931802373.jpg'),
(121, 'VLTM121', 'SSLC', '539791', 'Diya.k', 'Shibu.k', '9074181461', 'Konthath, Edakkadathil (H)', '', 'MHSS Moonniyur ', '7', '159', 'uploads/687ba0316a147.png', 'uploads/687ba0316a3db_Screenshot_20250509-160117.jpg'),
(122, 'VLTM122', 'SSLC', '640530', 'Dina AT ', 'Abdul Jabbar AT ', '9847894133', 'Arakkal Tharayil ', '', 'SPBHSS RAMANATTUKARA ', '2', '28', 'uploads/687ba0e8e15f7.png', 'uploads/687ba0e8e18ee_Screenshot_2025_0719_191245.jpg'),
(123, 'VLTM123', 'SSLC', '607100', 'AFLA BINTHU FAISAL K ', 'FAISAL K', '9605475870', 'KALLIYATH (H) PUTHUR PALLIKKALL ', '', 'VPKMMHSS PUTHUR PALLIKKALL ', '3', '67', 'uploads/687ba123d0c66.png', 'uploads/687ba123d0f9b_IMG_20250616_155540.jpg'),
(124, 'VLTM124', 'SSLC', '536238', 'Sivananda.T', 'Sivadasan.T', '9744795324', 'Mele karekkatu puthusseri', '', 'G.M.H.S.S.CU.campus', '5', '105', 'uploads/687ba1f2c1743.png', 'uploads/687ba1f2c18ca_IMG-20250509-WA0007.jpg'),
(125, 'VLTM125', 'SSLC', '535934', 'LIYA JUMNA. C', 'ABDUL GAFOOR ', '9947777199', 'Avittilodi house', '', 'GVHSS CHELARI ', '7', '154', 'uploads/687ba2325c55f.png', 'uploads/687ba2325c8f7_IMG-20250509-WA0050.jpg'),
(126, 'VLTM126', 'SSLC', '552479', 'Cp muhammadshibil ', 'ABDUL NAZAR.CP', '9847424620', 'Chappagathil palaseri', '', 'Nemhss', '7', '161', 'uploads/687ba3226f7ce.png', 'uploads/687ba3226f92a_Screenshot_2025-07-19-19-22-11-245_com.whatsapp.jpg'),
(127, 'VLTM127', 'SSLC', '539849', 'Fathima Naja V', 'Kabeer V', '8590385104', 'Vembala, Nair Thodi House ', '', 'MHSS MOONNIYUR ', '7', '168', 'uploads/687ba38f7bb8d.png', 'uploads/687ba38f7bd44_IMG-20250719-WA0058.jpg'),
(128, 'VLTM128', 'SSLC', '540229', 'Kenza pp', 'Mohammed kutty ', '9446350822', 'Puthenpeediyekkal', '', 'Mhss moonniyur ', '7', '165', 'uploads/687ba6de3399a.png', 'uploads/687ba6de34a4b_IMG-20250719-WA0037.jpg'),
(129, 'VLTM129', 'SSLC', '536219', 'KRISHNENDU.V', 'BIJU DHARMARAJ', '7902647672', 'GOURISHANKARAM ', '', 'GMHSS CU CAMPUS', '2', '32', 'uploads/687ba772e36d2.png', 'uploads/687ba772e3a27_IMG-20250509-WA0220.jpg'),
(130, 'VLTM130', 'SSLC', '536242', 'Sreepriya.v', 'Sajeesh.V', '8848539188', 'Thattasserimadu', '', 'G.M.H.S.S CU campus', '5', '107', 'uploads/687ba7e6773e0.png', 'uploads/687ba7e677697_17529343078941817217386325548489.jpg'),
(131, 'VLTM131', 'SSLC', '537582', 'Farsana afsal ', 'Asainar ', '9995129544', 'Thalancheri house ', '', 'M V.H.S.S ariyallur ', '1', '5', 'uploads/687ba84ca621e.png', 'uploads/687ba84ca640a_Screenshot_20250719_194218.jpg'),
(132, 'VLTM132', 'PLUS TWO', '24340856', 'FATHIMA SAHDA KK ', 'SHOUKATH KK ', '8156946578', 'AMMATTIYERIL (H)', '', 'MOONNIYUR HIGHER SECONDARY SCHOOL ', '7', '160', 'uploads/687ba86a2b57e.png', 'uploads/687ba86a2b790_Screenshot_2025-05-22-15-34-45-48_40deb401b9ffe8e1df2f1cc5ba480b12.jpg'),
(133, 'VLTM133', 'SSLC', '536210', 'AYSHA BEEVI KONNOLA', 'SHARAFUDEEN K', '9947912314', 'KM VILLA', '', 'GMHSS CU CAMPUS', '5', '113', 'uploads/687ba893533ae.png', 'uploads/687ba8935368b_WhatsApp Image 2025-05-26 at 7.16.47 AM.jpeg'),
(134, 'VLTM134', 'SSLC', '537528', 'Dhanusree T', 'Sunil Thachedath ', '9744623622', 'Kunnath (H)', '', 'M V H S S Ariyallur', '7', '173', 'uploads/687ba8f08a892.png', 'uploads/687ba8f08a9e3_IMG-20250719-WA0020.jpg'),
(135, 'VLTM135', 'PLUS TWO', '24282452', 'Riya krishnan V ', 'VT krishnan', '9496361926', 'Valiyathodu house', '', 'GMHSS CU CAMPUS ', '5', '114', 'uploads/687ba904ad33a.png', 'uploads/687ba904ad57b_IMG_20250621_221455.jpg'),
(136, 'VLTM136', 'SSLC', '546141', 'Aadhilakshmi kp', 'Subash kp', '7034382087', 'Kuzhikkattil poovil ', '', 'CBHSS VALLIKKUNU ', '6', '139', 'uploads/687ba919222cd.png', 'uploads/687ba919223d9_17529345521918497072221400704568.jpg'),
(137, 'VLTM137', 'SSLC', '536222', 'NEEHARIKA S KUMAR', 'SUNILKUMAR K K', '9349735902', 'Binitha Nivas', '', 'GMHSS CU Campus', '5', '103', 'uploads/687ba91e6f7d6.png', 'uploads/687ba91e6f9e1_1752934575590717204023971725807.jpg'),
(138, 'VLTM138', 'SSLC', '607266', 'Dilna. Pk', 'AbdulSalam. Pk', '9048861288', 'Vakkayil', '', 'VPKMMHSS PUTHUR PALLIKAL', '4', '92', 'uploads/687ba99c4f0fe.png', 'uploads/687ba99c4f47a_IMG-20250512-WA0008.jpg'),
(139, 'VLTM139', 'PLUS TWO', '24296725', 'Aswin krishna kp', 'Subash kp', '7902342087', 'Kuzhikkattil poovil ', '', 'MVHSS ariyallur ', '6', '139', 'uploads/687baa51177a8.png', 'uploads/687baa51179fe_1000007274.jpg'),
(140, 'VLTM140', 'PLUS TWO', '24340819', 'Fathima Rushda.k', 'Abdul Majeed ', '8590954844', 'Keezhadath House ', '', 'Moonniyur Higher Secondary School ', '7', '160', 'uploads/687baaa8507df.png', 'uploads/687baaa850abc_Screenshot_2025-05-22-15-55-50-90_6431dcd7adc47d9b8b1ef172f656a796.jpg'),
(141, 'VLTM141', 'SSLC', '537786', 'ARCHANA. P', 'JIJEESH. P', '8139816587', 'PUZHAKKAL HOUSE', '', 'MVHSS ARIYALLUR', '1', '20', 'uploads/687bab8aad974.png', 'uploads/687bab8aadb9b_Screenshot_20250509-213645.png'),
(142, 'VLTM142', 'PLUS TWO', '24340849', 'Fathima Hafta.E', 'Fazalu rahman .e', '8073053263', 'Eranikkal', '', 'Mhss mooniyur', '7', '162', 'uploads/687bac29ceb6e.png', 'uploads/687bac29ceef5_IMG-20250719-WA0013.jpg'),
(143, 'VLTM143', 'SSLC', '607316', 'YADUNANDH P RAJ', 'RAJAN C', '9847376490', 'NILHA VARIYATH PALLIYALI', '', 'VPKMMHSS PUTHUR PALLIKKAL', '3', '53', 'uploads/687bacc8e6aa3.png', 'uploads/687bacc8e6de6_IMG_0883.jpeg'),
(144, 'VLTM144', 'PLUS TWO', '24305877', 'AMNA SHERI. A', 'Saidalavi. A', '8547209013', 'Kuzhimbil (H)', '', 'VPKMMHSS Puthur pallikkal', '3', '72', 'uploads/687bad07130d1.png', 'uploads/687bad0713419_Screenshot_20250719-195035_Gallery.jpg'),
(145, 'VLTM145', 'SSLC', '537813', 'NEHA. E', 'PRADEEP KUMAR. E', '9605735044', 'Edappadathil pachanamthodi (H)', '', 'MVHSS ARIYALLUR ', '5', '116', 'uploads/687bad55179a0.png', 'uploads/687bad5517c61_2025-07-19 20-02-40.pdf'),
(146, 'VLTM146', 'SSLC', '538272', 'FATHIMA NAZNIN.P', 'YOONUS.P', '7994922740', 'POTTATH HOUSE', '', 'G.H.S.S TIRURANGADI ', '7', '165', 'uploads/687bad595a235.png', 'uploads/687bad595a3d6_Screenshot_20250509-161801.png'),
(147, 'VLTM147', 'SSLC', '607219', 'Naja Fathima T ', 'Noufal T', '8089446454', 'Chirakkal parambil house ', '', 'Vpkmmhss puthur pallikal ', '3', '53', 'uploads/687badef57389.png', 'uploads/687badef57518_IMG_20250519_090819.jpg'),
(148, 'VLTM148', 'SSLC', '553401', 'Fathima Asna. Km', 'Abdul salam. Km', '8156821508', 'Kolathumattil (H)', '', 'Nibras secondary school', '7', '172', 'uploads/687bb0e6d5d4d.png', 'uploads/687bb0e6d5f4e_Screenshot_2025-06-21-15-35-36-25_40deb401b9ffe8e1df2f1cc5ba480b12.jpg'),
(149, 'VLTM149', 'PLUS TWO', '24282397', 'NAISHA FARYAL. T. K', 'MANZOOR ALI. T. K', '9656716944', 'NADUKKANDI', '', 'GMHSS CU CAMPUS ', '5', '108', 'uploads/687bb177b7530.png', 'uploads/687bb177b77fa_IMG-20250522-WA0053.jpg'),
(150, 'VLTM150', 'PLUS TWO', '24282394', 'HIBA NASRIN.P', 'FAIZAL.P.A', '9895692705', 'PARAPPURATH', '', 'GMHSS CU CAMPUS', '5', '111', 'uploads/687bb1e780d55.png', 'uploads/687bb1e780fc2_IMG_1554.jpeg'),
(151, 'VLTM151', 'SSLC', '536204', 'ANUVRINDHA P', 'PRAVEEN P V', '9447334439', 'G-11 Quarters ', '', 'GMHSS CU CAMPUS', '5', '106', 'uploads/687bb31cdafcc.png', 'uploads/687bb31cdb25e_Reg No. _ 536204 - SSLC Results 2025.pdf'),
(152, 'VLTM152', 'SSLC', '537907', 'NIVED AV', 'PRASANTH AV', '9074191788', 'ACHAMVEETTIL HOUSE ', '', 'MVHSS ARIYALLUR ', '1', '17', 'uploads/687bb3a07e56f.png', 'uploads/687bb3a07e8cf_IMG-20250719-WA0001.jpg'),
(153, 'VLTM153', 'SSLC', '536126', 'Nimal. V. P', 'Manoj. V. P', '9207891820', 'Maneesha, Elayedath', '', 'Gmhsscu campus', '5', '103', 'uploads/687bb4048729a.png', 'uploads/687bb40487578_IMG-20250719-WA0002.jpg'),
(154, 'VLTM154', 'PLUS TWO', '24305848', 'Safeeda', 'Ali.k', '8089171802', 'KKM manzil', '', 'Vpkmmhss puthur pallikkal ', '3', '66', 'uploads/687bb6dcebeb0.png', 'uploads/687bb6dcec167_IMG_2190.png'),
(155, 'VLTM155', 'SSLC', '553052', 'MUHAMMED NIHAL. P', 'ABDULVAHID. P', '9847636305', 'POTHARAMBATH HOUSE', '', 'KHUTHBUZZAMAN', '7', '166', 'uploads/687bb7645bea1.png', 'uploads/687bb7645c0b6_IMG-20250619-WA0015.jpg'),
(156, 'VLTM156', 'SSLC', '540179', 'Ayisha Minha.P', 'Muhammed Iqbal.P', '9995288318', 'Pangatt House', '', 'MHSS MOONNIYUR ', '7', '159', 'uploads/687bb8a35aa14.png', 'uploads/687bb8a35adc3_IMG-20250719-WA0047.jpg'),
(157, 'VLTM157', 'SSLC', '540341', 'Muhammed shamil. M', 'Abdul Nazer. M', '8086727339', 'Muttichirakkal ', '', 'MHSS MOONNIYUR ', '7', '166', 'uploads/687bb9fb22c93.png', 'uploads/687bb9fb22ef0_Screenshot_2025-05-09-17-42-08-528_com.android.chrome.jpg'),
(158, 'VLTM158', 'SSLC', '605444', 'Arwa Fida.M', 'Basheer.M', '9567167997', 'Chamminippalambil(H)', '', 'E.M.E.A.HSS Kondotty ', '3', '64', 'uploads/687bbc0d06fa1.png', 'uploads/687bbc0d0724d_IMG-20250509-WA0161.jpg'),
(159, 'VLTM159', 'PLUS TWO', '24282553', 'Riha fathima Dp', 'Riyas Dp', '7736106298', 'Thekkum Thottathil House', '', 'Calicut University ', '2', '33', 'uploads/687bbd780448a.png', 'uploads/687bbd7804751_HSE _ VHSE RESULTS 2025.PDF'),
(160, 'VLTM160', 'PLUS TWO', '24297664', 'BASILA SANA.K', 'USMAN KOYA. K', '9895343380', 'KOLOTH  (HO) VALLIKKUNNU', '', 'CBHSS VALLIKKUNNU', '1', '6', 'uploads/687bbe1321b87.png', 'uploads/687bbe1321da2_IMG-20250522-WA0369.jpg'),
(161, 'VLTM161', 'SSLC', '546192', 'ANASHWARA M ', 'VIKAS M', '9447352180', 'SREYAS, MELAYIL HOUSE ', '', 'CBHSS VALLIKKUNNU ', '1', '10', 'uploads/687bbe876d67e.png', 'uploads/687bbe876d807_Screenshot_2025-07-19-21-16-19-51_6012fa4d4ddec268fc5c7112cbb265e7.jpg'),
(162, 'VLTM162', 'SSLC', '546237', 'Fadiya TV', 'Jamaludeen TV', '9565850229', 'Thandalam valappil kattunghal house', '', 'CBHSS vallikkunnu', '1', '11', 'uploads/687bbe9bee2f7.png', 'uploads/687bbe9bee4f9_20250719_211900.jpg'),
(163, 'VLTM163', 'PLUS TWO', '24282369', 'Sreyas Chand.N.P.', 'N.P.Sasi.', '8075245353', 'Nellayi Parambil House ', '', 'Govt. Model H.S.S, C.U. Campus, Calicut University.', '1', '18', 'uploads/687bc101366a3.png', 'uploads/687bc10136891_IMG-20250522-WA0022(1).jpg'),
(164, 'VLTM164', 'SSLC', '537920', 'Yadu krishna pk ', 'Shaji', '6238427717', 'Ambadi', '', 'M V H S S Ariyallur ', '6', '139', 'uploads/687bc193b98e6.png', 'uploads/687bc193b9be2_IMG-20250719-WA0002.jpg'),
(165, 'VLTM165', 'SSLC', '537792', 'Devika T ', 'Rajeesh T ', '6238970796', 'Thennaram vakkeyil house ', '', 'MVHSS Ariyalur ', '1', '14', 'uploads/687bc1c975ae4.png', 'uploads/687bc1c975ca8_Screenshot_20250510-103624.png'),
(166, 'VLTM166', 'SSLC', '607312', 'KARTHIK-P', 'RAJESH-P', '9995679681', 'Mannarakkal house', '', 'V. P. K. M. M. H. S. S PUTHUR PALLIKKAL', '3', '70', 'uploads/687bc219531ca.png', 'uploads/687bc2195337b_KERALA Board Xth 2025 Result.pdf'),
(167, 'VLTM167', 'SSLC', '553407', 'Fathima Noura.C', 'Submit.C', '8943159048', 'Cherachen pookodathil ', '', 'Nibras Secondary School ', '7', '167', 'uploads/687bc5a15ae5c.png', 'uploads/687bc5a15b075_5AAD9539-9F2F-4357-98A0-DE27ACB3812F.jpeg'),
(168, 'VLTM168', 'SSLC', '606797', 'NIDA SHERIN K ', 'Noushad K ', '9947049622', 'KOTHERI ', '', 'VPKMMHSS PUTHUR PALLIKKAL ', '4', '76', 'uploads/687bc5dc852fd.png', 'uploads/687bc5dc85536_Screenshot_2025-07-19-21-36-40-854_com.whatsapp.jpg'),
(169, 'VLTM169', 'SSLC', '536206', 'Arya krishna.k.c', 'Radhakrishnan.k.c', '9747018783', 'Chelikkotte ', '', 'GMHSS CU CAMPUS ', '3', '69', 'uploads/687bc755531cc.png', 'uploads/687bc75553438_Screenshot_2025-07-19-21-47-39-384_com.miui.gallery.jpg'),
(170, 'VLTM170', 'SSLC', '545666', 'DILNA FATHIMA NP ', 'ABDUL GAFOOR NP ', '9526463538', 'NADAKASSERI PUTHUVAKKARA ', '', 'NNMHSS CHELEMBRA ', '2', '41', 'uploads/687bc75f6e40e.png', 'uploads/687bc75f6e509_Screenshot_2025-05-12-20-24-52-721-edit_com.whatsapp.jpg'),
(171, 'VLTM171', 'SSLC', '546223', 'Vrindha premaraj. T', 'Premarajan. T', '9544523495', 'Tharol kalluvalappil house ', '', 'CBHSS vallikunnu ', '6', '132', 'uploads/687bc7d2af91a.png', 'uploads/687bc7d4cf77d_IMG-20250509-WA0009.jpg'),
(172, 'VLTM172', 'SSLC', '546184', 'SREYA A', 'SHAJI ARAMMAL', '9747902756', 'SREESHYLAM', '', 'CBHSS', '1', '9', 'uploads/687bc8d71d764.png', 'uploads/687bc8d71d92c_IMG-20250626-WA0023.jpg'),
(173, 'VLTM173', 'SSLC', '536149', 'ABDUL JALEEL A P ', 'ABDUL RASHEED A P ', '9744901817', 'KUYYYAM KANDAM HOUSE ', '', 'GMHSS CU CAMPUS ', '5', '105', 'uploads/687bc934c04e3.png', 'uploads/687bc934c0688_DOC-20250602-WA0019..pdf'),
(174, 'VLTM174', 'SSLC', '607280', 'Sheza Sinha .K', 'Muneer koralotty ', '8129022716', 'Koralotty ', '', 'VPKMMHSS ', '4', '91', 'uploads/687bc982c3cb9.png', 'uploads/687bc982c3ed8_IMG-20250509-WA0009.jpg'),
(175, 'VLTM175', 'SSLC', '607149', 'FATHIMA MINHA PK ', 'RIYASUDHEEN PK', '9562076303', 'Palayil kaniyarath', '', 'VPKMMHSS puthur pallikkal', '3', '64', 'uploads/687bcd009b047.png', 'uploads/687bcd009b21d_IMG-20250719-WA0028.jpg'),
(176, 'VLTM176', 'SSLC', '536257', 'Shreya K', 'Gopalakrishnan K', '9539854631', '8156849821', '', 'Govt. model H S S calicut University campus ', '5', '109', 'uploads/687bcd483c303.png', 'uploads/687bcd483c49a_IMG_5899.png'),
(177, 'VLTM177', 'PLUS TWO', '24282719', 'Keerthana kc', 'Muraleedharan nair c ', '9745570860', 'Cholakkara', '', 'GMHSS CU CAMPUS ', '3', '67', 'uploads/687bcdb552528.png', 'uploads/687bcdb5526af_in.gov.dhsekerala-HPCER-24282719XMARCHX2025.pdf'),
(178, 'VLTM178', 'SSLC', '536239', 'SNEHA SUDHEER.C', 'SUDHEER.C', '8089898946', 'SNEHASANGEETH ', '', 'GMHSS CU CAMPUS', '2', '29', 'uploads/687bce32779ee.png', 'uploads/687bce3277bc4_IMG-20250509-WA0158.jpg'),
(179, 'VLTM179', 'PLUS TWO', '24282485', 'ILFATH FATHIMA PM', 'MOHAMMED IQBAL PM', '9349725466', 'Koyappakkalathil house ', '', 'GMHSS CU CAMPUS ', '5', '110', 'uploads/687bce752c384.png', 'uploads/687bce752c490_17529442083907404050500210788663.jpg'),
(180, 'VLTM180', 'SSLC', '536245', 'Vandhana kc', 'Muraleedharan nair c ', '9745570860', 'Cholakkara ', '', 'GMHSS CU CAMPUS ', '3', '67', 'uploads/687bcf0255bd5.png', 'uploads/687bcf0255d60_Screenshot_2025-07-19-22-25-57-80_6012fa4d4ddec268fc5c7112cbb265e7.jpg'),
(181, 'VLTM181', 'SSLC', '546302', 'Adithya Rajesh OT ', 'Rajesh OT ', '9846471660', '\"Shreyas\",', '', 'Cbhss Vallikkunnu ', '1', '5', 'uploads/687bcfc0eeef4.png', 'uploads/687bcfc0ef0a9_Screenshot_2025-05-09-15-43-21-17_40deb401b9ffe8e1df2f1cc5ba480b12.jpg'),
(182, 'VLTM182', 'PLUS TWO', '24296841', 'AIDIDH K', 'NISHANTH K', '9037994541', 'KUZHIKKATTIL HOUSE', '', 'MVHSS VALLIKKUNNU', '6', '138', 'uploads/687bd0d20e663.png', 'uploads/687bd0d20e9f0_appumarklist.pdf'),
(183, 'VLTM183', 'SSLC', '24257721', 'RABEIA SHERIN K K', 'MOIDEEN KUTTY K K', '9847463614', 'KOYAPPANATTIL', '', 'GGVHSS FEROKE', '2', '27', 'uploads/687bd0e5a6344.png', 'uploads/687bd0e5a646a_672B3983-80A7-4710-9306-E8D764D90340.jpeg'),
(184, 'VLTM184', 'SSLC', '546144', 'Aifa Ayisha ', 'K.M Ismayil', '9074040174', 'Riverview ', '', 'C.B.H.S.S, VALLIKKUNNU ', '1', '4', 'uploads/687bd0ecc9d04.png', 'uploads/687bd0ecc9e67_Screenshot_2025-07-19-22-36-06-92_40deb401b9ffe8e1df2f1cc5ba480b12.jpg'),
(185, 'VLTM185', 'SSLC', '552986', 'Abaan Ali A.P', 'Abdurahiman Shameer A.P', '9072401029', 'Areekkatt Pottammal', '', 'KEMHS Chemmad', '4', '84', 'uploads/687bd16e5353c.png', 'uploads/687bd16e537d3_Screenshot_20250719_223756_Print Spooler.jpg'),
(186, 'VLTM186', 'PLUS TWO', '24294349', 'RABEELA K.M', 'ABDUL RAZAK K.M', '9947261300', 'KUMMALI CHIRAKKAL HOUSE ', '', 'NNMHSS CHELAMBRA ', '2', '37', 'uploads/687bd1fb44c76.png', 'uploads/687bd1fb44e76_IMG_20250522_175437_940.JPEG'),
(187, 'VLTM187', 'SSLC', '552256', 'Fathima Fahmida.M', 'Mohammed Musthafa.M', '8281786384', 'Veluthedath house ', '', 'Najath HSS peruvallur ', '3', '61', 'uploads/687bd2fed09f7.png', 'uploads/687bd2fed0c31_IMG-20250512-WA0001.jpg'),
(188, 'VLTM188', 'PLUS TWO', '24294333', 'KRIPA P', 'KRISHNADASAN P', '7356446216', 'PALAKKAL HOUSE ', '', 'NNMHSS CHELEMBRA ', '2', '30', 'uploads/687bd623f02a0.png', 'uploads/687bd623f04fb_Screenshot_20250522_153355.jpg'),
(189, 'VLTM189', 'SSLC', '553426', 'Muhammed Hishan.M', 'Muneer. M', '8590074345', 'Perupadikkal house', '', 'NIBRAS  SECONDARY SCHOOL. MOONIYUR ', '7', '162', 'uploads/687bd90d4f42b.png', 'uploads/687bd90d4f731_IMG_20250719_230943.jpg'),
(190, 'VLTM190', 'SSLC', '633624', 'MALAVIKABRIJITH. M. C', 'BRIJITH. M. C', '9743076585', 'Moonnu chirayil.', '', 'BEM GHSS. CALICUT', '1', '22', 'uploads/687bdbae40c54.png', 'uploads/687bdbae40ebe_IMG-20250509-WA0001.jpg'),
(191, 'VLTM191', 'SSLC', '536284', 'Hanna Sherin.Np', 'Hamzakoya.Np', '9567500568', 'Kizhakkeperattu(H)', '', 'GMHSS CU Campus', '3', '70', 'uploads/687bdbd40acdb.png', 'uploads/687bdbd40af74_IMG-20250509-WA0037.jpg'),
(192, 'VLTM192', 'PLUS TWO', '24297803', 'MIRZA T', 'AMEEN T', '9048365001', 'THACHOLI', '', 'CBHSS VALLIKUNNU ', '6', '127', 'uploads/687bdc29382ba.png', 'uploads/687bdc2938835_mirza.pdf'),
(193, 'VLTM193', 'SSLC', '536337', 'DHYAN MANOHAR. A', 'MANOHARAN. MK', '9778400949', 'Karaliparamb ', '', 'GM HSS CU CAMPUS', '5', '103', 'uploads/687be4fa96ee4.png', 'uploads/687be4fa971a5_IMG-20250509-WA0011.jpg'),
(194, 'VLTM194', 'SSLC', '614450', 'Fathima Rifa. V', 'Muhammed Musthafa. V', '9747421419', 'Karuvadiyil House ', '', 'Markaz public school Aikkarappadi', '2', '30', 'uploads/687be79d9c4d6.png', 'uploads/687be79d9c7eb_IMG-20250720-WA0008.jpg'),
(195, 'VLTM195', 'SSLC', '607145', 'FATHIMA LIYA M.K', 'Faisal M', '6282541891', 'Pattayil ', '', 'V.P.K.M.M.H.S.S PUTHUR PALLIKKAL ', '3', '64', 'uploads/687c402a8f48a.png', 'uploads/687c402a8f844_10th marklist.pdf'),
(196, 'VLTM196', 'PLUS TWO', '24340844', 'Fabna.k', 'Abdul shaji.k', '8547078109', 'Erakkottukattil (H)', '', 'MHSS Moonniyur ', '7', '151', 'uploads/687c46aee9efa.png', 'uploads/687c46aeea432_IMG-20250522-WA0062.jpg'),
(197, 'VLTM197', 'SSLC', '607144', 'Fathima lina A', 'Ahmed Aslam A', '8113872510', 'Arakkal house ', '', 'VPKMMHSS puthur pallikkal ', '4', '94', 'uploads/687c5364cbf20.png', 'uploads/687c5364cc104_IMG-20250509-WA0169.jpg'),
(198, 'VLTM198', 'SSLC', '535709', 'Mufeedha C', 'Abdul Karim C', '9656981635', 'Karanamadu House ', '', 'GVHSS CHELARI ', '7', '172', 'uploads/687c57c2b492b.png', 'uploads/687c57c2b4df3_IMG_20250720_081153.jpg'),
(199, 'VLTM199', 'SSLC', '539859', 'Fathima Nouri. M', 'Noorudheen. M', '9846025009', 'Mecheri house kaliyattamukku', '', 'MHS Moonniyoor', '7', '168', 'uploads/687c5bccc3250.png', 'uploads/687c5bccc349d_IMG-20250618-WA0021~2.jpg'),
(200, 'VLTM200', 'SSLC', '552449', 'FATHIMA RAHANA ', 'ABDUL JALEEL ', '9947113911', 'Kizhakkancheri ', '', 'NEMHSS CHEMMAD ', '5', '116', 'uploads/687c5d2357c66.png', 'uploads/687c5d2357e1d_IMG_20250719_201632.jpg'),
(201, 'VLTM201', 'SSLC', '537844', 'NIVEDYA PRAKASH. M. P', 'Prakasan. M. P', '9847417584', 'Manamuttath padinjarepurakkal', '', 'MVHSS ARIYALLUR ', '1', '17', 'uploads/687c5d6f07941.png', 'uploads/687c5d6f07b5f_IMG-20250720-WA0004.jpg'),
(202, 'VLTM202', 'PLUS TWO', '24297877', 'FATHIMA SANA CT', 'ABDUL SAMAD CT ', '9947307087', 'Thacholi House', '', 'CBHSS', '1', '2', 'uploads/687c5dd73fefd.png', 'uploads/687c5dd7400e0_IMG-20250720-WA0070.jpg'),
(203, 'VLTM203', 'SSLC', '535933', 'LANA VARDHA P', 'MUSTHAFA.P', '9895039803', '442', '', 'GVHSS CHELARY ', '5', '120', 'uploads/687c5e6228664.png', 'uploads/687c5e6228824_Screenshot_2025-05-09-16-08-37-02_40deb401b9ffe8e1df2f1cc5ba480b12.jpg'),
(204, 'VLTM204', 'SSLC', '604818', 'NAJA FATHIMA CHEMBAN ', 'ASHRAF CHEMBAN ', '8606751401', 'CHEMBAN HOUSE', '', 'PPMHSS KOTTUKKARA', '4', '92', 'uploads/687c5f33beb23.png', 'uploads/687c5f33bef25_Screenshot_2025-06-03-13-36-21-67_40deb401b9ffe8e1df2f1cc5ba480b12.jpg'),
(205, 'VLTM205', 'PLUS TWO', '24297667', 'FARHA A', 'YOOSAF A', '9995756377', 'ANAPPURAM (H)', '', 'CBHSS VALLIKKUNNU', '1', '1', 'uploads/687c6013d6088.png', 'uploads/687c6013d63ad_Farha.pdf'),
(206, 'VLTM206', 'SSLC', '545643   (02-03-2009)', 'MALAVIKA. P', 'BABITH. P', '9562222451', 'Keerambalath Janu Nivas ', '', 'NNMHSS CHELEMBRA ', '2', '42', 'uploads/687c618bb2fe9.png', 'uploads/687c618bb326e_Screenshot_2025-05-24-16-54-17-911_com.android.chrome-edit.jpg'),
(207, 'VLTM207', 'PLUS TWO', '24282439', 'DRISHYA N', 'JAYAKRISHNAN vk', '9961553188', 'Nedumkandathil ', '', 'Gmhss cu campus', '5', '104', 'uploads/687c62425057d.png', 'uploads/687c6242508a1_PDFGallery_20250720_085543.pdf'),
(208, 'VLTM208', 'SSLC', '546249', 'Fathima Rifa. A', 'Rafeeq. A', '9562780013', 'Ambalakkandi (h)', '', 'C. B. H. S. S VALLIKUNNU ', '6', '131', 'uploads/687c66b17971b.png', 'uploads/687c66b1798e0_Screenshot_2025-05-09-15-55-32-98_439a3fec0400f8974d35eed09a31f914.jpg'),
(209, 'VLTM209', 'SSLC', '549028', 'Fathima sanha.E', 'Abdul muneer.E', '9048305928', 'PARAYI THOOMBIL HOUSE ', '', 'PKMMHSS EDARIKODE ', '7', '170', 'uploads/687c6703acbcb.png', 'uploads/687c6703acebc_IMG-20250511-WA0001.jpg'),
(210, 'VLTM210', 'SSLC', '605070', 'Muhammed Rayyan.p', 'Khalid puthiyakath', '9048715926', 'Alumkandi house', '', 'PPMHSS Kottukara', '3', '59', 'uploads/687c67cfcd23c.png', 'uploads/687c67cfcd4aa_IMG_20250720_092008.jpg'),
(211, 'VLTM211', 'SSLC', '545938', 'NAIZA BEEVI A ', 'ASHRAF THANGAL A ', '9446626273', 'AMBAYATHINGAL HOUSE KADALUNDI NAGARAM ANANGADI ', '', 'C B H S S VALLIKKUNNU ', '6', '146', 'uploads/687c69f98886a.png', 'uploads/687c69f988a24_Smallpdf-2025-07-20.pdf'),
(212, 'VLTM212', 'PLUS TWO', '24297851', 'Misna C', 'Unni moidu C', '8590979690', 'Chittambalam(h) vallikkunnu athannikkal', '', 'Cbhss vallikkunnu', '6', '136', 'uploads/687c71ba0298b.png', 'uploads/687c71ba03ebb_345f7837-365e-4dde-99d5-fce7463dfe56.jpeg'),
(213, 'VLTM213', 'PLUS TWO', '24302057', 'Jazza chemban', 'Basheer chemban', '8714079126', 'Chemban house ', '', 'PPMHSS kottukkara ', '4', '92', 'uploads/687c720425dcf.png', 'uploads/687c7204260c5_Screenshot_20250522-153702.Chrome.png'),
(214, 'VLTM214', 'SSLC', '536512', 'Anand S', 'Sudheesh Kumar.KP', '8078134346', 'Revathy house', '', 'St Paul’s EMHSS Thenhipalam', '5', '103', 'uploads/687c74015c4a1.png', 'uploads/687c74015c72b_ffcdbf7c-26de-4244-9aa3-1e5dadbdfaf7.jpeg'),
(215, 'VLTM215', 'SSLC', '536473', 'Navami Nambiar', 'Unnikrishnan CD', '8606877427', 'Shanthinikethan (HO)', '', 'St Paul’s EMHSS Thenhipalam', '7', '173', 'uploads/687c75c3b0c01.png', 'uploads/687c75c3b0f00_ecbdc4b1-c5e4-4404-939e-e7bff5f42ccd.jpeg'),
(216, 'VLTM216', 'SSLC', '606691', 'Avani. K. P', 'Sureshbabu. K. P', '9207281417', 'Unniyalungal house', '', 'VPKMMHSS ', '3', '54', 'uploads/687c765cd082a.png', 'uploads/687c765cd0bfb_Screenshot_2025-06-16-18-15-12-573_com.android.chrome.jpg'),
(217, 'VLTM217', 'SSLC', '546295', 'ABHINAV SHA. E', 'SHAJI. E', '6238546346', 'EDAPPADATHILL ', '', 'CBHSS VALLIKKUNNU ', '1', '9', 'uploads/687c781f8ef1d.png', 'uploads/687c781f8f0a6_Screenshot_2025-07-20-10-23-17-34.jpg');
INSERT INTO `students` (`id`, `registrationid`, `exam`, `regnumber`, `name`, `fathername`, `number`, `address`, `pincode`, `school`, `panchayath`, `ward`, `photo`, `marklist`) VALUES
(218, 'VLTM218', 'SSLC', '548164', 'Najwa P', 'Ismayil P', '9744566110', 'Parappurath House ', '', 'GHSS PERUVALLUR ', '4', '79', 'uploads/687c783469746.png', 'uploads/687c7834698cc_Screenshot_20250509-155521.Chrome.png'),
(219, 'VLTM219', 'SSLC', '55530322', 'MUHAMMED Ansil  Ap', 'Abdul Haneefa Ap ', '8129478866', 'Ezhukanparamb house ', '', 'KHUTHUBUZZAMAN English medium high school ', '7', '155', 'uploads/687c79ca893ba.png', 'uploads/687c79ca89611_IMG-20250509-WA0204.jpg'),
(220, 'VLTM220', 'PLUS TWO', '24274775', 'Ayishathu Rinshana p', 'Ibrahim kutty', '8589807817', 'Pulladen ', '', 'GHSS Tirurangadi ', '7', '163', 'uploads/687c7a305aea0.png', 'uploads/687c7a305b0a9_RIN-1.pdf'),
(221, 'VLTM221', 'PLUS TWO', '24282551', 'NIDA FATHIMA A', 'MOHAMMED SHAFI A', '8921235951', 'Kavulakandy house ', '', 'GMHSS Calicut University Campus ', '2', '37', 'uploads/687c7aad7dbb6.png', 'uploads/687c7aad7e39a_HSE _ VHSE RESULTS 2025 (2).pdf'),
(222, 'VLTM222', 'SSLC', '607084', 'Ameya. K', 'PRAKASAN KONEERI', '9388868008', 'Koneeri ', '', 'VPKMMHSS Puthur Pallikkal ', '3', '67', 'uploads/687c7d687300f.png', 'uploads/687c7d68732f8_IMG-20250509-WA0068.jpg'),
(223, 'VLTM223', 'SSLC', '546421', 'Muhammed shahan k', 'Yoosuf', '9048887751', 'Karuthedath', '', 'CBHSS VALLIKKUNNU', '1', '14', 'uploads/687c7e62dc926.png', 'uploads/687c7e62dcad3_IMG_20250617_134645.jpg'),
(224, 'VLTM224', 'SSLC', '546166', 'FATHIMA MANHA VP', 'RASIK VP', '8891433193', 'VAYAL PEEDIYEKKAL ', '', 'CBHSS vallikunnu ', '1', '3', 'uploads/687c853e73238.png', 'uploads/687c853e734b3_IMG-20250509-WA0018.jpg'),
(225, 'VLTM225', 'SSLC', '606839', 'Fathima sana.T', 'Anwar salam.T', '9072886399', 'Thayancheeri', '', 'Vpkmmhss puthur pallikkal', '3', '63', 'uploads/687c8b3fb3d01.png', 'uploads/687c8b3fb3eaa_4c85559c-2012-459a-abb1-73fb46d6eeba.jpeg'),
(226, 'VLTM226', 'SSLC', '607409', 'MUHAMMED RIHAN P', 'ABDUL RASHEED P', '8113843198', 'KUNNAPALLI', '', 'VPKMMHS SCHOOL PUTHUR PALLIKKAL', '3', '72', 'uploads/687c8dc63834a.png', 'uploads/687c8dc638522_IMG-20250720-WA0084.jpg'),
(227, 'VLTM227', 'SSLC', '607431', 'Ridul Hashim C', 'Asif C', '9961712585', 'Pullara House', '', 'VPKMMHSS PUTHUR PALLIKKAL', '3', '51', 'uploads/687c8f94c025a.png', 'uploads/687c8f94c04bd_Screenshot_20250509-171725.png'),
(228, 'VLTM228', 'PLUS TWO', '24305967', 'Raseena. K. P', 'Saidalavi. K. P', '9496727024', 'Valappil House', '', 'VPKMM HSS Puthur Pallikkal', '3', '54', 'uploads/687c9b0d8872b.png', 'uploads/687c9b0d88916_IMG-20250720-WA0012.jpg'),
(229, 'VLTM229', 'PLUS TWO', '24327313', 'FATHIMA SHABHA M', 'MOHAMMED SABEER M', '9744301890', 'MACHINGAL HOUSE ', '', 'GVHSS VENGARA ', '7', '165', 'uploads/687c9e3d99340.png', 'uploads/687c9e3d99679_HSE _ VHSE RESULTS 2025.PDF'),
(230, 'VLTM230', 'PLUS TWO', '24312148', 'THEERTHA R PAI', 'RATHEESH B', '7025185318', 'RATHI RAJ BHAVAN', '', 'ST PAULS EMHSS', '5', '102', 'uploads/687ca5247dd3e.png', 'uploads/687ca5247dee9_theertha marklist.pdf'),
(231, 'VLTM231', 'SSLC', '607268', 'Fathima misna kt', 'Abdul nazer kt', '8129180169', 'Kozhisseri valappil (h)', '', 'VPKMMHSS PUTHUR PALLIKKAL', '4', '94', 'uploads/687ca64cb53b6.png', 'uploads/687ca64cb5580_b1c3d36a-03c1-4ea1-8f09-58f0732df56d.jpeg'),
(232, 'VLTM232', 'SSLC', '549884', 'Mohammed Afnan mc ', 'Abdul Muneer mc ', '9947007021', 'Muttichirakkal', '', 'Pkmmhss', '7', '164', 'uploads/687ca7dbadab0.png', 'uploads/687ca7dbadd2c_IMG-20250509-WA0016.jpg'),
(233, 'VLTM233', 'SSLC', '552258', 'Fathima minsha k', 'Asraf k', '9656352802', 'Kanathil house', '', 'Najath hss peruvallur', '4', '92', 'uploads/687cab5b0e311.png', 'uploads/687cab5b0e62a_1a869404-a3aa-4a35-abff-c648c635eda8.png'),
(234, 'VLTM234', 'SSLC', '607176', 'Fathima Shana p p', 'Abdul Gafoor', '9895625940', 'Melethonniyil house ambalavu,', '', 'Vpkmmhss puthur pallikkal ', '3', '70', 'uploads/687cacf179ff7.png', 'uploads/687cacf17a162_IMG-20250719-WA0065.jpg'),
(235, 'VLTM235', 'SSLC', '546309', 'Alen vk', 'Sasi vk', '9633345999', 'Valiyakozhikkattil', '', 'CBHSS', '1', '8', 'uploads/687caeaa2cd90.png', 'uploads/687caeaa2d382_IMG-20250720-WA0007.jpg'),
(236, 'VLTM236', 'PLUS TWO', '24334771', 'MOHAMMED NIJAD C', 'MOHAMED ASHRAF C', '8075527934', 'PARAKKAL HOUSE ', '', 'MALABAR ENGLISH HSS PARAPPUR KOTTAKKAL', '7', '166', 'uploads/687cb14a11ab9.png', 'uploads/687cb14a11cda_NIJAD DOC_8.jpg'),
(237, 'VLTM237', 'SSLC', '537186', 'Diya Rafni NK', 'Abdul Nazer NK ', '8921620705', 'Nalakath house', '', 'SNMHSS PARAPPANANGADI ', '7', '151', 'uploads/687cb1b142e35.png', 'uploads/687cb1b14309e_IMG-20250622-WA0017.jpg'),
(238, 'VLTM238', 'SSLC', '537828', 'ANAMIKA. T', 'Shaji TK', '9946225696', 'Sravanam', '', 'MVHSS ARIYALLUR ', '1', '17', 'uploads/687cb39cf2319.png', 'uploads/687cb39cf2581_IMG-20250720-WA0009.jpg'),
(239, 'VLTM239', 'SSLC', '548138', 'HUDA NAFIYA. M', 'HYDER ALI', '9847771699', 'Mullan (H)', '', 'GHSS PERUVALLUR ', '4', '84', 'uploads/687cb7512577f.png', 'uploads/687cb7512592a_Reg No. _ 548138 - SSLC Results 2025 (3).pdf'),
(240, 'VLTM240', 'PLUS TWO', '24328143', 'AHNA AMEER P M', 'AMEER ALI P M', '8086916833', 'OORANGATTU (H), CHELARI', '', 'GMVHSS VENGERA ', '5', '110', 'uploads/687cb7cba53be.png', 'uploads/687cb7cba564b_IMG-20250522-WA0057.jpg'),
(241, 'VLTM241', 'SSLC', '536227', 'Niya. P', 'Riju. P', '8593902309', 'Parakkal', '', 'GMHSS CU CAMPUS', '6', '138', 'uploads/687cb810baf67.png', 'uploads/687cb810bb125_Screenshot_2025-05-16-22-15-05-716_com.whatsapp.jpg'),
(242, 'VLTM242', 'SSLC', '537185', 'Dilsha azad. K', 'Azad ', '7358591201', 'Elikkal house ', '', 'SNMHSS PARAPPANANGADI ', '1', '14', 'uploads/687cb9e97c231.png', 'uploads/687cb9e97c46d_KERALA Board Xth 2025 Result.PDF'),
(243, 'VLTM243', 'PLUS TWO', '24265899', 'ABHISHEK S G', 'GOPALAN C', '9446682837', 'Chakkalakkal, Parekuthparamb', '', 'Sevamandir Post Basic School, Ramanattukara', '5', '104', 'uploads/687cbb52ef54e.png', 'uploads/687cbb52ef74c_CamScanner 07-02-2025 09.48.pdf'),
(244, 'VLTM244', 'SSLC', '537855', 'Fathima Nahva NP ', 'Ummer Salim NP', '9744425471', 'Nadammal Puthiyakath ', '', 'MVHSS ARIYALLUR ', '6', '146', 'uploads/687cbf67e9f7d.png', 'uploads/687cbf67ea1db_IMG-20250510-WA0019(1).jpg'),
(245, 'VLTM245', 'PLUS TWO', '24340820', 'Fathima safna.m', 'Hamsa.m', '9562032991', 'Mecheri ulleri house', '', 'MHSS MOONNIYUR', '7', '162', 'uploads/687cc7b2310f5.png', 'uploads/687cc7b2313ca_HSE - VHSE RESULTS 2025.pdf'),
(246, 'VLTM246', 'PLUS TWO', '24282628', 'Shifa Sherin . C', 'Shihabudheen.c', '8590400644', 'Avittilodi house , chelari', '', 'GMHSS CU Campus', '7', '154', 'uploads/687cc824085ef.png', 'uploads/687cc82408806_IMG_7629.jpeg'),
(247, 'VLTM247', 'PLUS TWO', '24282664', 'Fathima Hamna pk', 'Abdul Rasheed Pk', '8089412033', 'Variyathmadu', '', 'Gmhss cu campus calicut university', '5', '110', 'uploads/687cc99ae6ba7.png', 'uploads/687cc99ae6e3d_IMG-20250720-WA0039.jpg'),
(248, 'VLTM248', 'PLUS TWO', '24306001', 'Fathima Dhaniya. M', 'Abdulla. M', '9847463767', 'Mattummal ', '', 'Vpkmmhss puthur pallikkal ', '4', '76', 'uploads/687cce38ab57f.png', 'uploads/687cce38ab8bf_IMG-20250524-WA0000.jpg'),
(249, 'VLTM249', 'SSLC', '536013', 'Diya M C', 'Praseed kumar MC', '8943633715', 'Melechembekkatt', '', 'Govt. Model H S S Calicut University campus ', '5', '104', 'uploads/687cd0a3378d7.png', 'uploads/687cd0a337b78_IMG_20250720_164416.jpg'),
(250, 'VLTM250', 'SSLC', '690349', 'Ayisha Niya P', 'Sheharuddin', '9745304548', 'Pulparambil', '', 'Sevamandir HSS Ramanattukara ', '2', '27', 'uploads/687cd9667bb33.png', 'uploads/687cd967d7167_67068be3-ffdf-49e3-92eb-bae7485de45c.jpeg'),
(251, 'VLTM251', 'SSLC', '536548', 'Vignesh km', 'Dileep kumar km', '9947975857', 'Karumat manat house', '', 'St pauls emhss kohinoor', '4', '83', 'uploads/687cdb352ddcd.png', 'uploads/687cdb352dfb3_17530129632343916797779016281072.jpg'),
(252, 'VLTM252', 'SSLC', '536029', 'Niya. V. P', 'Rajeev. V. P', '8943325769', 'Nedumballi (H)', '', 'GMHSS CU Campus ', '5', '112', 'uploads/687cdc5716e1c.png', 'uploads/687cdc5717025_IMG_20250509_170555.jpg'),
(253, 'VLTM253', 'PLUS TWO', '24305833', 'HANEENA NAJIHA ', 'Hamza thondikkodan', '7356214344', 'Chanathumadu house ', '', 'Vpkmmhss puthur pallikkal ', '3', '68', 'uploads/687cdd770d6db.png', 'uploads/687cdd770d972_Screenshot_2025-05-22-15-52-25-406_com.android.chrome.jpg'),
(254, 'VLTM254', 'SSLC', '24149265', 'Muhammed insaf ke', 'Muhammed basheer ke', '9847705499', 'Kadoor erayambalath ', '', 'Navabharath central school', '2', '35', 'uploads/687ce2387beb1.png', 'uploads/687ce2387c0ab_in.gov.cbse-SSCER-241492652025.pdf'),
(255, 'VLTM255', 'SSLC', '535765', 'Pranav.p', 'Sudheesh.p', '9847978659', 'Asserikandi house', '', 'G.v.h.s.s chelari', '7', '173', 'uploads/687ce6c52fa3d.png', 'uploads/687ce6c52fdff_IMG-20250523-WA0003.jpg'),
(256, 'VLTM256', 'SSLC', '545785', 'MUHAMMED SHAMIL A', 'SAHIR Akkarappat ', '9961787041', 'Akkarappat house ', '', 'NNMHSS CHELEMBRA ', '2', '42', 'uploads/687ce885dbcba.png', 'uploads/687ce885dbf81_IMG-20250510-WA0043.jpg (2).pdf'),
(257, 'VLTM257', 'SSLC', '540253', 'Saniyya.k', 'Sidhique kheadath', '9645314528', 'Keezhedath house', '', 'MHSS MOONNIYUR', '7', '160', 'uploads/687ceade827ee.png', 'uploads/687ceade82afd_IMG-20250601-WA0017(1).jpg'),
(258, 'VLTM258', 'SSLC', '553414', 'Liya Fathima mk ', 'Muhammed Salim mk ', '9995201519', 'Madhari kochilodath house ', '', 'Nibras secondary school ', '7', '160', 'uploads/687ceb43992b6.png', 'uploads/687ceb4399625_IMG-20250509-WA0050.jpg'),
(259, 'VLTM259', 'SSLC', '537877', 'Abhishek .E', 'Krishnakumar.E', '7902451125', 'Pachanamthodihouse ', '', 'Mvhss Ariyalur ', '5', '116', 'uploads/687cec1ba9ad2.png', 'uploads/687cec1ba9d1f_Screenshot_20250509_155650.jpg'),
(260, 'VLTM260', 'SSLC', '607283', 'Ummu Hani.A', 'Abdul Muneer.A', '9645438292', 'Aduvannihouse ', '', 'VPKMMHSS puthur pallikkal ', '4', '92', 'uploads/687cedecc9e03.png', 'uploads/687cedecca1e2_Screenshot_2025-07-20-18-51-21-959_com.whatsapp.jpg'),
(261, 'VLTM261', 'SSLC', '640350', 'AYISHA RIFA. A', 'ABDUL MUJEEB. A', '8921858916', 'Asharithodi(H) Idimuzhikkal Chelembra ', '', 'Sevamandir post basic HSS Ramantukara ', '2', '27', 'uploads/687cef613721f.png', 'uploads/687cef6137606_17530181491564262968842020265449.jpg'),
(262, 'VLTM262', 'SSLC', '540271', 'ADHISH.A', 'Kumaran.A', '7994195912', 'Kuruppath ', '', 'MHSS moonniyur ', '7', '167', 'uploads/687cefde7e22e.png', 'uploads/687cefde7e504_IMG-20250526-WA0001.jpg'),
(263, 'VLTM263', 'SSLC', '546292', 'Fathimmath Arshida-K ', 'Abdul Raheem-k', '9048934984', 'Kacherikunnu Kattungal parambu(H)', '', 'C.b.h.s school vallikunnu ', '1', '11', 'uploads/687cf2cc49d00.png', 'uploads/687cf2cc49fea_IMG-20250604-WA0004.jpg'),
(264, 'VLTM264', 'SSLC', '546279', 'RINSHA FATHIMA. N. V', 'Muhammed Rafeeq. N. V', '9544837869', 'Nainthram veettil ', '', 'Cbhss', '6', '128', 'uploads/687cf527320bd.png', 'uploads/687cf52732303_17530196377296724582627184866260.jpg'),
(265, 'VLTM265', 'SSLC', '536523', 'Goutham Dileep', 'Dileep Kumar ', '9072885677', 'Pranavam', '', 'St Paul’s E M H S S ', '2', '33', 'uploads/687cf577b32a3.png', 'uploads/687cf577b34d0_b269e4ca-ed51-4515-8912-4a8fabb33ffe.jpeg'),
(266, 'VLTM266', 'SSLC', '540245', 'Rushda fathima vv', 'Siddiq mohammed vv', '6282885489', 'Vellana valappil', '', 'Mhss mooniyur', '7', '157', 'uploads/687cf601eb1e7.png', 'uploads/687cf601eb4bd_IMG_20250720_192752.jpg'),
(267, 'VLTM267', 'PLUS TWO', '24330068', 'Shifa P', 'Palasari Imbichikoya ', '9633270220', 'Padarambath house ', '', 'GVHSS CHELARI ', '5', '109', 'uploads/687cf63c04321.png', 'uploads/687cf63c045f3_Screenshot_20250522-161323_Chrome.jpg'),
(268, 'VLTM268', 'SSLC', '536379', 'Yadhav Krishna', 'Shajumon', '9037469796', 'Thelappurath ', '', 'GMHSS CU CAMPUS ', '7', '152', 'uploads/687cf6539cc70.png', 'uploads/687cf6539cec8_IMG-20250509-WA0005.jpg'),
(269, 'VLTM269', 'PLUS TWO', '24282810', 'RIYA FATHIMA MP', 'ABDUL RASHEED MP', '9847519964', 'Riya Manzil', '', 'GMHSS CUC', '5', '102', 'uploads/687cf8ee89ad3.png', 'uploads/687cf8ee89dda_IMG-20250720-WA0031.jpg'),
(270, 'VLTM270', 'SSLC', '552966', 'Nishba-p', 'Nizar parambil ', '9656665364', 'Panalil (H) Thayyilakadavu', '', 'Khuthubuzzaman EMHS', '7', '151', 'uploads/687cf8fb7933b.png', 'uploads/687cf8fb79554_9cbf0fc9-d8fd-45ad-8a22-30395f068ab2.jpeg'),
(271, 'VLTM271', 'SSLC', '546285', 'SHAHNA. K', 'Muhammed shafeeq', '9562816155', 'Marakkattil ', '', 'CBHSS VALLIKKUNNU ', '1', '3', 'uploads/687cf9bfe1540.png', 'uploads/687cf9bfe171d_Screenshot_20250509_154330_Chrome.jpg'),
(272, 'VLTM272', 'SSLC', '604478', 'Ayisha Riya.Ap', 'Abdul Jaleel. Ap', '9605968357', 'Poolam thodika (H)', '', 'Ppmhss kottukkara ', '3', '59', 'uploads/687cfe91abc61.png', 'uploads/687cfe91abf85_IMG-20250511-WA0000.jpg'),
(273, 'VLTM273', 'SSLC', '537509', 'Adheeni krishan c', 'Mani Cheryagatte ', '9947662028', 'Sneha (H) Ariyallur. po Malappurum', '', 'MVHSS Ariyallur ', '1', '19', 'uploads/687cfef5017b9.png', 'uploads/687cfef501979_IMG_20250720_200334.jpg'),
(274, 'VLTM274', 'SSLC', '607309', 'ARJUN KRISHNA. P', 'JAYAPRAKASHAN. P', '9846274889', 'Mannamkundil ', '', 'VPKMMHSS PUTHUR PALLIKKAL ', '3', '71', 'uploads/687d005c53b24.png', 'uploads/687d005c53da3_Reg No. _ 607309 - SSLC Results 2025.pdf'),
(275, 'VLTM275', 'SSLC', '537812', 'Navami Abhiram ', 'Abhilash.V', '9947597735', 'Vakkandi House, Ariyallur ', '', 'MVHSS Ariyallur ', '1', '16', 'uploads/687d02f72a0bb.png', 'uploads/687d02f72a30a_Screenshot_2025-05-09-16-34-38-97_6012fa4d4ddec268fc5c7112cbb265e7.jpg'),
(276, 'VLTM276', 'SSLC', '553424', 'Mohammed Anas AV', 'Aboobacker AV', '9633339744', 'Ammam Veetil House ', '', 'Nibras secondary school', '7', '164', 'uploads/687d0324e6f66.png', 'uploads/687d0324e711d_IMG-20250509-WA0004.jpg'),
(277, 'VLTM277', 'SSLC', '607185', 'HAMDA P V ', 'MANSOOR P V', '8943518012', 'PALAYIL VALIYA PUTHUR (H)', '', 'VPKMMHSS PUTHUR PALLIKKAL', '3', '67', 'uploads/687d0409e07d5.png', 'uploads/687d0409e096c_Screenshot_2025-05-10-13-56-00-721_com.android.chrome.jpg'),
(278, 'VLTM278', 'SSLC', '546261', 'ISRATH JAHAN M ', 'MAJEED', '7012743449', 'MALIYEKKAL HOUSE ', '', 'CBHSS', '1', '21', 'uploads/687d049147a3a.png', 'uploads/687d049147c10_Screenshot_20250616_155719_Chrome.jpg'),
(279, 'VLTM279', 'SSLC', '540357', 'Shamil faisal N. M ', 'Faisal N. M', '9400478672', 'N. M house ', '', 'MHSS', '7', '161', 'uploads/687d0f64e7ede.png', 'uploads/687d0f64e816a_IMG-20250705-WA0176.jpg'),
(280, 'VLTM280', 'SSLC', '607056', 'Anamika.m', 'Rajesh.m', '9605209380', 'Chenganayil Raj villa (h)', '', 'V P K M M H S S puthur pallikkal', '5', '117', 'uploads/687d1019b0a4a.png', 'uploads/687d1019b0bd4_Screenshot_2025-07-20-21-17-43-585_com.android.chrome.jpg'),
(281, 'VLTM281', 'SSLC', '615131', 'MUHAMMAD THAMEEM NT', 'ABDUL GAFOOR NT', '9847582752', 'NADAKASSERI THEKKATHOOR (H)', '', 'AL HUDA ENGLISH MEDIUM SCHOOL VATTAPARAMBA', '2', '42', 'uploads/687d10adc81f2.png', 'uploads/687d10adc8387_IMG_5998.jpeg'),
(282, 'VLTM282', 'SSLC', '547964', 'Shifana sherin. P', 'Musthafa. P', '9526344023', 'Pookkana valappil house peruvallur ', '', 'G. H. S. S peruvallur ', '4', '85', 'uploads/687d10b16e8e6.png', 'uploads/687d10b16eb71_IMG-20250509-WA0144.jpg'),
(283, 'VLTM283', 'SSLC', '548613', 'SREE.SHABAREESH.KP', 'SADANANDAN..KP', '9895593610', 'KIGORIPARAMBIL.HOUSE', '', 'P.K.M.M.HS', '7', '153', 'uploads/687d10ce7cb1d.png', 'uploads/687d10ce7cc73_IMG-20250526-WA0054.jpg'),
(284, 'VLTM284', 'SSLC', '607436', 'SHABAS AHAMMED O ', 'ABDUL MAJEED O', '9744377731', 'Odakkal House', '', 'VPKMMHSS PUTHUR PALLIKKAL ', '3', '65', 'uploads/687d12b098ebe.png', 'uploads/687d12b0990cc_Screenshot_2025_0509_222907.jpg'),
(285, 'VLTM285', 'SSLC', '536354', 'Nevin Jimmy', 'Jimmy Varghese', '8281122665', 'Chempukandathil', '', 'GMHSS CU Campus', '5', '107', 'uploads/687d1342a7577.png', 'uploads/687d1342a77b2_IMG-20250720-WA0028.jpg'),
(286, 'VLTM286', 'PLUS TWO', '24296924', 'DEVANANDA T K', 'SAJEENDRAN T', '7510443445', 'THUNNARUKANDI ', '', 'MVHSS ARIYALLUR ', '1', '18', 'uploads/687d1618afa55.png', 'uploads/687d1618afc89_HSE _ VHSE RESULTS 2025.pdf'),
(287, 'VLTM287', 'SSLC', '546242', 'Fathima hizana PV ', 'Riyas PV', '7510136314', 'Puthan peediyekkal Valiyakath house', '', 'Cbhss Vallikkunnu ', '1', '10', 'uploads/687d1786c47f5.png', 'uploads/687d1786c4a22_IMG-20250509-WA0038.jpg'),
(288, 'VLTM288', 'SSLC', '540230', 'KHENZA FATHIMA K.V ', 'SHAHUL HAMEED K.V', '9544245123', 'Paikat House', '', 'MHSS MOONNIYUR ', '7', '170', 'uploads/687d1fbe72233.png', 'uploads/687d1fbe725af_IMG-20250509-WA0255(1).jpg'),
(289, 'VLTM289', 'SSLC', '535903', 'NIVEDA.T', 'MANIKANDAN.T', '9745140082', 'Kuttippalakkal', '', 'G.V.H.S.S CHELARI', '5', '113', 'uploads/687d21e00ff10.png', 'uploads/687d21e010235_IMG-20250509-WA0138.jpg'),
(290, 'VLTM290', 'SSLC', '607321', 'ADHIL MUHAMMED KT ', 'MUNEER KT ', '8281299864', 'Ayyappan kunnu (H)', '', 'VPKMMHSS puthur pallikkal ', '3', '66', 'uploads/687d2315a4828.png', 'uploads/687d2315a4a90_Screenshot_20250509-164650_Chrome.jpg'),
(291, 'VLTM291', 'PLUS TWO', '24305829', 'Fathima Rinsha.M', 'Muhammed Rafeeque.M', '9947930453', 'Anoor (H) pallikkal ', '', 'V P k m m Hss puthur pallikkal ', '3', '65', 'uploads/687d57e124f0e.png', 'uploads/687d57e125350_IMG_20250720_235537.jpg'),
(292, 'VLTM292', 'SSLC', '604033', 'FATHIMA JASNA PA', 'MUSTHAFA PA', '9946704476', 'KODIYAMPILAKKAL ', '', 'PPMHSS KOTTUKKARA ', '3', '55', 'uploads/687d9c3e390ef.png', 'uploads/687d9c3e3939b_Screenshot_2025-06-16-15-08-34-34_6012fa4d4ddec268fc5c7112cbb265e7.jpg'),
(293, 'VLTM293', 'PLUS TWO', '24282398', 'Nivedhya A', 'Byjumon ', '9847634818', 'Nivedhyam', '', 'Govt model hss CU Cambus malappuram ', '7', '170', 'uploads/687d9db63a644.png', 'uploads/687d9db63a930_17530627453473122155240088538215.jpg'),
(294, 'VLTM294', 'SSLC', '605073', 'MUHAMMD RINASH PT', 'Shihabudheen PT', '9846954418', 'Vadakkumparmbil', '', 'PPMHSS KOTTUKARA ', '3', '59', 'uploads/687da5555b97c.png', 'uploads/687da5555bc7a_Screenshot_2025-07-21-07-56-05-465_com.whatsapp.jpg'),
(295, 'VLTM295', 'SSLC', '540281', 'NAVANEED. B', 'MANOJ. B', '8589891550', 'BALERI ALAKKAPARAMPU HOUSE ', '', 'MHSS', '7', '166', 'uploads/687da7d11c413.png', 'uploads/687da7d11c6f7_IMG-20250510-WA0009.jpg'),
(296, 'VLTM296', 'PLUS TWO', '24297679', 'Minsha Fathima. K', 'Noushad. K', '8606152825', 'Kodakkatakath (H) kizhakkemala,vallikkunnu north', '', 'Chandhan Brothers Higher Secondary School, Vallikkunnu', '6', '132', 'uploads/687dab98cb090.png', 'uploads/687dab98cb24b_Screenshot_2025-05-23-16-07-39-266_com.whatsapp.jpg'),
(297, 'VLTM297', 'PLUS TWO', '24266062', 'Fathima Nidha.M', 'Abdu.M', '8943479156', 'Mudakayil ( H)', '', 'Sevamandir post basic higher secondary school ', '3', '52', 'uploads/687daf381ed08.png', 'uploads/687daf381eecd_Screenshot_20250721-082631.png'),
(298, 'VLTM298', 'PLUS TWO', '24311585', 'Hana Fawaz C ', 'Mohammed Pavas C ', '8089605305', 'Chakkalakkal House ', '', 'Farook English Medium School, Kottakkal ', '7', '155', 'uploads/687db5f0b7ff0.png', 'uploads/687db5f0b826f_Screenshot_2025-07-21-08-54-34-61_7352322957d4404136654ef4adb64504~2.jpg'),
(299, 'VLTM299', 'SSLC', '548100', 'Jiya raj.T', 'Rajesh', '8075840716', 'Ambalappiraya', '', 'G.h.s.s peruvallur', '4', '80', 'uploads/687dbe69c409d.png', 'uploads/687dbe69c428f_1753071144208756611951179490004.jpg'),
(300, 'VLTM300', 'PLUS TWO', '24312133', 'NIHAL RAHMAN MM', 'Habeeb Rahiman MM', '9048669135', 'TK House Panakkad Chelari', '', 'St.Pauls EMHSS Thenhipalam', '7', '173', 'uploads/687dc0ab6d218.png', 'uploads/687dc0ab6d41c_SAVE_20250721_095034.jpg'),
(301, 'VLTM301', 'PLUS TWO', '24305841', 'Nasha Fathima AT ', 'Mohammed Mustafa AT ', '9605445820', 'Parakkad. Pallikkal', '', 'Vpkmhss puthur pallikal ', '3', '66', 'uploads/687dc251e4860.png', 'uploads/687dc251e4c21_IMG-20250721-WA0028.jpg'),
(302, 'VLTM302', 'SSLC', '540279', 'MUHAMMED SHABEEL JINSHAD', 'KINANATH ', '7736800981', 'THATTANCHERI', '', 'Moonniyur H S Moonniyur ', '7', '166', 'uploads/687dd31b69118.png', 'uploads/687dd31b693e5_Screenshot_20250509_155632_Chrome.jpg'),
(303, 'VLTM303', 'PLUS TWO', '24294323', 'Avani Krishna .C', 'Praveen Kumar .C ', '9656107580', 'Chithranjanam ', '', 'NNMHSS ', '1', '6', 'uploads/687dd9f012dcd.png', 'uploads/687dd9f013020_5d4fdfca-179c-4948-b0e7-15e013e2ebd7.jpeg'),
(304, 'VLTM304', 'PLUS TWO', '24306031', 'Fathima Hiba PT ', 'Saidalavi PT', '7736576211', 'Melekandi (H)', '', 'VPKMMHSS PUTHUR PALLIKAL ', '3', '54', 'uploads/687ddc5695bda.png', 'uploads/687ddc5695e93_Screenshot_2025-07-21-10-06-04-43.jpg'),
(305, 'VLTM305', 'PLUS TWO', '24305851', 'Shifna Shirin.N ', 'Faisal.N ', '9895859035', 'Neerangat pavilakandi ', '', 'VPKMMHSS PUTHUR PALLIKKAL ', '3', '71', 'uploads/687df5d88481d.png', 'uploads/687df5d884a56_IMG-20250522-WA0027.jpg'),
(306, 'VLTM306', 'SSLC', '536507', 'Ajayghosh.M', 'Selvaraj modappulasseri', '9895026877', 'Nandanam. Modappulasseri', '', 'St.pauls EMS Thenhipalam', '5', '110', 'uploads/687df939d2664.png', 'uploads/687df939d294e_17530860150113166008398042857123.jpg'),
(307, 'VLTM307', 'SSLC', '553054', 'Muhammed Razin TK', 'Mansoor TK', '9747555786', 'Thenodi House', '', 'K E M H S Chemmad', '7', '156', 'uploads/687e071cb37ef.png', 'uploads/687e071cb3a0c_IMG_1893.jpeg'),
(308, 'VLTM308', 'SSLC', '536293', 'NAJA FATHIMA K', 'HAMZAKOYA K', '7907708081', 'CHEREKKATTU HOUSE', '', 'GMHSS C U CAMPUS', '5', '105', 'uploads/687e0c1e161e9.png', 'uploads/687e0c1e1ab98_NICHU SSLC.pdf'),
(309, 'VLTM309', 'SSLC', '607205', 'Mehajabin.p', 'Musthafa palayil ', '8943532333', 'Thottolil house ', '', 'Vpkmmhss puthur pallikkal ', '3', '67', 'uploads/687e15f5d580b.png', 'uploads/687e15f5d5bd1_Screenshot_2025-07-21-15-56-29-77_6012fa4d4ddec268fc5c7112cbb265e7.jpg'),
(310, 'VLTM310', 'SSLC', '547945', 'Rajva Sherin. K', 'Muhammadali', '7510403504', 'Kandappan ', '', 'GHSS Peruvallur ', '4', '79', 'uploads/687e175e0de7d.png', 'uploads/687e175e0e367_Screenshot_2025-07-21-16-02-51-125_com.whatsapp.jpg'),
(311, 'VLTM311', 'SSLC', '549657', 'MILIND KRISHNA', 'SUDHIR ATHEKKATTIL', '9551306525', '7/418-C, HARSREE', '', 'PKMMHSS, Edarikode', '7', '157', 'uploads/687e24ccbbf63.png', 'uploads/687e24ccbc110_Milind_SSLC_ML.jpg'),
(312, 'VLTM312', 'SSLC', '536375', 'Keshav.c', 'Sasidharan.c ', '9633859033', 'Chembrath kuzhumbil', '', 'GMHSS CU Campus ', '2', '41', 'uploads/687e26bacbc50.png', 'uploads/687e26bacbe62_Reg No. _ 536375 - SSLC Results 2025.pdf'),
(313, 'VLTM313', 'SSLC', '536316', 'ABHINAV SHYJU AK', 'SHYJU AK ', '9745055086', 'NEELAMBARI ', '', 'GMHSS Calicut University ', '2', '33', 'uploads/687e26d7c3403.png', 'uploads/687e26d7c3b57_IMG-20250721-WA0005.jpg'),
(314, 'VLTM314', 'SSLC', '606803', 'Nihla Thasni. P', 'Naser. P', '9526007846', 'Chathrathodi (H)', '', 'VPKMMHSS Puthur Pallikkal', '4', '94', 'uploads/687e3182bffc0.png', 'uploads/687e3182c01b6_IMG-20250509-WA0054.jpg'),
(315, 'VLTM315', 'SSLC', '607193', 'HIBA PK', 'ABDUSSALAM PK', '9961071725', 'Koyappathodi', '', 'V P K M M H S S PUTHUR PALLIKKAL ', '3', '66', 'uploads/687e36134ebab.png', 'uploads/687e36134ee3f_IMG-20250721-WA0044.jpg'),
(316, 'VLTM316', 'SSLC', '607245', 'RIFANA KT', 'ISMAIL KT', '9744087141', 'Nedumbram kode (h)', '', 'V P K M M H S S PUTHUR PALLIKKAL', '5', '114', 'uploads/687e37e666b73.png', 'uploads/687e37e666e34_IMG_20250509_172313.jpg'),
(317, 'VLTM317', 'SSLC', '552983', 'SUMAYYA NASRIN A', 'Yakoob a', '9656685802', 'Vallikkoth house Padikkal ', '', 'Kuthubuzzaman Eglish medium HS CHEMMAD', '7', '156', 'uploads/687e389ab98ef.png', 'uploads/687e389ab9c90_IMG-20250721-WA0076.jpg'),
(318, 'VLTM318', 'SSLC', '546274', 'NIHA.M.M', 'JALEEL.M.M', '8714047329', 'MALAYIL MARAKKATTIL ', '', 'C.B.H.S.S Vallikunnu', '1', '2', 'uploads/687e39c5ba777.png', 'uploads/687e39c5baad5_Reg No. _ 546274 - SSLC Results 2025.pdf'),
(319, 'VLTM319', 'SSLC', '548155', 'Shamila thasni pp', 'Muhammad shafi pp', '7559984993', 'Kolar kunnath house', '', 'Ghss peruvallur', '4', '93', 'uploads/687e3b963100d.png', 'uploads/687e3b9631232_Screenshot_2025-07-21-18-37-13-112_com.google.android.apps.docs.jpg'),
(320, 'VLTM320', 'SSLC', '536275', 'Fathima rinsha ', 'Shahul hameed ', '9544127590', 'Kannikulangara thottiyil ', '', 'GMHSS CU CAMPUS ', '5', '113', 'uploads/687e3e53779ca.png', 'uploads/687e3e5377d1e_IMG-20250509-WA0144.jpg'),
(321, 'VLTM321', 'SSLC', '552418', 'Reema shahada .V', 'Muhammed Faizal .V', '9995845539', 'Vettiyattil', '', 'NATIONAL .E.M.HSS chemmad', '7', '162', 'uploads/687e4055c93e5.png', 'uploads/687e4055c9781_IMG_0733.png'),
(322, 'VLTM322', 'SSLC', '546154', 'Arthitha. M', 'Jijesh. M', '9400155462', 'Melayil ', '', 'C. B. H. S. S. Vallikkunnu ', '1', '10', 'uploads/687e429339947.png', 'uploads/687e429339d42_IMG_20250602_183759.jpg'),
(323, 'VLTM323', 'PLUS TWO', '24282546', 'Fathima PT ', 'Ahamed Seyd PT ', '8304065649', 'PT house', '', 'gmhss cu campus ', '7', '153', 'uploads/687e434b8f33a.png', 'uploads/687e434b8f5cc_plus two marklist .pdf'),
(324, 'VLTM324', 'SSLC', '548156', 'SHAMNA P', 'ABDUSAMAD P', '9995184315', 'PAZHERI', '', 'GHSS PERUVALLUR ', '4', '82', 'uploads/687e456f01211.png', 'uploads/687e456f01510_Screenshot_20250721_191845_WhatsApp.jpg'),
(325, 'VLTM325', 'SSLC', '546264', 'MEHNA K', 'KUNHI MUHAMMED KODAKATTAKATH ', '7034729822', 'KODAKATTAKATH VELAMPARAMPIL(H)', '', 'CBHSS VALLIKKUNNU', '1', '2', 'uploads/687e46a735348.png', 'uploads/687e46a73572b_IMG-20250721-WA0011.jpg'),
(326, 'VLTM326', 'SSLC', '540175', 'Adhithya.T', 'Abhilash', '9846004051', 'Thiduvil ', '', 'MHSS,MOONNIYUR', '7', '165', 'uploads/687e47b2095bf.png', 'uploads/687e47b2097aa_Screenshot_2025_0721_192802.jpg'),
(327, 'VLTM327', 'SSLC', '535938', 'Naja Fathima A.p', 'Muhammed Rafi.A.p', '9497719447', 'Cheruthodi house', '', 'Gvhss chelari', '5', '113', 'uploads/687e487b870c6.png', 'uploads/687e487b87401_IMG_20250710_062357_565.jpg'),
(328, 'VLTM328', 'SSLC', '552924', 'Fathima Nidah Ap ', 'Abdul Hameed Ap', '9048714959', 'Aluparambil cherasseri house ', '', 'Khuthbuzzaman english medium High school chemmad', '7', '156', 'uploads/687e4ab4e9087.png', 'uploads/687e4ab4e929c_Screenshot_20250509_160840.jpg'),
(329, 'VLTM329', 'SSLC', '540235', 'Nasha fathima', 'Naseer kalllakkan ', '8111805325', 'Kallakkan ', '', 'M H SS mooniyoor ', '7', '164', 'uploads/687e4b1f5fd13.png', 'uploads/687e4b1f5ffc3_Screenshot_2025-05-09-15-42-22-18_40deb401b9ffe8e1df2f1cc5ba480b12.jpg'),
(330, 'VLTM330', 'SSLC', '540231', 'Naja fathima ', 'Muhammed Ali ', '6235005945', 'Thottathil ', '', 'MHSS MOONNIYUR ', '7', '168', 'uploads/687e4bcedf6e3.png', 'uploads/687e4bcedf958_Screenshot_20250525_213905_Samsung Notes.jpg'),
(331, 'VLTM331', 'PLUS TWO', '24282396', 'MIYA NILEENA GREEN ', 'GIREESH KUMAR T', '8075669135', 'PRANAVAM ', '', 'GOVT MODEL HSS CALICUT UNIVERSITY CAMPUS ', '3', '71', 'uploads/687e4c77e1f44.png', 'uploads/687e4c77e2187_plus two marklist.pdf'),
(332, 'VLTM332', 'SSLC', '540172', 'MINHA NASARIN E ', 'MUSTHAFA E', '8086673746', 'Odunghatt(H)', '', 'MHSS MOONNIYUR ', '7', '166', 'uploads/687e4f3d141bf.png', 'uploads/687e4f3d14439_IMG-20250509-WA0022(1).jpg'),
(333, 'VLTM333', 'SSLC', '551542', 'Dilna ', 'Abdul latheef', '9446408867', 'Pilappil Puthalath ', '', 'CRHSS VELLIMUKKU', '1', '13', 'uploads/687e4f68a5e9a.png', 'uploads/687e4f68a623a_IMG-20250509-WA0258(1).jpg'),
(334, 'VLTM334', 'SSLC', '546278', 'Razan Rasheed ', 'Mohammad Rasheed ', '9995045715', 'Baithee house ', '', 'CBHSS VALLIKUNNU ', '1', '21', 'uploads/687e4f803ad0b.png', 'uploads/687e4f803af40_IMG_20250721_200141.jpg'),
(335, 'VLTM335', 'SSLC', '553415', 'Najeeba Nasrin M ', 'Yasar Arafath M ', '8593900313', 'Manakkadavan house ', '', 'Nibras secondary school ', '7', '160', 'uploads/687e5402c7878.png', 'uploads/687e5402c7af8_IMG-20250509-WA0048.jpg'),
(336, 'VLTM336', 'PLUS TWO', '24304806', 'Fathima safa Ap', 'Abdul Latheef AP ', '9995937555', 'Cherasseri house ', '', 'Pkmm edarikode ', '7', '156', 'uploads/687e548855288.png', 'uploads/687e5488554ef_Screenshot_20250721-202306.jpg'),
(337, 'VLTM337', 'PLUS TWO', '24282536', 'Muhammed dilshad.k', 'Abdurahimankutty.k', '6235004622', 'Panichiyil house', '', 'Gmhss cu campus ', '5', '108', 'uploads/687e54e86c4bc.png', 'uploads/687e54e86c6c3_Screenshot_20250721_202003_com.android.chrome.jpg'),
(338, 'VLTM338', 'SSLC', '540258', 'Shaheeba.u', 'Saidalavi .u', '9633319537', 'Ullattu house', '', 'Mhss moonniyur', '7', '161', 'uploads/687e552ebbd65.png', 'uploads/687e552ebc0d3_IMG-20250509-WA0031(1).jpg'),
(339, 'VLTM339', 'SSLC', '546383', 'VISHNU YASSUS PV', 'Pushpakaran', '7025935995', 'PuthanValappil', '', 'CBHSS Vallikkunnu', '1', '9', 'uploads/687e56442e7d3.png', 'uploads/687e56442eac2_Screenshot_2025-05-09-15-59-38-97.png'),
(340, 'VLTM340', 'SSLC', '537780', 'ABJA JIJU KT', 'JIJU KT', '9526221788', 'KANNAMTHARA', '', 'MVHSS ARIYALLUR', '1', '13', 'uploads/687e57a306197.png', 'uploads/687e57a3064ef_IMG_20250721_203128.jpg'),
(341, 'VLTM341', 'SSLC', '536526', 'JITHENDRA DEV P ', 'PRASANTH M', '7356016503', 'POTTAMMAL ', '', 'ST PAULS EMHSS THENHIPPALAM ', '3', '71', 'uploads/687e5806c5323.png', 'uploads/687e5806c54ac_IMG_20250721_203417.jpg'),
(342, 'VLTM342', 'PLUS TWO', '24340731', 'Shasna. M', 'Saifudheen. M ', '8086981558', 'Poovathodi  house', '', 'Mhss alinchuvadu', '7', '157', 'uploads/687e5a9be3736.png', 'uploads/687e5a9be38c7_Screenshot_20250522_153727_Samsung Internet.jpg'),
(343, 'VLTM343', 'SSLC', '14283439', 'Muhammed Izyan. M', 'Mohiyadeen Faizal ', '9061669353', 'Puvathodi ', '', 'MESIS ', '7', '157', 'uploads/687e5e93c979f.png', 'uploads/687e5e93c99b5_Screenshot_2025-07-21-21-01-20-514_com.whatsapp.jpg'),
(344, 'VLTM344', 'PLUS TWO', '24318358', 'Shahan shirin ap', 'Sirajudheen Ap', '9544295809', 'Kakkundeeri (H)', '', 'G H S S Peruvallur ', '4', '92', 'uploads/687e605c801de.png', 'uploads/687e605c804a9_IMG-20250522-WA0201(1).jpg'),
(345, 'VLTM345', 'SSLC', '536478', 'PUNYA P RAJEEV', 'RAJEEV PG', '9497855666', 'Quarter no. E16,CU Campus', '', 'ST PAULS E M HSS ', '5', '105', 'uploads/687e61a4cd0b1.png', 'uploads/687e61a4cd42b_IMG-20250721-WA0026.jpg'),
(346, 'VLTM346', 'PLUS TWO', '24282436', 'DEVA PRIYA . C', 'SAJISH . C', '9961296320', 'Aniyamparamb ', '', 'GMHSS CU CAMPUS', '5', '113', 'uploads/687e6308e1b1f.png', 'uploads/687e6308e1eb1_IMG-20250721-WA0005.jpg'),
(347, 'VLTM347', 'SSLC', '545651', 'Aswani cp ', 'Aneesh Kumar cp ', '9947762048', 'Sreebhavan', '', 'NNMHSS ', '2', '42', 'uploads/687e681de3031.png', 'uploads/687e681de335c_sslc result.pdf'),
(348, 'VLTM348', 'SSLC', '537843', 'Nayana.M', 'Shani M', '9656627261', 'Meleppurath h(h) Ariyalur ', '', 'MVHSS Ariyalur ', '1', '17', 'uploads/687e6ebda62f8.png', 'uploads/687e6ebda6594_Screenshot_20250509-160719_Chrome.jpg'),
(349, 'VLTM349', 'SSLC', '545512', 'Marjana shering v ', 'Ashraf v ', '9847982247', 'Palayullakandi house', '', 'NNMHSS CHELEMBRA', '2', '27', 'uploads/687e746597a90.png', 'uploads/687e746597c96_IMG-20250604-WA0073.jpg'),
(350, 'VLTM350', 'PLUS TWO', '24301716', 'Anamika.p', 'Viswanathan.p', '9961294787', 'Chathanpilakkal', '', 'PPMHSS KOTTUKKARA', '3', '58', 'uploads/687ec8ff91fa0.png', 'uploads/687ec8ff921c4_Screenshot_20250721_124126_Adobe Acrobat.jpg'),
(351, 'VLTM351', 'SSLC', '540326', 'Muhammad jaffin kt ', 'Mohammad basheer kt', '9961586922', 'Nalukandathil', '', 'Mhss Moonniyur ', '7', '156', 'uploads/687edcba65d05.png', 'uploads/687edcba66190_Screenshot_20250613_220104.jpg'),
(352, 'VLTM352', 'PLUS TWO', '24282469', 'AFIDHA PURAKAT ', 'ABDUL RAHIMAN P K', '9745647095', 'MISSIRIYA MANZIL', '', 'GMHSS CU CAMPUS ', '5', '115', 'uploads/687ee00a7fd5a.png', 'uploads/687ee00aaae5e_e0b6dbe9-47c5-4efe-b236-c4e085093b67.jpeg'),
(353, 'VLTM353', 'SSLC', '640725', 'Hadi Jaseem.KK', 'Abdul Kader', '9847709713', 'Vallodi house', '', 'Sevamandir post basic higher secondary school ', '2', '35', 'uploads/687ef008785a4.png', 'uploads/687ef008788e1_Screenshot_20250509_164727.jpg'),
(354, 'VLTM354', 'SSLC', '607184', 'HADIYA KOZHITHODI ', 'ABDUL HAKEEM K', '9961444408', 'LITTLE GARDEN ', '', 'VPKMMHSS PUTHUR PALLIKKAL ', '4', '94', 'uploads/687efa76cad85.png', 'uploads/687efa76caf9a_SSLC_Result_2025.jpg'),
(355, 'VLTM355', 'SSLC', '536232', 'Rithu R A', 'Abdul Gafoor P ', '9446146632', 'Mayookham', '', 'GMHSS CU CAMPUS ', '3', '72', 'uploads/687f01ef300a1.png', 'uploads/687f01ef30431_IMG_20250722_084002.jpg'),
(356, 'VLTM356', 'SSLC', '553069', 'Razi zaid k', 'Rafeeque k', '9656893499', 'Valparambil', '', 'Khuthbuzzaman e m h s', '7', '166', 'uploads/687f082add633.png', 'uploads/687f082add85f_IMG_8798.png'),
(357, 'VLTM357', 'SSLC', '607118', 'Ayisha Shanha Tk ', 'Muhammed Shareef Tk ', '7510767074', 'Kalladasheri(h)', '', 'VPKMMHSS Purhur Pallikkal', '5', '108', 'uploads/687f13ef43db2.png', 'uploads/687f13ef43feb_Screenshot_2025-07-22-09-57-20-66_99c04817c0de5652397fc8b56c3b3817.jpg'),
(358, 'VLTM358', 'SSLC', '552980', 'Shidha Fathima V ', 'Muhammed Niyas V ', '9995790979', 'Vailasserry House ', '', 'Khuthbuzzaman English Medium High school ', '7', '151', 'uploads/687f150b5d87a.png', 'uploads/687f150b5daa8_Screenshot_20250722_100427.jpg'),
(359, 'VLTM359', 'SSLC', '424797', 'Shefn muhammed', 'Abdul sameer', '8943373238', 'Konari', '', 'SNV HSS NR CITY', '1', '14', 'uploads/687f1c7fa69fc.png', 'uploads/687f1c7fa6c9c_IMG-20250509-WA0025.jpg'),
(360, 'VLTM360', 'SSLC', '536098', 'Adwaid B R', 'Biju A', '8606465241', 'Cp complex', '', 'GMHSS CU CAMPUS', '5', '107', 'uploads/687f1dd8ab690.png', 'uploads/687f1dd8ab929_IMG_20250722_103224.jpg'),
(361, 'VLTM361', 'SSLC', '552266', 'Fathima Thanha .B ', 'Muhammed Haneefa .B ', '9645294739', 'Keeranalikkal purai house ', '', 'Najath HSS peruvallur ', '3', '62', 'uploads/687f25107c0aa.png', 'uploads/687f25107c256_IMG_2278.png'),
(362, 'VLTM362', 'SSLC', '551571', 'MOHAMMED SENAN N', 'SAIDALAVI N', '9072114817', 'NARANATH', '', 'CRHSS VELLIMUKKU', '3', '57', 'uploads/687f263c8350e.png', 'uploads/687f263c83821_PHOTO-2025-07-21-19-46-48.jpg'),
(363, 'VLTM363', 'PLUS TWO', '24294338', 'Nynika. V', 'Ratheesh. V', '9605716260', 'Rajisha nilayam', '', 'NNMHSS Chelembra ', '2', '42', 'uploads/687f2810bb8b7.png', 'uploads/687f2810bbb09_mark.pdf'),
(364, 'VLTM364', 'SSLC', '552257', 'Fathima Hiba k', 'Hamza k', '8086638973', 'Kondadan valappil house', '', 'Najath hss', '4', '77', 'uploads/687f2a9fa47af.png', 'uploads/687f2a9fa4952_IMG-20250601-WA0232.jpg'),
(365, 'VLTM365', 'PLUS TWO', '24339992', 'MOHAMMED SINAN C', 'ABDURAHIMAN C', '9544617634', 'Naduvilakandi House', '', 'AR Nagar HSS, Chendapuraya', '4', '89', 'uploads/687f3396a7945.png', 'uploads/687f3396a7b12_Sinan_Result.pdf'),
(366, 'VLTM366', 'PLUS TWO', '24282516', 'MUHAMMED ASHMIL PM', 'BASHEER PM ', '8089837281', 'MANNUPARAMBIL HOUSE ', '', 'GMHSS CU CAMPUS ', '5', '107', 'uploads/687f354685ab6.png', 'uploads/687f354685cb5_HSE _ VHSE RESULTS 2025.pdf'),
(367, 'VLTM367', 'SSLC', '607220', 'Naja sherin pk', 'Abdurahman pk ', '9544204600', 'Kozhiparambath (H)', '', 'V.P.K.M.M.H.S.S puthur pallikkal ', '7', '170', 'uploads/687f3ae652866.png', 'uploads/687f3ae652b91_IMG-20250509-WA0116(1).jpg'),
(368, 'VLTM368', 'SSLC', '539926', 'SANHA PV', 'MOHAMMAD KUTTY PV', '9562667730', 'PUTHEN VEETTIL CHERAPARAMBU (H)', '', 'MHS MOONNYUR ', '7', '160', 'uploads/687f3eeb6a71b.png', 'uploads/687f3eeb6a97e_IMG-20250509-WA0008.jpg'),
(369, 'VLTM369', 'SSLC', '546308', 'ALEN DILSHAN VV', 'SALEESH VV', '8281103922', 'Valiyavalappil House', '', 'C B HSS Vallikunnu ', '1', '20', 'uploads/687f409332ddc.png', 'uploads/687f40933308b_1001774601.jpeg'),
(370, 'VLTM370', 'SSLC', '537784', 'ANUSHKA DILIP MD ', 'DILIP KUMAR  M S', '7902628776', 'MOOKKAMPARAMBATH HOUSE', '', 'M V H S S ARIYALLUR ', '1', '20', 'uploads/687f4fa5956db.png', 'uploads/687f4fa595940_20250722_134636.jpg'),
(371, 'VLTM371', 'SSLC', '607088', 'Avanthika. P', 'Sivadasan', '9847567990', 'Pallikkara house', '', 'V. P. K. M. M. H. S. S puthur pallikkal', '4', '92', 'uploads/687f50c32a905.png', 'uploads/687f50c32ade6_IMG_20250509_162407.jpg'),
(372, 'VLTM372', 'SSLC', '546178', 'NIVEDHYA. V. T', 'SYAMPRASAD. V. T', '9947502810', 'Vennagatt Tharayil ', '', 'CBHSS Vallikkunnu ', '1', '5', 'uploads/687f60abc3e34.png', 'uploads/687f60abc4130_SSLC Results 2025.pdf'),
(373, 'VLTM373', 'SSLC', '536373', 'ANANTHU.P', 'SURESH. P', '9605033831', 'Puthiyedath House', '', 'GMHSS CU CAMPUS', '3', '67', 'uploads/687f6fbd944c7.png', 'uploads/687f6fbd947ea_RESULT.pdf'),
(374, 'VLTM374', 'SSLC', '540173', 'RIYA KP', 'VASU K', '9656533792', 'Kariparambath (H)', '', 'MHSS MOONNIYUR ', '7', '158', 'uploads/687f7262399e7.png', 'uploads/687f726239c57_IMG-20250509-WA0022.jpg'),
(375, 'VLTM375', 'PLUS TWO', '24329982', 'Anshifa shahin.k', 'Sulaiman.k', '9562191157', 'Mangalath h ', '', 'Ghss chelari ', '7', '154', 'uploads/687f765f3f28b.png', 'uploads/687f765f3f57c_Kerala Board XIIth 2025 Result.PDF'),
(376, 'VLTM376', 'SSLC', '606675', 'Shreya. M', 'Joshy. M', '9895384534', 'Madayi', '', 'V P K M M H S S Puthur Pallikkal', '3', '53', 'uploads/687f8a5326b16.png', 'uploads/687f8a5326e72_Shreya sslc marklist.jpeg'),
(377, 'VLTM377', 'PLUS TWO', '24305827', 'Fathima Nahla K', 'Mohammed kutty ', '8907358810', 'Karimbanakkal', '', 'VPKMMHSS Puthur Pallikkal', '3', '54', 'uploads/687f91d47640f.png', 'uploads/687f91d476960_Screenshot_20250522_154923_Samsung Internet.jpg'),
(378, 'VLTM378', 'SSLC', '537453', 'Muhammad Radin D', 'Riyaz D', '9847703045', 'Doliyil house', '', 'SNM hss parappanangadi', '1', '16', 'uploads/687f920396bb5.png', 'uploads/687f920396daa_IMG-20250509-WA0039.jpg'),
(379, 'VLTM379', 'SSLC', '606692', 'Divya Jyothi . T', 'Hari Haran .T', '9995725854', 'GURUKRIPA ', '', 'V.P.K.M.M.H.S.S Puthur Pallikkal ', '3', '70', 'uploads/687f978f62563.png', 'uploads/687f978f62783_IMG_20250516_082917.jpg'),
(380, 'VLTM380', 'PLUS TWO', '24297675', 'FATHIMA ZIBA CM', 'MUHAMMED ASHRAF CM', '8086411972', 'A V APARTMENT ATHANIKKAL ', '', 'CBHSS ', '1', '6', 'uploads/687f9a2f924f5.png', 'uploads/687f9a2f9277c_IMG_7026.png'),
(381, 'VLTM381', 'SSLC', '546175', 'NARMYA. P', 'MOHANAN. P', '9946706625', 'Panoli, Kollarandi (H )', '', 'C. B. H. S. S vallikkunnu ', '1', '9', 'uploads/687f9bbd0cf18.png', 'uploads/687f9bbd0d23d_Screenshot_20250722_193450_WhatsApp.jpg'),
(382, 'VLTM382', 'SSLC', '537885', 'Deepak. K', 'Sadeesh. K', '9747214872', 'Kampurath', '', 'Mvhss Ariyallur', '7', '173', 'uploads/687f9d4f8abf1.png', 'uploads/687f9d4f8adc1_Deepak.pdf'),
(383, 'VLTM383', 'SSLC', '535999', 'Anushka CP', 'Vinod CP', '9746992372', 'Thazhatheyill ', '', 'GMHSS CU CAMPUS ', '5', '110', 'uploads/687f9f37b7698.png', 'uploads/687f9f37b7954_Anushka CP Xth 2025 Result.pdf'),
(384, 'VLTM384', 'SSLC', '536355', 'NIRANJAN. VP', 'RAJESH. VP', '7306119488', 'PARAYIL HOUSE ', '', 'GMHSS CU CAMPUS', '7', '152', 'uploads/687f9f85dc62f.png', 'uploads/687f9f85dc934_IMG-20250601-WA0002.jpg'),
(385, 'VLTM385', 'SSLC', '536552', 'ZANHAL MUHAMMED', 'Abdul latheef', '7356048617', 'Ayyanari house', '', 'Stpauls', '1', '3', 'uploads/687f9fd2df424.png', 'uploads/687f9fd2df747_IMG-20250722-WA0003.jpg'),
(386, 'VLTM386', 'SSLC', '546268', 'Mv Fathima Naja ', 'Ahammed kutty Mv', '9995127451', 'Meleveettil house', '', 'CBHSS Vallikkunnu ', '1', '11', 'uploads/687fa37261840.png', 'uploads/687fa37261a0f_IMG-20250509-WA0056.jpg'),
(387, 'VLTM387', 'SSLC', '553023', 'Mohammed Mishal C', 'Kamarudheen C', '9747080697', 'Mechery house ', '', 'Khuthbuzzaman English Medium H.S Chemmad ', '7', '159', 'uploads/687fa445da885.png', 'uploads/687fa445dabc4_2016A75A-1E7E-48C0-AD6E-284C41BD79F8.png'),
(388, 'VLTM388', 'SSLC', '536378', 'VAISHNAV. V', 'GIREESH. V', '9947758823', 'CHALAKKIL THODI', '', 'GMHSS CU CAMPUS', '3', '52', 'uploads/687fa55f6d651.png', 'uploads/687fa55f6d994_IMG-20250509-WA0039.jpg'),
(389, 'VLTM389', 'PLUS TWO', '24296952', 'Gautham Jagath A', 'GANESAN a', '9846854967', 'Atholi house ARIYALLUR ', '', 'MVHSS ARIYALLUR ', '6', '145', 'uploads/687fa836246e6.png', 'uploads/687fa836249eb_Screenshot_20250722_203235_Chrome.jpg'),
(390, 'VLTM390', 'SSLC', '548978', 'AGRA.T.', 'SUDHEESHNAN. T.', '9400476189', 'THUMBANI', '', 'PKMMHSS EDARIKKOD', '7', '173', 'uploads/687fac6658124.png', 'uploads/687fac6658417_17531975402803787693320622529389.jpg'),
(391, 'VLTM391', 'SSLC', '607067', 'Hamna Zubi Arimbrathodi ', 'Zubair Arimbrathodi ', '9605685252', 'Kaniyadath ', '', 'VPKMMHS ', '3', '64', 'uploads/687fb57669d64.png', 'uploads/687fb57669ffa_Screenshot_20250722-212037_WhatsApp.jpg'),
(392, 'VLTM392', 'SSLC', '607091', 'Dilsha vp', 'Shinod vp', '9995467227', 'Kalluvallapil', '', 'Vpkmmhss puthur pallikal', '7', '157', 'uploads/687fb881c9e25.png', 'uploads/687fb881ca193_Screenshot_20250509_155922_Samsung Internet.jpg'),
(393, 'VLTM393', 'PLUS TWO', '24282414', 'HARIDEV M', 'UDAYAKUMAR M', '7025935241', 'MULLASSERI ', '', 'GMHSS CU CAMPUS', '5', '119', 'uploads/687fb90c65783.png', 'uploads/687fb90c65a05_HSE _ VHSE RESULTS 2025-2.pdf'),
(394, 'VLTM394', 'PLUS TWO', '24340070', 'ASWATHI P', 'VINODKUMAR P', '9995875833', 'MALAPPURATH HOUSE', '', 'ABDHURAHMAN HIGHER SECONDARY SCHOOL , CHENDAPURAYA', '4', '83', 'uploads/687fb9ba407c1.png', 'uploads/687fb9ba409df_Kerala Board XIIth 2025 Result ASWATHI P.pdf'),
(395, 'VLTM395', 'PLUS TWO', '24296759', 'DEVIKA K', 'RAVEENDRAN K', '9847672279', 'KUZHIKATTIL (H) ', '', 'MVHSS ARIYALLUR', '1', '13', 'uploads/687fbb0846be0.png', 'uploads/687fbb0846e9d_DocScanner 22-Jul-2025 9-44 pm.pdf'),
(396, 'VLTM396', 'SSLC', '545728', 'Anandu.C', 'Pradeep kumar.C', '7994348200', 'Chembrath ', '', 'NNMHSS CHELEMBRA ', '2', '41', 'uploads/687fbbfdee678.png', 'uploads/687fbbfdee909_Reg No. _ 545728 - SSLC Results 2025.pdf'),
(397, 'VLTM397', 'SSLC', '545732', 'Revanth N', 'MukundaRajan.N', '7025511843', 'Pullipparamba', '', 'NNMHSS CHELEMBRA', '2', '42', 'uploads/687fbc0a108a3.png', 'uploads/687fbc0a10a89_SSLC Result.pdf'),
(398, 'VLTM398', 'PLUS TWO', '24282418', 'Navaneeth.E', 'Balarajan.E', '9895993664', 'Mangattayil', '', 'GMHSS CU CAMPUS', '5', '119', 'uploads/687fbdb45cb0c.png', 'uploads/687fbdb45cd93_IMG-20250722-WA0044.jpg'),
(399, 'VLTM399', 'SSLC', '537924', 'ABHINAV. P', 'SUNIL. P', '9961998689', 'PACHATT', '', 'M V H S S Ariyallur', '1', '18', 'uploads/687fbec0bd381.png', 'uploads/687fbec0bd7e1_IMG-20250509-WA0046.jpg'),
(400, 'VLTM400', 'SSLC', '607199', 'Iffah Nabhan Said', 'Nabhan Said Kolathod', '7034383384', '218C', '', 'VPKMMHSS', '3', '66', 'uploads/687fbf43c650e.png', 'uploads/687fbf43c6751_IMG-20250722-WA0316.jpg'),
(401, 'VLTM401', 'SSLC', '537599', 'FATHIMA SHIFA K', 'FASAL K', '9995414851', 'KUTTIYIL HOUSE', '', 'MVHSS ARIYALLUR', '1', '19', 'uploads/687fc0010d1ce.png', 'uploads/687fc0010d44b_IMG-20250722-WA0122.jpg'),
(402, 'VLTM402', 'SSLC', '537864', 'Liya Fathima v', 'Muhammed shafi ', '9061662330', 'Shifana mahal', '', 'MVHSS ariyallur', '1', '21', 'uploads/687fc0df8a48b.png', 'uploads/687fc0df8a75e_966728CC-7741-4510-B25D-9E5A7B40AFDE.jpeg'),
(403, 'VLTM403', 'PLUS TWO', '24296998', 'SHIBLA.K', 'MUHAMMED SHABEER.K', '8714159792', 'KALPALATHINGAL ', '', 'MVHSS ARIYALLUR', '1', '15', 'uploads/687fc4a79f379.png', 'uploads/687fc4a79f5be_a73634d0-be96-41c3-83de-b506d6250e4a.jpeg'),
(404, 'VLTM404', 'SSLC', '545658', 'Sivananda A P', 'Akhilesan A P', '9847488355', 'Gangothri,Kandayippadam', '', 'NNMHSS,Chelembra', '2', '39', 'uploads/687fc68c7b54c.png', 'uploads/687fc68c7b85e_IMG-20250619-WA0130.jpg'),
(405, 'VLTM405', 'SSLC', '537807', 'MEERA PRATHAP VT', 'PRATHAP VT', '9847112427', 'VALAYANATTU THARAYIL HOUSE', '', 'MVHSS ARIYALLUR', '1', '16', 'uploads/687fc71b679bc.png', 'uploads/687fc71b67cb2_IMG-20250722-WA0156.jpg'),
(406, 'VLTM406', 'SSLC', '605173', 'NAVAF FAISAL BEERAN KP', 'Faisal kp', '9847969574', 'Koluparampan house', '', 'ppmhss kottukara ', '4', '89', 'uploads/687fc7d54d0c0.png', 'uploads/687fc7d54d2b0_IMG_1231.jpeg'),
(407, 'VLTM407', 'PLUS TWO', '24257771', 'RABEIA SHERIN K K', 'MOIDEEN KUTTY K K', '9847463614', 'KOYAPPANATTIL', '', 'GGVHS FEROKE', '2', '27', 'uploads/687fcabc78756.png', 'uploads/687fcabc78a98_3766E677-FA7D-49AF-95B9-4A5B897583B3.jpeg'),
(408, 'VLTM408', 'SSLC', '606653', 'Ameesha. P', 'Sasidharan. P', '9947483859', 'Pilathottathil', '', 'Vpkmmhss puthur pallikkal', '3', '71', 'uploads/687fdfa5975ec.png', 'uploads/687fdfa597ab9_IMG_20250723_002933.jpg'),
(409, 'VLTM409', 'PLUS TWO', '24265352', 'AMRUTHA AK', 'UTHAMAN AK', '9656282249', 'ASARIKANDI HOUSE', '', 'CMHSS MANNUR ', '1', '11', 'uploads/68802e53b36eb.png', 'uploads/68802e53b392f_Screenshot_20250522_155353.jpg'),
(410, 'VLTM410', 'PLUS TWO', '24305902', 'FATHIMA ALFIDHA. K', 'FIROZ KHAN. K', '9605903329', 'ERECHATTIL LALSALAM (H)', '', 'VPKMMHSS PUTHUR PALLIKKAL ', '5', '117', 'uploads/68802fe010837.png', 'uploads/68802fe010adf_IMG-20250522-WA0127.jpg'),
(411, 'VLTM411', 'SSLC', '545881', 'SYMA PK ', 'PRAKAS PK ', '8089472212', 'Padikkalkandi', '', 'CBHSS VALLIKKUNNU ', '1', '17', 'uploads/688036b722ab1.png', 'uploads/688036b72311e_Screenshot_20250509_162256.jpg'),
(412, 'VLTM412', 'SSLC', '537304', 'YUMNA ZAINAB. K', 'NOUSHAD. K', '8593063628', 'Kottekkattil ', '', 'SNMHSS Parappanangadi ', '6', '141', 'uploads/68803dd6b3abb.png', 'uploads/68803dd6b3cbc_Screenshot_20250509_155937_Chrome.jpg'),
(413, 'VLTM413', 'PLUS TWO', '24312105', 'Noufa  Faizal KP', 'Faisal ', '9847969574', 'koluparampan ', '', 'st. paul s', '4', '89', 'uploads/6880463941caa.png', 'uploads/6880463941f3b_IMG_2479.jpeg'),
(414, 'VLTM414', 'PLUS TWO', '24298682', 'Fathima Siyana ko', 'Basheer ko', '7034427274', 'Elakarippur ', '', 'EMEA HSS KONDOTTY ', '3', '54', 'uploads/6880486994163.png', 'uploads/68804869944c0_IMG-20250723-WA0009.jpg'),
(415, 'VLTM415', 'SSLC', '536307', 'Shafna.N', 'Shamleeq.N', '9961049582', 'Nechikkadu', '', 'GMHSS CU CAMPUS ', '3', '51', 'uploads/688048715def6.png', 'uploads/688048715e06e_Screenshot_20250509-154612_Chrome.jpg'),
(416, 'VLTM416', 'SSLC', '552309', 'Najdha Fathima VT', 'Shamsudheen Bukhari VT', '9744957845', 'Thambu', '', 'Ideal Global School Dharmagiri', '4', '86', 'uploads/68804be3ac7e5.png', 'uploads/68804be3acac8_1e26d6ff-a6b4-4032-97ee-dec29f6ec3aa.jpeg'),
(417, 'VLTM417', 'PLUS TWO', '24294161', 'Neeviya A', 'Vinod A', '9562211679', 'Andithottathil', '', 'NNMHSS ', '2', '42', 'uploads/688078dc21327.png', 'uploads/688078dc219b7_IMG-20250722-WA0014(1).jpg'),
(418, 'VLTM418', 'PLUS TWO', '24340801', 'RASHA NK', 'ABDUL RAZACK NK ', '7306686476', 'NAMBAN KUNNATH ', '', 'MHSS MOONNIYUR', '7', '166', 'uploads/68809bbd73448.png', 'uploads/68809bbd7366f_Screenshot_20250522_163838_Print Spooler.jpg'),
(419, 'VLTM419', 'SSLC', '553012', 'Mehbin Muhammed', 'Moideenkutty', '8943286988', 'Ventilate thazhethodath(H)', '', 'K.E.M.H.S.S chemmad', '7', '151', 'uploads/6880a888aadcb.png', 'uploads/6880a888aaece_IMG_0394.png'),
(420, 'VLTM420', 'PLUS TWO', '24265953', 'Hana Shaheen ', 'Abdul Gafoor ', '7510610255', 'Hanamanzil ', '', 'SPBHSS RAMANATTUKARA ', '2', '33', 'uploads/6880c0c9e6348.png', 'uploads/6880c0c9e64b4_Screenshot_20250522_162024_Chrome.jpg'),
(421, 'VLTM421', 'SSLC', '607208', 'Minha Fathima P', 'Sidhikh P', '9847195458', 'Thoppasseri House neerolpalam thenhipalam p.o malappuram ', '', 'Vpkmmhss puthur pallikkal school', '5', '109', 'uploads/6880c40d68dc1.png', 'uploads/6880c40d68f8f_IMG-20250723-WA0004.jpg'),
(422, 'VLTM422', 'SSLC', '536336', 'Dhrupad k C', 'Anil Kumar K C', '9446512242', 'Sini Nivas ', '', 'GMHSS CU Campus', '2', '33', 'uploads/6880c4dded19d.png', 'uploads/6880c4dded472_sslc result.jpg'),
(423, 'VLTM423', 'SSLC', '536314', 'ZOYA HALEEMA', 'ZAHEER. K. P', '7736701381', 'Rahma garden', '', 'GMHSS CU CAMPUS', '2', '34', 'uploads/6880c81a70983.png', 'uploads/6880c81a70bc5_IMG-20250509-WA0032.jpg'),
(424, 'VLTM424', 'SSLC', '553053', 'Mohammed Rabeeh Chonari', 'Abdul rafeeque chonari', '6238598408', 'Pullachamparambath(H)', '', 'Khuthbuzzaman ehs ', '7', '172', 'uploads/6880c93942675.png', 'uploads/6880c939428aa_Reg No. - 553053 - SSLC Results 2025.pdf'),
(425, 'VLTM425', 'SSLC', '536444', 'ANOOJA T', 'JAYACHANDRAN M', '9497565296', 'ANUJITH', '', 'ST.PAULS EMHSS THENHIPALAM', '5', '104', 'uploads/6880d34716dc1.png', 'uploads/6880d34716fc9_a2ffaa30-a729-4ba1-b541-0247d299f35b.jpeg'),
(426, 'VLTM426', 'SSLC', '539862', 'Fathima Rafaha. PP', 'Hamza. PP', '9544200934', 'Padinchare Peediyekkal Thottathil H ', '', 'മഹസ് Moonniyur', '7', '168', 'uploads/6880d9e46ea4a.png', 'uploads/6880d9e46eda2_IMG-20250723-WA0025.jpg'),
(427, 'VLTM427', 'SSLC', '536123', 'Ijaz Muhammed C', 'Muhammedali C', '9447359250', 'Cholakkal', '', 'GMHSS CU CAMPUS ', '5', '105', 'uploads/6880db8c5b09f.png', 'uploads/6880db8c5b2c0_Screenshot_2025-07-23-18-23-25-38_6012fa4d4ddec268fc5c7112cbb265e7.jpg'),
(428, 'VLTM428', 'SSLC', '540234', 'Najiya Nusrath pp ', 'Mujeeb Rahman pp ', '7593962883', 'Mangapulissery (H) kaliyattamukku', '', 'MHS Mooniyur ', '7', '167', 'uploads/6880de1f63dac.png', 'uploads/6880de2090326_KERALA Board Xth 2025 Rest.pdf'),
(429, 'VLTM429', 'SSLC', '552255', 'Fathima Bahijah k ', 'Anwar Sadath k ', '9745262107', 'Bamon house ', '', 'Najath Hss Peruvallur ', '4', '84', 'uploads/6880e0a920517.png', 'uploads/6880e0a9207a3_IMG_20250509_154613.jpg'),
(430, 'VLTM430', 'SSLC', '545686', 'MIRFA KP', 'KP AMEER ', '9744386545', 'HIJAZ MANZIL ', '', 'NNMHS', '2', '40', 'uploads/6880e1eec601a.png', 'uploads/6880e1eec62f1_17532768684294152924301830755407.jpg'),
(431, 'VLTM431', 'SSLC', '607265', 'Ayisharayyann ', 'Abdulraheem ', '8590291316', 'Cholayil (H)', '', 'VPKMMHSS ', '4', '96', 'uploads/6880e39a3ffd5.png', 'uploads/6880e39a4014e_Screenshot_2025-06-13-14-49-06-49.jpg'),
(432, 'VLTM432', 'SSLC', '540187', 'Fathima fida', 'Ibrahim.v', '8129512416', 'Vettiyattil edathodi (H)', '', 'Mhss moonniyoor', '7', '158', 'uploads/6880e6f045dd0.png', 'uploads/6880e6f045ffe_Screenshot_20250509_143738_Chrome.jpeg'),
(433, 'VLTM433', 'SSLC', '607105', 'AMRIN FATHIMA K', 'ANVAR SALEEM K', '9446979441', 'KOTTAYI', '', 'PPKMMHSS PUTHUR PALLIKKAL', '7', '156', 'uploads/6880e73b8bcde.png', 'uploads/6880e73b8c279_mark.pdf'),
(434, 'VLTM434', 'SSLC', '607449', 'MUHAMMED ADNAN. A', 'MUJEEB', '9847984240', 'Chalodi(H), Pallikkal (PO)', '', 'V. P. K. M. M. H. S. S PUTHUR PALLIKKAL ', '3', '65', 'uploads/6880efbd6fc6c.png', 'uploads/6880efbd6fe5f_IMG-20250509-WA0012.jpg');
INSERT INTO `students` (`id`, `registrationid`, `exam`, `regnumber`, `name`, `fathername`, `number`, `address`, `pincode`, `school`, `panchayath`, `ward`, `photo`, `marklist`) VALUES
(435, 'VLTM435', 'SSLC', '537846', 'Rithunya T', 'Ajish T', '9895217463', 'Tharayil House', '', 'Mvhss Ariyallur', '1', '16', 'uploads/6880f48168818.png', 'uploads/6880f48168aef_IMG_1141.jpeg'),
(436, 'VLTM436', 'PLUS TWO', '24298716', 'Najiya thasni ', 'ABOOBACKER SIDHEEQUE ', '8086941145', 'Karutholil ', '', 'Emea', '3', '54', 'uploads/6880f7caa94c0.png', 'uploads/6880f7caa9912_marksheet_xii-HSE.pdf'),
(437, 'VLTM437', 'PLUS TWO', '24332694', 'Sivani k', 'Venod kumar k', '9447393022', 'Kannancheri ', '', 'Al furqan EHSS ', '3', '57', 'uploads/6880f94dac7ca.png', 'uploads/6880f94dac9b0_HSE _ VHSE RESULTS 2025(2).PDF'),
(438, 'VLTM438', 'PLUS TWO', '24266128', 'Nishiya Fathima kp ', 'Ummer kp', '7907979288', 'Padannayil(h)', '', 'Sevamandir pbhss ', '2', '26', 'uploads/6880fb66ea59c.png', 'uploads/6880fb66ea7e8_IMG-20250522-WA0182.jpg'),
(439, 'VLTM439', 'SSLC', '707277', 'Sahla. P', 'Abdullah. P', '8129264895', 'Kozhisseri valappil house ', '', 'Vpkmmhss puthur pallikkal ', '4', '96', 'uploads/6880fc385e4b9.png', 'uploads/6880fc385e75d_IMG-20250509-WA0024.jpg'),
(440, 'VLTM440', 'SSLC', '552262', 'Fathima Rifa mk', 'Mukthar mk', '9048291412', 'Melekodassery', '', 'Najath H.S.S', '4', '77', 'uploads/688100029b706.png', 'uploads/688100029bbab_IMG-20250509-WA0095.jpg'),
(441, 'VLTM441', 'PLUS TWO', '24339960', 'Sivakami MK', 'Aravindhakshan MK', '9747943999', 'Santhi nilayam ', '', 'AR Nagar Higher secondary school, Chendappuraya ', '4', '83', 'uploads/68810a5559606.png', 'uploads/68810a55597da_IMG20250723175914.jpg'),
(442, 'VLTM442', 'SSLC', '586184', 'fidha.cc', 'Sudheer.cc', '9847470972', 'Mengolimadu', '', 'malabar hss alathiyoor', '4', '88', 'uploads/68810b3cccdcf.png', 'uploads/68810b3ccd148_IMG-20250723-WA0255.jpg'),
(443, 'VLTM443', 'PLUS TWO', '24282423', 'Sreerag V P', 'SamiSreekumar', '8086831797', 'Sreeragam', '', 'GMHSS CALICUT UNIVERSITY CAMPUS', '2', '31', 'uploads/68810b70a73b9.png', 'uploads/68810b70a768f_result.jpg.pdf'),
(444, 'VLTM444', 'SSLC', '640597', 'Fathima Haneena kk', 'Abdul Kadher kk', '9947853806', 'Kummali kiliyangattu', '', 'Sevamandir basic post hss', '2', '35', 'uploads/68810e4c43df5.png', 'uploads/68810e4c43ff3_IMG-20250723-WA0092.jpg'),
(445, 'VLTM445', 'SSLC', '640764', 'Muhammed Ziyad.AV', 'Abdusalam.AV', '9745298569', 'Av house', '', 'Sevaamandir hss ramanattukara ', '2', '45', 'uploads/688114688577f.png', 'uploads/68811468859f2_Screenshot_20250723_222316_Adobe Acrobat.jpg'),
(446, 'VLTM446', 'SSLC', '552975', 'SAHWA P P', 'Abdullatheef ', '9995256333', 'Puthanpeediyekkal ', '', 'KEMHS,Chemmad', '1', '14', 'uploads/6881219173076.png', 'uploads/6881219173319_IMG_0060.jpeg'),
(447, 'VLTM447', 'SSLC', '549003', 'DEVIKA. E', 'SHAJU. E', '9847954259', 'koyappa', '', 'PKMMHSS EDARIKODE', '5', '117', 'uploads/68819a671edaf.png', 'uploads/68819a671f0d5_IMG-20250724-WA0083.jpg'),
(448, 'VLTM448', 'PLUS TWO', '24297619', 'Seetha lakshmi P', 'Prabha kumar A', '9446874156', 'Arezhi ', '', 'CBHSS, Athanikkal', '1', '9', 'uploads/6881b202c4c62.png', 'uploads/6881b202c4f9e_IMG-20250619-WA0117.jpg'),
(449, 'VLTM449', 'PLUS TWO', '24303431', 'NIDA.P', 'Abdul Naser', '9496906907', 'Nida  Manzil', '', 'SNMHSS', '1', '18', 'uploads/6881c3c83c2c9.png', 'uploads/6881c3c83c5cb_IMG-20250724-WA0153.jpg');

-- --------------------------------------------------------

--
-- Table structure for table `survey_careers`
--

CREATE TABLE `survey_careers` (
  `id` int NOT NULL,
  `response_id` int NOT NULL,
  `career_name` varchar(50) CHARACTER SET utf8mb3 COLLATE utf8mb3_unicode_ci NOT NULL
) ENGINE=InnoDB DEFAULT CHARSET=utf8mb3 COLLATE=utf8mb3_unicode_ci;

-- --------------------------------------------------------

--
-- Table structure for table `survey_learning`
--

CREATE TABLE `survey_learning` (
  `id` int NOT NULL,
  `response_id` int NOT NULL,
  `learning_item` varchar(100) CHARACTER SET utf8mb3 COLLATE utf8mb3_unicode_ci NOT NULL
) ENGINE=InnoDB DEFAULT CHARSET=utf8mb3 COLLATE=utf8mb3_unicode_ci;

-- --------------------------------------------------------

--
-- Table structure for table `survey_responses`
--

CREATE TABLE `survey_responses` (
  `id` int NOT NULL,
  `full_name` varchar(100) CHARACTER SET utf8mb3 COLLATE utf8mb3_unicode_ci NOT NULL,
  `age` tinyint UNSIGNED NOT NULL,
  `gender` enum('Male','Female','Other') CHARACTER SET utf8mb3 COLLATE utf8mb3_unicode_ci NOT NULL,
  `school_name` varchar(150) CHARACTER SET utf8mb3 COLLATE utf8mb3_unicode_ci NOT NULL,
  `class_completed` enum('10th','Plus Two') CHARACTER SET utf8mb3 COLLATE utf8mb3_unicode_ci NOT NULL,
  `stream_interest` varchar(50) CHARACTER SET utf8mb3 COLLATE utf8mb3_unicode_ci NOT NULL,
  `attended_before` enum('Yes','No') CHARACTER SET utf8mb3 COLLATE utf8mb3_unicode_ci NOT NULL,
  `parent_accompany` enum('Yes','No','Not sure') CHARACTER SET utf8mb3 COLLATE utf8mb3_unicode_ci NOT NULL,
  `submission_date` timestamp NULL DEFAULT CURRENT_TIMESTAMP,
  `status` int NOT NULL DEFAULT '0'
) ENGINE=InnoDB DEFAULT CHARSET=utf8mb3 COLLATE=utf8mb3_unicode_ci;

-- --------------------------------------------------------

--
-- Table structure for table `survey_subjects`
--

CREATE TABLE `survey_subjects` (
  `id` int NOT NULL,
  `response_id` int NOT NULL,
  `subject_name` varchar(50) CHARACTER SET utf8mb3 COLLATE utf8mb3_unicode_ci NOT NULL
) ENGINE=InnoDB DEFAULT CHARSET=utf8mb3 COLLATE=utf8mb3_unicode_ci;

-- --------------------------------------------------------

--
-- Table structure for table `ward`
--

CREATE TABLE `ward` (
  `id` int NOT NULL,
  `ward` varchar(50) CHARACTER SET utf8mb3 COLLATE utf8mb3_unicode_ci NOT NULL,
  `panchayath` int NOT NULL DEFAULT '0'
) ENGINE=InnoDB DEFAULT CHARSET=utf8mb3 COLLATE=utf8mb3_unicode_ci;

--
-- Dumping data for table `ward`
--

INSERT INTO `ward` (`id`, `ward`, `panchayath`) VALUES
(1, '1', 1),
(2, '2', 1),
(3, '3', 1),
(4, '4', 1),
(5, '5', 1),
(6, '6', 1),
(7, '7', 1),
(8, '8', 1),
(9, '9', 1),
(10, '10', 1),
(11, '11', 1),
(12, '12', 1),
(13, '13', 1),
(14, '14', 1),
(15, '15', 1),
(16, '16', 1),
(17, '17', 1),
(18, '18', 1),
(19, '19', 1),
(20, '20', 1),
(21, '21', 1),
(22, '22', 1),
(23, '23', 1),
(24, '24', 1),
(25, '25', 1),
(26, '1', 2),
(27, '2', 2),
(28, '3', 2),
(29, '4', 2),
(30, '5', 2),
(31, '6', 2),
(32, '7', 2),
(33, '8', 2),
(34, '9', 2),
(35, '10', 2),
(36, '11', 2),
(37, '12', 2),
(38, '13', 2),
(39, '14', 2),
(40, '15', 2),
(41, '16', 2),
(42, '17', 2),
(43, '18', 2),
(44, '19', 2),
(45, '20', 2),
(46, '21', 2),
(47, '22', 2),
(48, '23', 2),
(49, '24', 2),
(50, '25', 2),
(51, '1', 3),
(52, '2', 3),
(53, '3', 3),
(54, '4', 3),
(55, '5', 3),
(56, '6', 3),
(57, '7', 3),
(58, '8', 3),
(59, '9', 3),
(60, '10', 3),
(61, '11', 3),
(62, '12', 3),
(63, '13', 3),
(64, '14', 3),
(65, '15', 3),
(66, '16', 3),
(67, '17', 3),
(68, '18', 3),
(69, '19', 3),
(70, '20', 3),
(71, '21', 3),
(72, '22', 3),
(73, '23', 3),
(74, '24', 3),
(75, '25', 3),
(76, '1', 4),
(77, '2', 4),
(78, '3', 4),
(79, '4', 4),
(80, '5', 4),
(81, '6', 4),
(82, '7', 4),
(83, '8', 4),
(84, '9', 4),
(85, '10', 4),
(86, '11', 4),
(87, '12', 4),
(88, '13', 4),
(89, '14', 4),
(90, '15', 4),
(91, '16', 4),
(92, '17', 4),
(93, '18', 4),
(94, '19', 4),
(95, '20', 4),
(96, '21', 4),
(97, '22', 4),
(98, '23', 4),
(99, '24', 4),
(100, '25', 4),
(101, '1', 5),
(102, '2', 5),
(103, '3', 5),
(104, '4', 5),
(105, '5', 5),
(106, '6', 5),
(107, '7', 5),
(108, '8', 5),
(109, '9', 5),
(110, '10', 5),
(111, '11', 5),
(112, '12', 5),
(113, '13', 5),
(114, '14', 5),
(115, '15', 5),
(116, '16', 5),
(117, '17', 5),
(118, '18', 5),
(119, '19', 5),
(120, '20', 5),
(121, '21', 5),
(122, '22', 5),
(123, '23', 5),
(124, '24', 5),
(125, '25', 5),
(126, '1', 6),
(127, '2', 6),
(128, '3', 6),
(129, '4', 6),
(130, '5', 6),
(131, '6', 6),
(132, '7', 6),
(133, '8', 6),
(134, '9', 6),
(135, '10', 6),
(136, '11', 6),
(137, '12', 6),
(138, '13', 6),
(139, '14', 6),
(140, '15', 6),
(141, '16', 6),
(142, '17', 6),
(143, '18', 6),
(144, '19', 6),
(145, '20', 6),
(146, '21', 6),
(147, '22', 6),
(148, '23', 6),
(149, '24', 6),
(150, '25', 6),
(151, '1', 7),
(152, '2', 7),
(153, '3', 7),
(154, '4', 7),
(155, '5', 7),
(156, '6', 7),
(157, '7', 7),
(158, '8', 7),
(159, '9', 7),
(160, '10', 7),
(161, '11', 7),
(162, '12', 7),
(163, '13', 7),
(164, '14', 7),
(165, '15', 7),
(166, '16', 7),
(167, '17', 7),
(168, '18', 7),
(169, '19', 7),
(170, '20', 7),
(171, '21', 7),
(172, '22', 7),
(173, '23', 7),
(174, '24', 7),
(175, '25', 7);

--
-- Indexes for dumped tables
--

--
-- Indexes for table `panchayath`
--
ALTER TABLE `panchayath`
  ADD PRIMARY KEY (`id`);

--
-- Indexes for table `students`
--
ALTER TABLE `students`
  ADD PRIMARY KEY (`id`);

--
-- Indexes for table `survey_careers`
--
ALTER TABLE `survey_careers`
  ADD PRIMARY KEY (`id`);

--
-- Indexes for table `survey_learning`
--
ALTER TABLE `survey_learning`
  ADD PRIMARY KEY (`id`);

--
-- Indexes for table `survey_responses`
--
ALTER TABLE `survey_responses`
  ADD PRIMARY KEY (`id`);

--
-- Indexes for table `survey_subjects`
--
ALTER TABLE `survey_subjects`
  ADD PRIMARY KEY (`id`);

--
-- Indexes for table `ward`
--
ALTER TABLE `ward`
  ADD PRIMARY KEY (`id`);

--
-- AUTO_INCREMENT for dumped tables
--

--
-- AUTO_INCREMENT for table `panchayath`
--
ALTER TABLE `panchayath`
  MODIFY `id` int NOT NULL AUTO_INCREMENT, AUTO_INCREMENT=8;

--
-- AUTO_INCREMENT for table `students`
--
ALTER TABLE `students`
  MODIFY `id` int NOT NULL AUTO_INCREMENT, AUTO_INCREMENT=450;

--
-- AUTO_INCREMENT for table `survey_careers`
--
ALTER TABLE `survey_careers`
  MODIFY `id` int NOT NULL AUTO_INCREMENT;

--
-- AUTO_INCREMENT for table `survey_learning`
--
ALTER TABLE `survey_learning`
  MODIFY `id` int NOT NULL AUTO_INCREMENT;

--
-- AUTO_INCREMENT for table `survey_responses`
--
ALTER TABLE `survey_responses`
  MODIFY `id` int NOT NULL AUTO_INCREMENT;

--
-- AUTO_INCREMENT for table `survey_subjects`
--
ALTER TABLE `survey_subjects`
  MODIFY `id` int NOT NULL AUTO_INCREMENT;

--
-- AUTO_INCREMENT for table `ward`
--
ALTER TABLE `ward`
  MODIFY `id` int NOT NULL AUTO_INCREMENT, AUTO_INCREMENT=176;
COMMIT;

/*!40101 SET CHARACTER_SET_CLIENT=@OLD_CHARACTER_SET_CLIENT */;
/*!40101 SET CHARACTER_SET_RESULTS=@OLD_CHARACTER_SET_RESULTS */;
/*!40101 SET COLLATION_CONNECTION=@OLD_COLLATION_CONNECTION */;
