-- https://www.phpmyadmin.net/
--

START TRANSACTION;



--
-- Database: `gdhhsxmy_iumltuvvur`
--

-- --------------------------------------------------------

--
-- Table structure for table `ca_receipt`
--

CREATE TABLE `ca_receipt` (
  `id` int NOT NULL,
  `userid` int NOT NULL DEFAULT '0',
  `amount` float NOT NULL DEFAULT '0',
  `send_date` datetime NOT NULL DEFAULT CURRENT_TIMESTAMP,
  `orderid` varchar(250) COLLATE utf8mb4_general_ci NOT NULL DEFAULT '',
  `transid` varchar(200) COLLATE utf8mb4_general_ci NOT NULL DEFAULT ''
) ENGINE=MyISAM DEFAULT CHARSET=utf8mb4 COLLATE=utf8mb4_general_ci;

-- --------------------------------------------------------

--
-- Table structure for table `settings`
--

CREATE TABLE `settings` (
  `id` int NOT NULL,
  `version` varchar(255) COLLATE utf8mb4_general_ci NOT NULL DEFAULT '',
  `Startdate` datetime NOT NULL,
  `hide` int NOT NULL DEFAULT '0',
  `enddate` datetime NOT NULL DEFAULT '2000-01-01 00:00:00',
  `hideforappstore` int NOT NULL DEFAULT '0'
) ENGINE=MyISAM DEFAULT CHARSET=utf8mb4 COLLATE=utf8mb4_general_ci;

--
-- Dumping data for table `settings`
--

INSERT INTO `settings` (`id`, `version`, `Startdate`, `hide`, `enddate`, `hideforappstore`) VALUES
(1, '3', '2024-12-30 00:00:00', 0, '2025-12-30 00:00:00', 0);

-- --------------------------------------------------------

--
-- Table structure for table `tbl_assembly`
--

CREATE TABLE `tbl_assembly` (
  `id` int NOT NULL,
  `name` varchar(255) COLLATE utf8mb4_general_ci NOT NULL DEFAULT '',
  `district` int NOT NULL DEFAULT '0',
  `status` int NOT NULL DEFAULT '0'
) ENGINE=MyISAM DEFAULT CHARSET=utf8mb4 COLLATE=utf8mb4_general_ci;

--
-- Dumping data for table `tbl_assembly`
--

INSERT INTO `tbl_assembly` (`id`, `name`, `district`, `status`) VALUES
(1, 'Wandoor', 1, 0);

-- --------------------------------------------------------

--
-- Table structure for table `tbl_challenge`
--

CREATE TABLE `tbl_challenge` (
  `id` int NOT NULL,
  `challenge_name` varchar(255) COLLATE utf8mb4_general_ci NOT NULL DEFAULT '',
  `challenge_image` varchar(255) COLLATE utf8mb4_general_ci NOT NULL DEFAULT '',
  `challenge_startdate` date NOT NULL DEFAULT '1990-01-01',
  `challenge_enddate` date NOT NULL DEFAULT '1990-01-01',
  `location` varchar(255) COLLATE utf8mb4_general_ci NOT NULL DEFAULT '',
  `description` varchar(5000) COLLATE utf8mb4_general_ci NOT NULL DEFAULT '',
  `product_name1` char(255) COLLATE utf8mb4_general_ci NOT NULL DEFAULT '',
  `product_image1` varchar(255) COLLATE utf8mb4_general_ci NOT NULL DEFAULT '',
  `product_amount1` float NOT NULL DEFAULT '0',
  `delivary_date1` date NOT NULL DEFAULT '1990-01-01',
  `product_name2` varchar(255) COLLATE utf8mb4_general_ci NOT NULL DEFAULT '',
  `product_image2` varchar(255) COLLATE utf8mb4_general_ci NOT NULL DEFAULT '',
  `product_amount2` float NOT NULL DEFAULT '0',
  `delivary_date2` date NOT NULL DEFAULT '1990-01-01',
  `product_name3` varchar(255) COLLATE utf8mb4_general_ci NOT NULL DEFAULT '',
  `product_image3` varchar(255) COLLATE utf8mb4_general_ci NOT NULL DEFAULT '',
  `product_amount3` float NOT NULL DEFAULT '0',
  `delivary_date3` date DEFAULT '1990-01-01',
  `sponsorproductid1` int NOT NULL DEFAULT '0',
  `sponsorproductid2` int NOT NULL DEFAULT '0',
  `sponsorproductid3` int NOT NULL DEFAULT '0',
  `sponsorproductid4` int NOT NULL DEFAULT '0',
  `sponsorproductid5` int NOT NULL DEFAULT '0',
  `rate1` decimal(10,2) NOT NULL DEFAULT '0.00',
  `rate2` decimal(10,2) NOT NULL DEFAULT '0.00',
  `rate3` decimal(10,2) NOT NULL DEFAULT '0.00',
  `rate4` decimal(10,2) NOT NULL DEFAULT '0.00',
  `rate5` decimal(10,2) NOT NULL DEFAULT '0.00',
  `unit` varchar(50) COLLATE utf8mb4_general_ci NOT NULL DEFAULT '',
  `productconversion1` int NOT NULL DEFAULT '1',
  `productconversion2` int NOT NULL DEFAULT '1',
  `productconversion3` int NOT NULL DEFAULT '1',
  `status` int NOT NULL DEFAULT '0',
  `showdistrictandassembly` int NOT NULL DEFAULT '0'
) ENGINE=MyISAM DEFAULT CHARSET=utf8mb4 COLLATE=utf8mb4_general_ci;

-- --------------------------------------------------------

--
-- Table structure for table `tbl_club`
--

CREATE TABLE `tbl_club` (
  `id` int NOT NULL,
  `club_name` varchar(255) CHARACTER SET utf8mb4 COLLATE utf8mb4_general_ci NOT NULL,
  `status` int NOT NULL DEFAULT '0'
) ENGINE=MyISAM DEFAULT CHARSET=utf8mb4 COLLATE=utf8mb4_general_ci;

--
-- Dumping data for table `tbl_club`
--

INSERT INTO `tbl_club` (`id`, `club_name`, `status`) VALUES
(1, 'സൗദി കെ.എം.സി.സി', 0),
(2, 'യു.എ.ഇ കെ.എം.സി.സി', 0),
(3, 'ഖത്തർ കെ.എം.സി.സി', 0),
(4, 'ബഹ്‌റൈന്‍ കെ.എം.സി.സി', 0),
(5, 'കുവൈത്ത് കെ.എം.സി.സി', 0),
(6, 'ഒമാന്‍ കെ.എം.സി.സി', 0),
(7, 'വനിതാ ലീഗ്', 0);

-- --------------------------------------------------------

--
-- Table structure for table `tbl_customer`
--

CREATE TABLE `tbl_customer` (
  `id` int NOT NULL,
  `name` varchar(25) CHARACTER SET utf8mb4 COLLATE utf8mb4_general_ci NOT NULL,
  `Address` varchar(255) CHARACTER SET utf8mb4 COLLATE utf8mb4_general_ci NOT NULL,
  `Mobile` varchar(255) COLLATE utf8mb4_general_ci NOT NULL DEFAULT '',
  `District` int NOT NULL DEFAULT '1',
  `Assembly` int NOT NULL DEFAULT '1',
  `Panchayat` int NOT NULL DEFAULT '1',
  `Ward` int NOT NULL DEFAULT '0'
) ENGINE=MyISAM DEFAULT CHARSET=utf8mb4 COLLATE=utf8mb4_general_ci;

--
-- Dumping data for table `tbl_customer`
--

INSERT INTO `tbl_customer` (`id`, `name`, `Address`, `Mobile`, `District`, `Assembly`, `Panchayat`, `Ward`) VALUES
(1, 'Ali Hamdan', '', '9846350738', 1, 1, 1, 8),
(416, 'Najmudeen faize', '', '9495072475', 1, 1, 1, 7),
(419, 'CK Shareef', '', '9495072472', 1, 1, 1, 7),
(4, 'Seethi Sawad ', '', '8606683432', 1, 1, 1, 11),
(5, 'Jamsheer AK ', '', '9037826160', 1, 1, 1, 5),
(6, 'Muhammed Yazir ', '', '8086473568', 1, 1, 1, 10),
(7, 'Sha', '', '9207908816', 1, 1, 1, 4),
(8, 'Mohammed sadik m', '', '9447388026', 1, 1, 1, 4),
(97, 'അബ്ദുൽ ലത്തീഫ് p', '', '9497807052', 1, 1, 1, 1),
(96, 'T A Jaleel', '', '9495072475', 1, 1, 1, 7),
(11, 'C. K', '', '9495343568', 1, 1, 1, 3),
(12, 'അബ്ദുല്ല ഫാഹിം', '', '9495808265', 1, 1, 1, 15),
(14, 'Sideekh  O P', '', '9447748538', 1, 1, 1, 3),
(15, 'Sideekh Op', '', '9447748538', 1, 1, 1, 3),
(16, 'Kamarudheen', '', '8593002736', 1, 1, 1, 7),
(17, 'shahla sidheeq', '', '9496290639', 1, 1, 1, 2),
(18, 'shahlasidheeq', '', '9496290639', 1, 1, 1, 2),
(19, 'Ashik pattanath', '', '9447316607', 1, 1, 1, 11),
(95, 'pq', '', '9645450429', 1, 1, 1, 10),
(22, 'shafeeque vakkayil ', '', '9946410798', 1, 1, 1, 11),
(23, 'Kamaru', '', '8593002736', 1, 1, 1, 7),
(414, 'Niyasdeen T', '', '9562950058', 1, 1, 1, 7),
(25, 'O. K. A. S., TANGAL', '', '9495292030', 1, 1, 1, 3),
(26, 'ഇഹ്‌സാൻ പറവെട്ടി D/o നഫീസ', '', '9495342583', 1, 1, 1, 14),
(94, 'Misfar Hamza M', '', '9447316607', 1, 1, 1, 11),
(29, 'MUHAMMED AJMAL K', '', '9605020584', 1, 1, 1, 10),
(30, 'Abdul Latheef p', '', '9497807052', 1, 1, 1, 1),
(31, 'Salim Hudawi', '', '9447419528', 1, 1, 1, 11),
(32, 'റഷീദ് VP', '', '8086117736', 1, 1, 1, 5),
(33, 'muhammad shafi ', '', '7558000725', 1, 1, 1, 11),
(34, 'Mujib Rahiman. E', '', '7559980494', 1, 1, 1, 11),
(35, 'Nasar kv', '', '9447316607', 1, 1, 1, 11),
(36, 'Eedhu Mohammed PC', '', '9846035699', 1, 1, 1, 15),
(413, 'Ameen AP', '', '7558082328', 1, 1, 1, 2),
(38, 'ഹൈമ', '', '9497463996', 1, 1, 1, 17),
(412, 'Kunhikoya T', '', '9495072475', 1, 1, 1, 7),
(40, 'അബ്ദുൽ ലത്തീഫ് ', '', '9497807052', 1, 1, 1, 1),
(42, 'ഇ പി മൂസ്സ ', '', '9446247623', 1, 1, 1, 1),
(43, 'അബ്ദുൽ ലത്തീഫ് p', '', '9497807052', 1, 1, 1, 1),
(44, 'Muhammed Ajmal Pattanath ', '', '8921506851', 1, 1, 1, 11),
(45, 'Faisal Alipatta', '', '9447316607', 1, 1, 1, 11),
(46, 'Samad Maattummal', '', '9447316607', 1, 1, 1, 11),
(47, 'Ummar Puthur', '', '9447316607', 1, 1, 1, 11),
(48, 'Haris Thottasheri', '', '9447316607', 1, 1, 1, 11),
(411, 'Shafeeque', '', '9495072475', 1, 1, 1, 7),
(50, 'പി. സലാഹുദ്ധീൻ ', '', '9446767047', 1, 1, 1, 12),
(418, 'Saleem P', '', '9495072472', 1, 1, 1, 7),
(52, 'ashik', '', '9876543210', 1, 1, 1, 10),
(53, 'Madiyath', '', '9633916040', 1, 1, 1, 7),
(54, 'അബ്ദുൽ ലത്തീഫ് p', '', '9497807052', 1, 1, 1, 1),
(55, 'മുജീബ് മാഹിരി', '', '9747960978', 1, 1, 1, 5),
(56, 'ദുആ മുജീബ്', '', '9747960978', 1, 1, 1, 5),
(57, 'Kunjappa KP', '', '9447316607', 1, 1, 1, 11),
(58, 'Vappu KP', '', '9447316607', 1, 1, 1, 11),
(59, 'Mujeeb Rahman Pattanath', '', '9447316607', 1, 1, 1, 11),
(60, 'hashim', '', '1234567890', 1, 1, 1, 0),
(61, 'സിദ്ദീഖ് op', '', '9447748538', 1, 1, 1, 3),
(62, 'Fawaz', '', '9746336033', 1, 1, 1, 1),
(63, 'അബ്ദുൽ ലത്തീഫ് ', '', '9497807052', 1, 1, 1, 1),
(64, 'Gafoor Kattakadan', '', '8943878202', 1, 1, 1, 7),
(65, 'hamsa kk', '', '9447316607', 1, 1, 1, 11),
(66, 'Anubhavi', '', '9447316607', 1, 1, 1, 11),
(67, 'mujeeb', '', '9447316607', 1, 1, 1, 11),
(409, 'Jabbar P', '', '9495072475', 1, 1, 1, 7),
(69, 'YASAR. ULLATIL', '', '9495343568', 1, 1, 1, 3),
(70, 'അബ്ദുൽ ലത്തീഫ് ', '', '9497807052', 1, 1, 1, 1),
(71, 'sakeer', '', '9447316607', 1, 1, 1, 11),
(72, 'Muhammad Ali p', '', '9495710592', 1, 1, 1, 7),
(73, 'ഫൈസൽ kollaran ', '', '9495342583', 1, 1, 1, 14),
(74, '100', '', '8086845934', 1, 1, 1, 8),
(75, 'ഹംസ മുസ്‌ലിയാർ ', '', '9446769005', 1, 1, 1, 8),
(76, 'മുബാറക് റഹ്മാനി ', '', '9645502300', 1, 1, 1, 8),
(77, 'ബഷീർ തയ്യിൽ ', '', '8086061014', 1, 1, 1, 8),
(78, 'ഹംസ പൂഴിക്കുന്നൻ ', '', '9645502300', 1, 1, 1, 8),
(79, 'MUHAMMADALI M', '', '7594998716', 1, 1, 1, 7),
(417, 'Babu Ambalakunnu', '', '9495072475', 1, 1, 1, 7),
(81, 'SIYAS. P', '', '9495343568', 1, 1, 1, 3),
(82, 'ABUBAKAR. KUTTASERI', '', '9495343568', 1, 1, 1, 3),
(83, 'me', '', '0000000000', 1, 1, 1, 12),
(84, 'അബ്ദുൽ ലത്തീഫ് p', '', '9497807052', 1, 1, 1, 1),
(86, 'ആഷിഫ് ', '', '8606118593', 1, 1, 1, 11),
(407, 'Mannan KK', '', '9961066551', 1, 1, 1, 7),
(88, 'RASHEEDAJI', '', '9562718107', 1, 1, 1, 11),
(89, 'Samrath m', '', '9447316607', 1, 1, 1, 11),
(90, 'അനുഭാവി', '', '9785311758', 1, 1, 1, 17),
(91, 'suhail p', '', '9447316607', 1, 1, 1, 11),
(92, 'നൗഷാദ് (ഷാനു)', '', '8086524526', 1, 1, 1, 15),
(93, 'അർഷദ് പി', '', '9539881835', 1, 1, 1, 15),
(98, 'Abdura puthoor', '', '9447316607', 1, 1, 1, 11),
(99, 'Ummar P t', '', '9447316607', 1, 1, 1, 11),
(100, 'RAHIS. T', '', '9495343568', 1, 1, 1, 3),
(101, 'അബ്ദുൽ ലത്തീഫ് p', '', '9497807052', 1, 1, 1, 1),
(102, 'Sana Haris', '', '9447927916', 1, 1, 1, 10),
(103, 'SONU Haris', '', '9447927916', 1, 1, 1, 10),
(104, 'Naofal v k', '', '9447316607', 1, 1, 1, 11),
(105, 'Naofal  Padipura', '', '9447316607', 1, 1, 1, 11),
(107, 'Rukkiya  Thekethil', '', '9946462886', 1, 1, 1, 0),
(108, 'ajnose', '', '9495072475', 1, 1, 1, 7),
(109, 'MUNEER. K. S', '', '9495343568', 1, 1, 1, 3),
(110, 'RANEES. T', '', '9495343568', 1, 1, 1, 3),
(112, 'Nihal', '', '9876543210', 1, 1, 1, 1),
(406, 'ബഷീർ . മോനുട്ടി', '', '9544754995', 1, 1, 1, 2),
(114, 'gufh', '', '7593096484', 1, 1, 1, 10),
(115, 'me', '', '0000000000', 1, 1, 1, 12),
(117, 'SalamThonnikara', '', '9447316607', 1, 1, 1, 11),
(118, 'അബ്ദുൽ ലത്തീഫ് p', '', '9497807052', 1, 1, 1, 1),
(119, 'pm', '', '7558082328', 1, 1, 1, 2),
(120, 'Muhammed MuhsinV K', '', '9447316607', 1, 1, 1, 11),
(121, 'Mohammed unnimanparavetty', '', '7558082328', 1, 1, 1, 2),
(122, 'P. മെയ്തീൻ എളാപ്പ', '', '7558082328', 1, 1, 1, 2),
(124, 'okay ', '', '7907008964', 1, 1, 1, 10),
(125, 'Hamza (Kunchappa)Pallath', '', '9446831706', 1, 1, 1, 14),
(126, 'Abdul basheer(kunjan)T.H', '', '9061533304', 1, 1, 1, 14),
(127, 'Manu T.H', '', '9747402774', 1, 1, 1, 14),
(128, 'Bava Pallath', '', '9446293874', 1, 1, 1, 14),
(129, 'Abdul Azees T.H(kuttippa)', '', '9495022785', 1, 1, 1, 14),
(130, 'അബ്ദു ഹാജി ', '', '6238612278', 1, 1, 1, 8),
(405, 'സാലിം ബാപ്പുട്ടി', '', '9544754995', 1, 1, 1, 2),
(132, 'Shahir KK', '', '9447316607', 1, 1, 1, 11),
(133, 'Niyas N', '', '9447316607', 1, 1, 1, 11),
(134, 'Rafeek M', '', '9447316607', 1, 1, 1, 11),
(135, 'Sainudheen A.K', '', '9745027467', 1, 1, 1, 14),
(136, 'Miqdad m', '', '9447316607', 1, 1, 1, 11),
(137, 'NASAR. CK', '', '9495343568', 1, 1, 1, 3),
(138, 'Gafoor N', '', '9447316607', 1, 1, 1, 11),
(404, 'Hamza Aalayi', '', '7902316320', 1, 1, 1, 7),
(140, 'അബ്ദുൽ ലത്തീഫ് p', '', '9497807052', 1, 1, 1, 1),
(141, 'Fathima Nasar   K V', '', '7306568969', 1, 1, 1, 11),
(142, 'Akbar P T', '', '9447316607', 1, 1, 1, 11),
(143, 'kunhapa payyanadan', '', '9495072475', 1, 1, 1, 7),
(403, 'ABDUL. KEREEM. P', '', '9495343568', 1, 1, 1, 3),
(145, 'എൻ. ഖമറുന്നീസ', '', '9846557816', 1, 1, 1, 17),
(146, 'Subada Teacher', '', '9496756469', 1, 1, 1, 13),
(147, 'മെഹബൂബ് റഹ്‌മാൻ ', '', '9846350738', 1, 1, 1, 7),
(148, 'ramlath n', '', '9605499037', 1, 1, 1, 11),
(149, 'Nazar.N(കുഞ്ഞു )', '', '9809892466', 1, 1, 1, 1),
(150, 'Nazar.N(കുഞ്ഞു )', '', '9809892466', 1, 1, 1, 14),
(151, 'Alsabah V k', '', '9447316607', 1, 1, 1, 11),
(152, 'KUNCHANI. V. T', '', '9495343568', 1, 1, 1, 3),
(402, 'saidalavi.p', '', '7559808828', 1, 1, 1, 7),
(154, 'Shafeek M', '', '9447316607', 1, 1, 1, 11),
(156, 'ഉമ്മർ മുതുവല്ലൂർ', '', '9645584743', 1, 1, 1, 14),
(157, 'sajila. tichar', '', '9495343568', 1, 1, 1, 3),
(158, 'asjilateacher', '', '9495343568', 1, 1, 1, 3),
(159, '0000000', '', '9495343568', 1, 1, 1, 3),
(401, 'HAMSA. HAJI. U', '', '9495343568', 1, 1, 1, 3),
(161, 'Abdul Razak.k', '', '8156898993', 1, 1, 1, 11),
(162, 'അബ്ദുൽ ലത്തീഫ് p', '', '9497807052', 1, 1, 1, 1),
(163, 'Saji P', '', '9447316607', 1, 1, 1, 11),
(400, 'Nanikoya', '', '9495072475', 1, 1, 1, 7),
(399, 'Manuppa', '', '7907685501', 1, 1, 1, 7),
(167, 'Sakeer P', '', '9447316607', 1, 1, 1, 11),
(168, 'Suhara  Edappatta ', '', '9744415473', 1, 1, 1, 11),
(398, 'SABEERALI. V. T', '', '9495343568', 1, 1, 1, 3),
(397, 'HAJAJ', '', '9495343568', 1, 1, 1, 3),
(171, 'Haris Kunnath ', '', '9447927916', 1, 1, 1, 10),
(172, 'SaliyaHaris Kunnath', '', '9496766259', 1, 1, 1, 0),
(173, 'Hasker ali Kunnath', '', '9544631172', 1, 1, 1, 10),
(174, 'A T Nasar ', '', '7907008964', 1, 1, 1, 10),
(175, 'Fairooz kt', '', '9747629635', 1, 1, 1, 11),
(176, 'junaid vt', '', '9446105564', 1, 1, 1, 3),
(177, 'UNAISALI. K', '', '9495343568', 1, 1, 1, 3),
(178, 'അബ്ദുൽ ലത്തീഫ് p', '', '9497807052', 1, 1, 1, 1),
(179, 'MUHAMMED. C. K', '', '9495343568', 1, 1, 1, 3),
(180, 'AMJADKAN. A', '', '9495343568', 1, 1, 1, 3),
(181, 'Rouf    P', '', '9447748538', 1, 1, 1, 3),
(182, 'ROUF  PP', '', '9447748538', 1, 1, 1, 3),
(183, 'Najeeb. P', '', '9605399743', 1, 1, 1, 3),
(184, 'Jafar M', '', '9447316607', 1, 1, 1, 11),
(185, 'Abdullakutti PT', '', '9447316607', 1, 1, 1, 11),
(186, 'Hashem Tottu VK', '', '9447316607', 1, 1, 1, 11),
(187, 'സുഹൈൽ. എം', '', '9497463996', 1, 1, 1, 17),
(188, 'Abdurhiman M', '', '9447316607', 1, 1, 1, 11),
(189, 'Kutteman CP', '', '9447316607', 1, 1, 1, 11),
(190, 'ഫസലു റഹ്മാൻ തോട്ടപ്പാളി', '', '9446690966', 1, 1, 1, 17),
(191, 'Razak Nk', '', '9495072475', 1, 1, 1, 7),
(192, 'ABDULSALAM. K. V', '', '9495343568', 1, 1, 1, 3),
(193, 'Afsal', '', '9495072475', 1, 1, 1, 7),
(396, 'RAZIK. C. P', '', '9495343568', 1, 1, 1, 3),
(194, 'asjila. teicher', '', '9495343568', 1, 1, 1, 3),
(195, 'asjilateachear', '', '9495343568', 1, 1, 1, 3),
(196, 'ABDU. HAJI. U', '', '9495343568', 1, 1, 1, 3),
(197, 'Usman K', '', '9447316607', 1, 1, 1, 11),
(395, 'NAUSHAD. K', '', '9495343568', 1, 1, 1, 3),
(199, 'Nasar P', '', '9447316607', 1, 1, 1, 11),
(200, 'faisal. u', '', '9495343568', 1, 1, 1, 3),
(201, 'JUNAID. U', '', '9495343568', 1, 1, 1, 3),
(202, 'nanni. k', '', '9495343568', 1, 1, 1, 3),
(203, 'mustafa. maulavi. p', '', '9495343568', 1, 1, 1, 3),
(204, 'ABID. K', '', '9495343568', 1, 1, 1, 3),
(205, 'rafeek. ali', '', '9495343568', 1, 1, 1, 3),
(206, 'Shanavas T', '', '9846330954', 1, 1, 1, 11),
(207, 'അബ്ദുൽ ലത്തീഫ് p', '', '9497807052', 1, 1, 1, 1),
(208, 'ഇർഷാദ്. K. T', '', '9495343565', 1, 1, 1, 3),
(209, 'MOHIDEENKUTTI. DARIMI.', '', '9495343568', 1, 1, 1, 3),
(210, 'YOOSAF. U', '', '9495343568', 1, 1, 1, 3),
(211, 'SIHAB. U', '', '9495343568', 1, 1, 1, 3),
(394, 'RAZIK. P', '', '9495343568', 1, 1, 1, 3),
(393, 'RIZVAN. K', '', '9495343568', 1, 1, 1, 3),
(216, 'KUNCHANE PP', '', '9447748538', 1, 1, 1, 3),
(392, 'MUHAMMED. SABIT. M', '', '9495343568', 1, 1, 1, 3),
(219, 'SALIM    M', '', '9447748538', 1, 1, 1, 3),
(220, 'Iqbal Karimbil', '', '9495137743', 1, 1, 1, 10),
(221, 'JAFAR P', '', '9846737894', 1, 1, 1, 14),
(222, 'Ansar p', '', '8086706733', 1, 1, 1, 7),
(391, 'NAUFAL. N. K', '', '9495343568', 1, 1, 1, 3),
(224, 'ANVAR. K', '', '9495343568', 1, 1, 1, 3),
(389, 'suneer babu T H', '', '9495229478', 1, 1, 1, 7),
(226, 'Haliya', '', '9645658546', 1, 1, 1, 0),
(387, 'midlaj CK', '', '7034913781', 1, 1, 1, 7),
(228, 'നൗഷാദ്. N. K', '', '9495343568', 1, 1, 1, 3),
(229, 'നൗഷാദ്. N. K', '', '9495343568', 1, 1, 1, 3),
(230, 'Rafeeq  A K', '', '9447316607', 1, 1, 1, 11),
(231, 'ഉവൈസ് യമാനി', '', '9544754995', 1, 1, 1, 2),
(232, 'സലാഹുദ്ധീൻ താമരത്ത് ', '', '9846350738', 1, 1, 1, 10),
(233, 'HASKER    K', '', '9846395882', 1, 1, 1, 3),
(234, 'HASKER   K', '', '9447748538', 1, 1, 1, 3),
(235, 'oks vappu thangal ', '', '9747154083', 1, 1, 1, 3),
(236, 'അബ്ദുൽ ലത്തീഫ് p', '', '9497807052', 1, 1, 1, 1),
(237, 'Musthafa', '', '9495072475', 1, 1, 1, 7),
(238, 'bappu. p', '', '9495343568', 1, 1, 1, 3),
(239, 'ABDUL. NASAR. P', '', '9495343568', 1, 1, 1, 3),
(240, 'MOHIDEEN. K', '', '9495343568', 1, 1, 1, 3),
(241, 'MOOSA. K. V', '', '9495343568', 1, 1, 1, 3),
(242, 'Labeeb ', '', '9747170511', 1, 1, 1, 3),
(243, 'BINSHAR. U', '', '9495343568', 1, 1, 1, 3),
(244, 'SAIDALAVI. K', '', '9495343568', 1, 1, 1, 3),
(245, 'KT NASSER', '', '7012065284', 1, 1, 1, 3),
(246, 'UMMAR. P. M', '', '9495343568', 1, 1, 1, 3),
(247, 'MAJEED. K', '', '9495343568', 1, 1, 1, 3),
(248, 'KUNCHIPPA P', '', '9447748538', 1, 1, 1, 3),
(249, 'TKN', '', '9447680264', 1, 1, 1, 4),
(250, 'KKM ഇഖ്ബാൽ', '', '9495808265', 1, 1, 1, 15),
(251, 'ജംഷാദ് ചൂരക്കുത്ത്', '', '9495808265', 1, 1, 1, 15),
(252, 'അബ്ദുൽ ലത്തീഫ് p', '', '9497807052', 1, 1, 1, 1),
(253, 'SWALIH AYANIKKAL', '', '9447531463', 1, 1, 1, 15),
(254, 'AZEES. K', '', '9495343568', 1, 1, 1, 3),
(255, 'Yousef   U', '', '9447748538', 1, 1, 1, 3),
(256, 'SHAJUDEEN. P. M', '', '9495343568', 1, 1, 1, 3),
(257, 'RAFEEQ. A', '', '9495343568', 1, 1, 1, 3),
(258, 'MUHAMMAD. SIBIL. T', '', '9495343568', 1, 1, 1, 3),
(259, 'kuttiman  K', '', '9447748538', 1, 1, 1, 3),
(260, 'kuttiman  K', '', '9447748538', 1, 1, 1, 3),
(261, 'Rayyan Ayanikkal ', '', '9020364581', 1, 1, 1, 15),
(386, 'OK MUHLAR THANGAL', '', '9447748538', 1, 1, 1, 3),
(385, 'ALI. K', '', '9495343568', 1, 1, 1, 3),
(382, 'Abdura AK', '', '9447316607', 1, 1, 1, 11),
(266, 'IRFAD. C. K', '', '9495343568', 1, 1, 1, 3),
(267, 'Manukuttan', '', '9495072475', 1, 1, 1, 7),
(268, 'ASRAF. K', '', '9495343568', 1, 1, 1, 3),
(269, 'FARIS. K', '', '9495343568', 1, 1, 1, 3),
(270, 'Jaseena Teacher', '', '9605728369', 1, 1, 1, 8),
(271, 'റഷീദ് VP', '', '8086117736', 1, 1, 1, 5),
(272, 'ശിഹാബുദ്ധീൻ മാസ്റ്റർ', '', '9946056616', 1, 1, 1, 16),
(273, 'Nasar kallayi', '', '9605728369', 1, 1, 1, 8),
(274, 'അബ്ദുൽ ലത്തീഫ് p', '', '9497807052', 1, 1, 1, 1),
(275, 'Basheer Mattummal', '', '7306221721', 1, 1, 1, 10),
(276, 'നിസാർ തങ്ങൾ', '', '9447629772', 1, 1, 1, 3),
(277, 'Rasheed.Alakkadan', '', '9446692304', 1, 1, 1, 3),
(278, 'Sajitha.Alakkadan', '', '9496671489', 1, 1, 1, 3),
(279, 'അസ്‌കർ മാമ്പുഴ ', '', '9846350738', 1, 1, 1, 8),
(285, 'അൻവർ KT', '', '9846350738', 1, 1, 1, 11),
(280, 'Grameena padanakendram', '', '9495072475', 1, 1, 1, 7),
(381, 'RAZAK KUNCHAN P', '', '9447748538', 1, 1, 1, 3),
(286, 'Sanitha teacher', '', '9544990931', 1, 1, 1, 0),
(287, 'എം.ലത്തീഫ്', '', '9497463996', 1, 1, 1, 17),
(288, 'sulaikha ', '', '9645914931', 1, 1, 1, 0),
(289, 'Jamsheera', '', '9745562032', 1, 1, 1, 0),
(290, 'Naseehath.pp', '', '9605016103', 1, 1, 1, 0),
(291, 'Nanni T', '', '9447316607', 1, 1, 1, 11),
(292, 'SAJLA', '', '9495343568', 1, 1, 1, 3),
(293, 'Hamza M', '', '8606020103', 1, 1, 1, 14),
(294, 'Muhamad adichikottil ', '', '9387909949', 1, 1, 1, 0),
(295, 'Rahiya PP', '', '9387909949', 1, 1, 1, 0),
(296, 'Bushra PK', '', '9544990931', 1, 1, 1, 0),
(297, 'സൈതാലി ഉസ്താദ് P', '', '7558082328', 1, 1, 1, 2),
(298, 'Favish', '', '9387909949', 1, 1, 1, 0),
(299, 'അബ്ദു കിനാക്കിളി', '', '7558082328', 1, 1, 1, 2),
(300, 'സാദിഖ് KK', '', '7558082328', 1, 1, 1, 2),
(301, 'Kunhimuhamed', '', '9847952696', 1, 1, 1, 5),
(302, 'KHKutty ', '', '9037431952', 1, 1, 1, 1),
(304, 'Assia C.K', '', '9447477019', 1, 1, 1, 8),
(390, 'Naseem.p', '', '9497463996', 1, 1, 1, 17),
(307, 'കമ്മുണ്ണി ഹാജി', '', '9447748538', 1, 1, 1, 3),
(308, 'kunhani haji p', '', '9495072475', 1, 1, 1, 9),
(309, 'അബ്ദുൽ. കെരീം. p', '', '9495343568', 1, 1, 1, 3),
(310, 'കമ്മുണ്ണി ഹാജി  P', '', '9447748538', 1, 1, 1, 3),
(311, 'AP മാനു ഐലാശ്ശേരി', '', '9447928428', 1, 1, 1, 2),
(312, 'moideen palengara ', '', '9447316607', 1, 1, 1, 11),
(313, 'Razak mattummal', '', '9447316607', 1, 1, 1, 11),
(314, 'Sathar mattummal ', '', '9447316607', 1, 1, 1, 11),
(315, 'കുഞ്ഞിതു - പി', '', '9544754995', 1, 1, 1, 2),
(316, 'Shareef. KP', '', '9495072475', 1, 1, 1, 12),
(317, 'Maimoona. ', '', '8113936427', 1, 1, 1, 0),
(318, 'shahana', '', '9605016103', 1, 1, 1, 0),
(319, 'സമീറ പൊടുവണ്ണി', '', '9447477019', 1, 1, 1, 8),
(320, 'Maimoona C.k', '', '9447477019', 1, 1, 1, 8),
(321, 'ഹുസൈൻ - NK', '', '9544754995', 1, 1, 1, 2),
(322, 'മമ്മു . പൊട്ടേങ്ങാട്', '', '9544754995', 1, 1, 1, 2),
(323, 'Sulikha', '', '9544990931', 1, 1, 1, 0),
(324, 'Assya T', '', '9544990931', 1, 1, 1, 0),
(379, 'SIHABUDEEN. V. T', '', '9495343568', 1, 1, 1, 3),
(326, 'Abida  C', '', '9544634054', 1, 1, 1, 0),
(327, 'MOHIDEEN. KUTTI. M', '', '9495343568', 1, 1, 1, 3),
(328, 'Anvar(മുത്ത് )C.T', '', '7511180812', 1, 1, 1, 14),
(329, 'ഖഫൂർ ബാപ്പു A', '', '7558082328', 1, 1, 1, 2),
(330, 'MUNEERA ', '', '9946731559', 1, 1, 1, 10),
(331, 'Anvar kk', '', '9496003753', 1, 1, 1, 7),
(333, 'jishnu Eranjikkal ', '', '9495072475', 1, 1, 1, 7),
(334, 'ഇസ്മായിൽ കുഞ്ഞാപ്പാ NK', '', '7558082328', 1, 1, 1, 2),
(335, 'കമ്മിണി മാസ്‌റ്റ്. P', '', '9495343568', 1, 1, 1, 3),
(336, 'KAMUNNI. MASTAR. P', '', '9495343568', 1, 1, 1, 3),
(337, 'വാപ്പു പൊട്ടേങ്ങാട്ട്', '', '9544754995', 1, 1, 1, 2),
(338, 'നിഷാദ് - KT', '', '9544754995', 1, 1, 1, 2),
(339, 'ck കുഞ്ഞാൻ മുസ്ലിയാർ', '', '9544754995', 1, 1, 1, 2),
(340, 'ശാക്കിർ - KT', '', '9544754995', 1, 1, 1, 2),
(341, 'സിദ്ദീഖ് - C', '', '9544754995', 1, 1, 1, 2),
(342, 'Ramlath. v. p', '', '8138062978', 1, 1, 1, 13),
(343, 'Faseela K', '', '9495072475', 1, 1, 1, 7),
(345, 'IUML', '', '7025520430', 1, 1, 1, 5),
(378, 'മുഹമ്മദ് കിഴക്കുംപറമ്പൻ', '', '9846350738', 1, 1, 1, 13),
(347, 'Sairabanu', '', '8943033427', 1, 1, 1, 0),
(348, 'Nishad', '', '9061350919', 1, 1, 1, 0),
(349, 'Nishad pp', '', '9605016103', 1, 1, 1, 1),
(350, 'കളത്തിൽ കുഞ്ഞാപ്പു ഹാജി', '', '9846350738', 1, 1, 1, 12),
(354, 'കുഞ്ഞിപ്പ മുസ്ലിയാരകത്ത്', '', '9544754995', 1, 1, 1, 2),
(352, 'മിനി വട്ടിപറമ്പത്ത്', '', '9544785423', 1, 1, 1, 13),
(353, 'Basheer A', '', '9495072475', 1, 1, 1, 7),
(376, 'RASHEED. M', '', '9495343568', 1, 1, 1, 4),
(377, 'UMMER   P', '', '9447748538', 1, 1, 1, 3),
(383, 'Naushad kunhani', '', '9495072475', 1, 1, 1, 7),
(375, 'MIDLAJ. M', '', '9495343568', 1, 1, 1, 3),
(357, 'സലാം അക്കരമ്മൽ', '', '9544754995', 1, 1, 1, 2),
(384, 'RASHEED. T', '', '9495343568', 1, 1, 1, 3),
(359, 'മാജിദ് വാഫി അക്കരമ്മൽ', '', '9544754995', 1, 1, 1, 2),
(360, 'അനുഭാവി', '', '9544754995', 1, 1, 1, 2),
(361, 'കുരിക്കൾ മുനീർ ', '', '9846350738', 1, 1, 1, 6),
(362, 'ഹാരിസ് കുണ്ട്ലാംപാടം ', '', '9846350738', 1, 1, 1, 6),
(363, 'MIKKDAD. K. K', '', '9495343568', 1, 1, 1, 3),
(364, 'RIYAS. V. T', '', '9495343568', 1, 1, 1, 3),
(365, 'KHALID. P. M. H', '', '9495343568', 1, 1, 1, 3),
(366, 'MIDLAJ. M', '', '9495343568', 1, 1, 1, 3),
(367, 'Rasheed p', '', '9495072475', 1, 1, 1, 7),
(368, 'Abdul Latheef KV', '', '9048500905', 1, 1, 1, 10),
(369, 'velayudan Neroth', '', '9495072475', 1, 1, 1, 7),
(370, 'HIDAYAHTULLA. K', '', '9495343568', 1, 1, 1, 3),
(371, 'siraj.A', '', '9495072475', 1, 1, 1, 7),
(372, 'കുട്ടിആലി മാസ്റ്റ്ർ', '', '7558082328', 1, 1, 1, 2),
(420, 'മുസ്തഫ വാലയിൽ ', '', '9846350738', 1, 1, 1, 6),
(421, 'മാനു പാറക്കടവ് ', '', '9846350738', 1, 1, 1, 6),
(422, 'കോയ മുസ്‌ലിയാർ തെച്ചിയോടൻ', '', '9846350738', 1, 1, 1, 6),
(423, 'Jareer K K', '', '9447316607', 1, 1, 1, 11),
(424, 'Ap Niyas', '', '9495072475', 1, 1, 1, 7),
(425, 'M Subaida', '', '9495072475', 1, 1, 1, 7),
(426, 'നാസർ പുതിയകത്ത് ', '', '9846350738', 1, 1, 1, 8),
(427, 'Ashhar', '', '9048004320', 1, 1, 1, 11),
(428, 'MUNEER FAISY', '', '7025007893', 1, 1, 1, 10),
(431, ' Fasalurahman (Babu )p', '', '9495072475', 1, 1, 1, 7),
(432, 'RAMEES. T', '', '8606004386', 1, 1, 1, 3),
(433, 'സലാഹുദ്ധീൻ മാങ്ങോടൻ', '', '9539626442', 1, 1, 1, 5),
(434, 'ജഷീർ PP', '', '9207004215', 1, 1, 1, 15),
(435, 'Rafeequ mk', '', '9048775776', 1, 1, 1, 5),
(436, 'Ayyappan ', '', '9495072475', 1, 1, 1, 11),
(437, 'മാമ്പുഴ റബ്ബർ ഫാക്ടറി ', '', '9846350738', 1, 1, 1, 16),
(438, 'Usamath Pattanath', '', '9447316607', 1, 1, 1, 11),
(439, 'Babu VK', '', '9447316607', 1, 1, 1, 11),
(440, 'റംസാദ്\' കുഞ്ഞാണി', '', '9745191611', 1, 1, 1, 5),
(454, 'NIYAS. K', '', '9495343568', 1, 1, 1, 3),
(442, 'ബഷീർ കുഞ്ഞിപ്പ', '', '9846350738', 1, 1, 1, 2),
(443, 'SHOWKATH ULLATIL', '', '8606788909', 1, 1, 1, 3),
(444, 'അബു പൊൻകുളത്തിൽ', '', '9846350738', 1, 1, 1, 8),
(445, 'Abbas Palottil', '', '6235245174', 1, 1, 1, 1),
(446, 'Ansar Mambadan', '', '9656980340', 1, 1, 1, 1),
(447, 'Fairoos Kollaramban', '', '9715671914', 1, 1, 1, 1),
(448, 'മിസ്ഹബ് അടിച്ചിക്കോട്ടിൽ', '', '9037937629', 1, 1, 1, 1),
(449, 'Abdul Nasar Puthalath', '', '9665028636', 1, 1, 1, 1),
(450, 'Saheer E.P', '', '9665537403', 1, 1, 1, 1),
(451, 'Shafi Muriyangalath', '', '9037937629', 1, 1, 1, 1),
(452, 'Ummusalma Madasseri', '', '9446993116', 1, 1, 1, 14),
(458, 'അബ്ബാസ് മംഗലശ്ശേരി', '', '9188674496', 1, 1, 1, 15),
(455, 'Shahid Kodunnottil', '', '9961375050', 1, 1, 1, 10),
(456, 'Yousaf TP', '', '9061636348', 1, 1, 1, 10),
(457, 'Abdu kodunnottil', '', '9497204311', 1, 1, 1, 10),
(459, 'shihabudeen Hydar T', '', '9495072475', 1, 1, 1, 7),
(460, 'ശുകൂർ A', '', '7558082328', 1, 1, 1, 2),
(461, 'ജൗഹർ മാഞ്ചേരി', '', '9605605038', 1, 1, 1, 1),
(462, 'അബൂബക്കർ മാഞ്ചേരി', '', '9446950919', 1, 1, 1, 1),
(463, 'സഹീർ പുളോം പറമ്പൻ', '', '8606076462', 1, 1, 1, 1),
(464, 'Aslah Cherugottil', '', '9645898824', 1, 1, 1, 1),
(465, 'ഖിമാമുദ്ധീൻ കൊല്ല റമ്പൻ', '', '8086432928', 1, 1, 1, 1),
(466, 'ജിൻഷിദ് അടിച്ചിക്കോട്ടിൽ', '', '9645098670', 1, 1, 1, 1),
(467, 'ഹമീദ് പാലോട്ടിൽ', '', '9605788978', 1, 1, 1, 1),
(468, 'Musthakkali p', '', '9495072475', 1, 1, 1, 7),
(475, 'അബ്ദു ', '', '9846350738', 1, 1, 1, 8),
(470, 'മുസ്തഫ അബ്ദുൽ ലത്തീഫ് ', '', '9846350738', 1, 1, 1, 4),
(471, 'said kodunnotil', '', '9495072475', 1, 1, 1, 9),
(472, 'അനുഭാവി', '', '9495072475', 1, 1, 1, 18),
(473, 'Mohammed.Rafi.Cm', '', '9946285989', 1, 1, 1, 10),
(474, 'kammutty.Haji', '', '9447108657', 1, 1, 1, 16),
(481, 'jamsheer TP', '', '9447927549', 1, 1, 1, 17),
(480, 'Faisal TH', '', '9495072475', 1, 1, 1, 7),
(478, 'aa', '', '9846350738', 1, 1, 1, 10),
(479, 'kunhimuhammed Ap', '', '9495072475', 1, 1, 1, 2),
(482, 'മുനീർ കോഴിശേരി', '', '9495072472', 1, 1, 1, 4),
(483, 'ഹംസ ഹാജി C', '', '9495072475', 1, 1, 1, 4),
(484, 'സൈഫുദ്ധീൻ പി', '', '9497463996', 1, 1, 1, 17),
(485, 'Razak NK', '', '9846350738', 1, 1, 1, 18),
(486, 'ജസീറ VP', '', '9846350738', 1, 1, 1, 18),
(487, 'Shareef baputty', '', '9495072475', 1, 1, 1, 7),
(488, 'Unknown', '', '8606036360', 1, 1, 1, 9),
(493, 'Anubavi', '', '9495072475', 1, 1, 1, 18),
(497, 'റഹ്മത്ത് ', '', '9846350738', 1, 1, 1, 18),
(496, 'Arshad', '', '9495072475', 1, 1, 1, 13),
(499, 'റസിയ കരിമ്പിൽ ', '', '9846350738', 1, 1, 1, 18),
(494, 'Salman C', '', '9809827739', 1, 1, 1, 17),
(498, 'Shahiz', '', '9495072475', 1, 1, 1, 18),
(502, 'അനിൽകുമാർ പരപ്പിനിയിൽ ', '', '9846350738', 1, 1, 1, 18),
(501, 'ജലീൽ പൊട്ടേങ്ങാട്ട്', '', '9495072475', 1, 1, 1, 7),
(503, 'അസ്‌കർ നെച്ചിക്കാടൻ ', '', '9846350738', 1, 1, 1, 18),
(504, 'ഉസാമ പട്ടണത്ത് ', '', '9846350738', 1, 1, 1, 18);

-- --------------------------------------------------------

--
-- Table structure for table `tbl_district`
--

CREATE TABLE `tbl_district` (
  `id` int NOT NULL,
  `district_name` varchar(255) COLLATE utf8mb4_general_ci NOT NULL DEFAULT '',
  `status` int NOT NULL DEFAULT '0'
) ENGINE=MyISAM DEFAULT CHARSET=utf8mb4 COLLATE=utf8mb4_general_ci;

--
-- Dumping data for table `tbl_district`
--

INSERT INTO `tbl_district` (`id`, `district_name`, `status`) VALUES
(1, 'Malappuram', 0);

-- --------------------------------------------------------

--
-- Table structure for table `tbl_panchayat`
--

CREATE TABLE `tbl_panchayat` (
  `id` int NOT NULL,
  `assembly_id` int NOT NULL DEFAULT '0',
  `panchayat_name` varchar(255) COLLATE utf8mb4_general_ci NOT NULL DEFAULT '',
  `status` int NOT NULL DEFAULT '0'
) ENGINE=MyISAM DEFAULT CHARSET=utf8mb4 COLLATE=utf8mb4_general_ci;

--
-- Dumping data for table `tbl_panchayat`
--

INSERT INTO `tbl_panchayat` (`id`, `assembly_id`, `panchayat_name`, `status`) VALUES
(1, 1, 'Tuvvur', 0);

-- --------------------------------------------------------

--
-- Table structure for table `tbl_product`
--

CREATE TABLE `tbl_product` (
  `id` int NOT NULL,
  `product_name` varchar(255) COLLATE utf8mb4_general_ci NOT NULL DEFAULT '',
  `amount` float NOT NULL DEFAULT '0',
  `status` int NOT NULL DEFAULT '0'
) ENGINE=MyISAM DEFAULT CHARSET=utf8mb4 COLLATE=utf8mb4_general_ci;

-- --------------------------------------------------------

--
-- Table structure for table `tbl_transaction`
--

CREATE TABLE `tbl_transaction` (
  `id` int NOT NULL,
  `donation` int NOT NULL DEFAULT '0',
  `sponsorship` int NOT NULL DEFAULT '0',
  `challengeid` int NOT NULL DEFAULT '0',
  `clubid` int NOT NULL DEFAULT '0',
  `hideidendity` int NOT NULL DEFAULT '0',
  `customerid` int NOT NULL DEFAULT '0',
  `orderforothers` int NOT NULL DEFAULT '0',
  `name` varchar(255) COLLATE utf8mb4_general_ci NOT NULL DEFAULT '',
  `address` varchar(255) COLLATE utf8mb4_general_ci NOT NULL DEFAULT '',
  `mobile` varchar(255) COLLATE utf8mb4_general_ci NOT NULL DEFAULT '',
  `dateadded` datetime NOT NULL DEFAULT CURRENT_TIMESTAMP,
  `orderid` varchar(100) COLLATE utf8mb4_general_ci NOT NULL DEFAULT '',
  `Transid` varchar(100) COLLATE utf8mb4_general_ci NOT NULL DEFAULT '',
  `Amount` decimal(10,2) NOT NULL DEFAULT '0.00',
  `Received` decimal(10,2) NOT NULL DEFAULT '0.00',
  `volunteer` int NOT NULL DEFAULT '0',
  `status` int NOT NULL DEFAULT '0',
  `uniquedid` varchar(250) COLLATE utf8mb4_general_ci NOT NULL DEFAULT ''
) ENGINE=MyISAM DEFAULT CHARSET=utf8mb4 COLLATE=utf8mb4_general_ci;

--
-- Dumping data for table `tbl_transaction`
--

INSERT INTO `tbl_transaction` (`id`, `donation`, `sponsorship`, `challengeid`, `clubid`, `hideidendity`, `customerid`, `orderforothers`, `name`, `address`, `mobile`, `dateadded`, `orderid`, `Transid`, `Amount`, `Received`, `volunteer`, `status`, `uniquedid`) VALUES
(1, 1, 0, 0, 0, 0, 1, 0, '', '', '', '2025-01-10 07:02:38', 'order_PhjWv2fMkYNkca', '501049357206', 10.00, 10.00, 0, 0, 'd9380f1c52455ca5'),
(418, 1, 0, 0, 0, 0, 422, 0, '', '', '', '2025-02-22 19:50:47', '', '', 1000.00, 1000.00, 4, 0, 'd9380f1c52455ca5'),
(417, 1, 0, 0, 0, 0, 421, 0, '', '', '', '2025-02-22 19:48:53', '', '', 1000.00, 1000.00, 4, 0, 'd9380f1c52455ca5'),
(4, 1, 0, 0, 0, 0, 4, 0, '', '', '', '2025-01-10 07:38:36', 'order_Phk8uHPOjd9bNO', '501090964346', 100.00, 100.00, 0, 0, 'e384816263572867'),
(5, 1, 0, 0, 0, 0, 5, 0, '', '', '', '2025-01-10 07:50:50', 'order_PhkLpstvEd2IDK', '501088730350', 100.00, 100.00, 0, 0, '5acfd7cc6e4b2b19'),
(6, 1, 0, 0, 0, 0, 6, 0, '', '', '', '2025-01-10 07:52:58', 'order_PhkNtXFG3xGOhb', '501091663375', 300.00, 300.00, 0, 0, 'b2443de827440c3b'),
(7, 1, 0, 0, 0, 0, 7, 0, '', '', '', '2025-01-10 09:10:56', 'order_PhliOLV01ZHXwY', '501049840433', 1.00, 1.00, 0, 0, 'd9d06cac7553cf6c'),
(8, 1, 0, 0, 0, 0, 8, 0, '', '', '', '2025-01-10 10:01:26', 'order_PhmZpBUWOAiteX', '501061915086', 100.00, 100.00, 0, 0, '75211124952dce2f'),
(9, 1, 0, 0, 0, 0, 11, 0, '', '', '', '2025-01-10 18:37:05', 'order_PhoDsdYlppT2wt', '587151781094', 10.00, 10.00, 0, 0, '83fefc08b3f2f73b'),
(10, 1, 0, 0, 0, 0, 12, 0, '', '', '', '2025-01-10 20:35:34', 'order_PhxNd5gADjC4xX', '501145167920', 101.00, 101.00, 0, 0, 'c3b041f2f29c025c'),
(12, 1, 0, 0, 0, 0, 14, 0, '', '', '', '2025-01-10 21:52:40', 'order_PhygXUZRWHdewN', '501186761291', 100.00, 100.00, 0, 0, '50f432830ea2e129'),
(13, 1, 0, 0, 0, 0, 15, 0, '', '', '', '2025-01-10 21:59:36', 'order_PhyoMCpUgVX71G', '501158765486', 1.00, 1.00, 0, 0, '50f432830ea2e129'),
(14, 1, 0, 0, 0, 0, 16, 0, '', '', '', '2025-01-10 22:30:01', 'order_PhzDXWe8qvqp92', '501117663910', 1000.00, 1000.00, 0, 0, '2fdd90f03d426ef9'),
(15, 1, 0, 0, 0, 1, 17, 0, '', '', '', '2025-01-11 00:45:06', 'order_Pi1dGnE5aQJPwj', '501120164354', 100.00, 100.00, 0, 0, 'cf9188014c6f03f3'),
(16, 1, 0, 0, 0, 0, 18, 0, '', '', '', '2025-01-11 01:06:23', 'order_Pi1zkv0mXr6yBa', '501121592197', 100.00, 100.00, 0, 0, 'cf9188014c6f03f3'),
(17, 1, 0, 0, 0, 0, 19, 0, '', '', '', '2025-01-11 02:28:49', 'order_Pi3OcqQgobrpMG', '501127313617', 500.00, 500.00, 0, 0, '5b43df08b610fb85'),
(21, 1, 0, 0, 0, 1, 23, 0, '', '', '', '2025-01-11 06:21:14', 'order_Pi7KDHzrQyv4Xd', '501116410688', 2.00, 2.00, 0, 0, '2fdd90f03d426ef9'),
(20, 1, 0, 0, 0, 0, 22, 0, '', '', '', '2025-01-11 04:22:06', 'order_Pi5JfQyPUurQPR', '501112694104', 500.00, 500.00, 0, 0, 'da557f8df87c1988'),
(416, 1, 0, 0, 0, 0, 420, 0, '', '', '', '2025-02-22 19:45:21', '', '', 1000.00, 1000.00, 4, 0, 'd9380f1c52455ca5'),
(23, 1, 0, 0, 0, 0, 25, 0, '', '', '', '2025-01-11 09:59:50', 'order_PiB4sOJcr02GTb', '537722819904', 2000.00, 2000.00, 0, 0, '83fefc08b3f2f73b'),
(24, 1, 0, 0, 0, 0, 26, 0, '', '', '', '2025-01-11 11:09:14', 'order_PiCGSSM9kQpnz5', '537775929182', 50.00, 50.00, 0, 0, '34bd3ec32684a136'),
(26, 1, 0, 0, 0, 0, 29, 0, '', '', '', '2025-01-14 10:19:05', 'order_PjMzG9ix4vtZom', '501485938965', 500.00, 500.00, 0, 0, '154b447416bdee80'),
(27, 1, 0, 0, 0, 1, 30, 0, '', '', '', '2025-01-14 10:37:23', 'order_PjNJqpUXDc8zjO', '538013260828', 10.00, 10.00, 0, 0, '649120fc788138f7'),
(28, 1, 0, 0, 0, 0, 31, 0, '', '', '', '2025-01-15 01:05:31', 'order_Pjc70HyMyKpr3W', '501545204993', 250.00, 250.00, 0, 0, '59cf5b708a29e772'),
(29, 1, 0, 0, 0, 0, 32, 0, '', '', '', '2025-01-15 01:09:52', 'order_PjcBTikgnOPL0W', '501513623335', 101.00, 101.00, 0, 0, '52ce993a3996ff06'),
(30, 1, 0, 0, 0, 0, 33, 0, '', '', '', '2025-01-15 01:22:52', 'order_PjcPWp4s4eQ1bm', '501597859145', 100.00, 100.00, 0, 0, '95795fc45035e9de'),
(31, 1, 0, 0, 0, 1, 34, 0, '', '', '', '2025-01-15 03:08:16', 'order_PjeCcgQnHgl16A', '538117095411', 100.00, 100.00, 0, 0, 'ee3d01686b1ae38f'),
(32, 1, 0, 0, 0, 0, 35, 0, '', '', '', '2025-01-15 06:20:51', 'order_PjhULpdcK0J9Ma', '501510933198', 500.00, 500.00, 0, 0, '5b43df08b610fb85'),
(33, 1, 0, 0, 0, 0, 36, 0, '', '', '', '2025-01-15 18:06:16', '', '', 5000.00, 5000.00, 3, 0, 'c3b041f2f29c025c'),
(412, 1, 0, 0, 0, 0, 416, 0, '', '', '', '2025-02-21 14:50:13', 'order_PyJAJSU2I1oo6a', '100372217158', 100.00, 100.00, 0, 0, '6bed1914631216ae'),
(35, 1, 0, 0, 0, 0, 38, 0, '', '', '', '2025-01-15 09:40:41', 'order_PjkssrSSH2oNeh', '538155453671', 100.00, 100.00, 0, 0, '195176385e84b5ff'),
(415, 1, 0, 0, 0, 0, 419, 0, '', '', '', '2025-02-22 17:33:01', 'order_PykV46s55G9uXu', '100428954198', 200.00, 200.00, 0, 0, '6bed1914631216ae'),
(37, 1, 0, 0, 0, 1, 40, 0, '', '', '', '2025-01-15 21:43:01', 'order_PjxCK07q3fTNkP', '501626632801', 20.00, 20.00, 0, 0, '649120fc788138f7'),
(39, 1, 0, 0, 0, 0, 42, 0, '', '', '', '2025-01-17 00:56:33', 'order_PkP0okKvM14dUe', '501757157307', 25000.00, 25000.00, 0, 0, 'd9380f1c52455ca5'),
(40, 1, 0, 0, 0, 1, 43, 0, '', '', '', '2025-01-17 03:25:38', 'order_PkRZQx9QrcRBzw', '501785656121', 10.00, 10.00, 0, 0, '649120fc788138f7'),
(41, 1, 0, 0, 0, 0, 44, 0, '', '', '', '2025-01-17 03:46:51', 'order_PkRvrSQpZwFWew', '501787067776', 100.00, 100.00, 0, 0, '5b43df08b610fb85'),
(42, 1, 0, 0, 0, 0, 45, 0, '', '', '', '2025-01-17 03:52:19', 'order_PkS1o3xLGDMyXw', '501787436245', 1000.00, 1000.00, 0, 0, '5b43df08b610fb85'),
(43, 1, 0, 0, 0, 0, 46, 0, '', '', '', '2025-01-17 03:54:14', 'order_PkS3qq1r3e1bGs', '501787572456', 1000.00, 1000.00, 0, 0, '5b43df08b610fb85'),
(44, 1, 0, 0, 0, 0, 47, 0, '', '', '', '2025-01-17 03:55:40', 'order_PkS5IWSyNchVRy', '501787629043', 10000.00, 10000.00, 0, 0, '5b43df08b610fb85'),
(45, 1, 0, 0, 0, 0, 48, 0, '', '', '', '2025-01-17 03:57:06', 'order_PkS6atxRpIi1L9', '501787709158', 200.00, 200.00, 0, 0, '5b43df08b610fb85'),
(410, 1, 0, 0, 0, 0, 414, 0, '', '', '', '2025-02-20 22:06:59', 'order_Py26KA7RmCKdcm', '100350357941', 500.00, 500.00, 0, 0, '6bed1914631216ae'),
(47, 1, 0, 0, 0, 0, 50, 0, '', '', '', '2025-01-18 03:37:03', 'order_PkqIkNNUcLgLpU', '501810806950', 25000.00, 25000.00, 0, 0, 'd9380f1c52455ca5'),
(409, 1, 0, 0, 0, 0, 413, 0, '', '', '', '2025-02-20 21:35:39', 'order_Py1ZDda4c9soZn', '505167886570', 2000.00, 2000.00, 0, 0, '4434fbe5a6bc66fa'),
(49, 1, 0, 0, 0, 0, 52, 0, '', '', '', '2025-01-18 05:03:04', 'order_PkrlW9MOhVJJ2b', '538478747002', 1.00, 1.00, 0, 0, 'b6cb03be86ea8132'),
(50, 1, 0, 0, 0, 1, 53, 0, '', '', '', '2025-01-18 05:08:10', 'order_PkrpIc3xPIg9DU', '501852744242', 1.00, 1.00, 0, 0, 'eb8a73481f230fc3'),
(51, 1, 0, 0, 0, 1, 54, 0, '', '', '', '2025-01-18 05:12:39', 'order_Pkrvk1Nx7cd3dv', '501838242166', 10.00, 10.00, 0, 0, '649120fc788138f7'),
(52, 1, 0, 0, 0, 0, 55, 0, '', '', '', '2025-01-18 21:33:34', 'order_Pl8drK6cVWnWQo', '501942709873', 101.00, 101.00, 0, 0, '38ad7fb89c68970f'),
(53, 1, 0, 0, 0, 0, 56, 0, '', '', '', '2025-01-18 22:54:22', 'order_PlA1KtCg2unsPB', '501944921573', 100.00, 100.00, 0, 0, '38ad7fb89c68970f'),
(54, 1, 0, 0, 0, 0, 57, 0, '', '', '', '2025-01-18 23:40:03', 'order_PlAn2OngYTnoNv', '501983657895', 5000.00, 5000.00, 0, 0, '5b43df08b610fb85'),
(55, 1, 0, 0, 0, 0, 58, 0, '', '', '', '2025-01-18 23:41:30', 'order_PlAooLgdPT9x6Q', '501910657805', 5000.00, 5000.00, 0, 0, '5b43df08b610fb85'),
(56, 1, 0, 0, 0, 0, 59, 0, '', '', '', '2025-01-18 23:42:52', 'order_PlAqTqwVU3ngdR', '501958459816', 5000.00, 5000.00, 0, 0, '5b43df08b610fb85'),
(57, 1, 0, 0, 5, 0, 60, 0, '', '', '', '2025-01-19 01:23:01', 'order_PlCXFrYJjmcOsS', '538587890133', 1.00, 1.00, 0, 0, 'e592e91b5ca2b6f4'),
(58, 1, 0, 0, 0, 0, 61, 0, '', '', '', '2025-01-19 01:26:48', 'order_PlCc8gVSRGr2ru', '501984454332', 900.00, 900.00, 0, 0, '50f432830ea2e129'),
(59, 1, 0, 0, 0, 1, 62, 0, '', '', '', '2025-01-19 01:40:09', 'order_PlCpt1QJTEQsBX', '501956251431', 1.00, 1.00, 0, 0, '6144070081952cae'),
(60, 1, 0, 0, 0, 1, 63, 0, '', '', '', '2025-01-19 03:50:06', 'order_PlF3bhcOgsUNUL', '501967823036', 10.00, 10.00, 0, 0, '649120fc788138f7'),
(61, 1, 0, 0, 0, 0, 64, 0, '', '', '', '2025-01-19 07:56:14', 'order_PlJF3UgSte7DWY', '501971309107', 500.00, 500.00, 0, 0, '6bed1914631216ae'),
(62, 1, 0, 0, 0, 0, 65, 0, '', '', '', '2025-01-19 11:11:03', 'order_PlMZCTfDFm7FRI', '501982969766', 500.00, 500.00, 0, 0, '5b43df08b610fb85'),
(63, 1, 0, 0, 0, 0, 66, 0, '', '', '', '2025-01-19 11:17:26', 'order_PlMg6zri0khz2D', '501983284619', 10000.00, 10000.00, 0, 0, '5b43df08b610fb85'),
(64, 1, 0, 0, 0, 0, 67, 0, '', '', '', '2025-01-19 11:20:59', 'order_PlMjxhptrO5bGu', '501983462093', 10.00, 10.00, 0, 0, '5b43df08b610fb85'),
(66, 1, 0, 0, 0, 0, 69, 0, '', '', '', '2025-01-19 12:25:58', 'order_PlNq9dpEX1oVCI', '538524830794', 1000.00, 1000.00, 0, 0, '222b66dee1cb3e7e'),
(67, 1, 0, 0, 0, 1, 70, 0, '', '', '', '2025-01-19 23:46:29', 'order_PlZRN10EeRQOCS', '502094038849', 10.00, 10.00, 0, 0, '649120fc788138f7'),
(68, 1, 0, 0, 0, 0, 71, 0, '', '', '', '2025-01-20 01:45:18', 'order_PlbSmBd7hyjctj', '502097593894', 500.00, 500.00, 0, 0, '5b43df08b610fb85'),
(69, 1, 0, 0, 0, 1, 72, 0, '', '', '', '2025-01-20 04:53:12', 'order_PleZayVgN8wG4J', '502008493276', 500.00, 500.00, 0, 0, '6bed1914631216ae'),
(70, 1, 0, 0, 0, 0, 73, 0, '', '', '', '2025-01-20 04:59:30', 'order_PlelujJpaa40d9', '502089894458', 3000.00, 3000.00, 0, 0, '34bd3ec32684a136'),
(71, 1, 0, 0, 0, 1, 74, 0, '', '', '', '2025-01-20 06:28:30', 'order_PlgI5MKPdqMLQq', '502005204865', 100.00, 100.00, 0, 0, '62af05230055cb58'),
(72, 1, 0, 0, 0, 0, 75, 0, '', '', '', '2025-01-20 06:39:38', 'order_PlgTjVUmsiZLjb', '502013487247', 500.00, 500.00, 0, 0, '62af05230055cb58'),
(73, 1, 0, 0, 0, 0, 76, 0, '', '', '', '2025-01-20 06:43:49', 'order_PlgWzKA3aCl2ri', '502078698214', 500.00, 500.00, 0, 0, '62af05230055cb58'),
(74, 1, 0, 0, 0, 0, 77, 0, '', '', '', '2025-01-20 06:54:04', 'order_Plgj0NOlntuu9Q', '502014319824', 100.00, 100.00, 0, 0, '62af05230055cb58'),
(75, 1, 0, 0, 0, 0, 78, 0, '', '', '', '2025-01-20 07:00:28', 'order_PlgpW87eD8Gp9c', '502062607537', 100.00, 100.00, 0, 0, '62af05230055cb58'),
(76, 1, 0, 0, 0, 0, 79, 0, '', '', '', '2025-01-20 09:01:50', 'order_PlithjfwumAZ6i', '502007714049', 100.00, 100.00, 0, 0, '821c10b1b4aa4532'),
(408, 1, 0, 0, 0, 0, 412, 0, '', '', '', '2025-02-20 20:57:10', 'order_Py0ui4GGk17yKN', '100347731143', 260.00, 260.00, 0, 0, '6bed1914631216ae'),
(78, 1, 0, 0, 0, 0, 81, 0, '', '', '', '2025-01-20 22:18:50', 'order_PlwT0mLNw4CmPZ', '502198910755', 500.00, 500.00, 0, 0, '222b66dee1cb3e7e'),
(79, 1, 0, 0, 0, 0, 82, 0, '', '', '', '2025-01-20 23:26:32', 'order_PlxdHYOFyP9pfD', '502190923347', 500.00, 500.00, 0, 0, '222b66dee1cb3e7e'),
(80, 1, 0, 0, 0, 0, 83, 0, '', '', '', '2025-01-22 01:00:51', 'order_Pm3lDEj3wSIqmD', '502211247269', 1.00, 1.00, 0, 0, '770D16CF-3287-49E5-9AD3-761E45FEA70A'),
(81, 1, 0, 0, 0, 1, 84, 0, '', '', '', '2025-01-21 06:41:42', 'order_Pm5394dklPP5rm', '502138803713', 10.00, 10.00, 0, 0, '649120fc788138f7'),
(407, 1, 0, 0, 0, 0, 411, 0, '', '', '', '2025-02-20 20:24:54', 'order_Py0McOqVVq48uu', '100345609162', 1000.00, 1000.00, 0, 0, '6bed1914631216ae'),
(83, 1, 0, 0, 0, 0, 86, 0, '', '', '', '2025-01-21 20:44:18', 'order_Pm8fjQNahvGzcc', '278198511712', 100.00, 100.00, 0, 0, '60556b053b36ca9b'),
(414, 1, 0, 0, 0, 0, 418, 0, '', '', '', '2025-02-22 10:42:10', 'order_PydUQK5BsdiRSn', '100409060247', 1000.00, 1000.00, 0, 0, '6bed1914631216ae'),
(85, 1, 0, 0, 0, 0, 88, 0, '', '', '', '2025-01-22 01:32:08', 'order_PmDZSJjIrp3NDI', '781959831794', 1100.00, 1100.00, 0, 0, '4e8e3082fb89fa40'),
(86, 1, 0, 0, 0, 0, 89, 0, '', '', '', '2025-01-22 08:12:01', 'order_PmKNzVnPXswSDi', '502256227139', 500.00, 500.00, 0, 0, '5b43df08b610fb85'),
(400, 1, 0, 0, 0, 0, 404, 0, '', '', '', '2025-02-18 12:37:29', 'order_Px5INIX6bdoCNy', '100222296874', 500.00, 500.00, 0, 0, '6bed1914631216ae'),
(87, 1, 0, 0, 0, 0, 90, 0, '', '', '', '2025-01-22 12:12:31', 'order_PmOTakKyKXOgSk', '538816586869', 500.00, 500.00, 0, 0, '195176385e84b5ff'),
(88, 1, 0, 0, 0, 0, 91, 0, '', '', '', '2025-01-22 20:38:08', 'order_PmX6BrMXbVHfiC', '538850446379', 2000.00, 2000.00, 0, 0, '5b43df08b610fb85'),
(89, 1, 0, 0, 0, 0, 92, 0, '', '', '', '2025-01-22 21:37:12', '', '', 2000.00, 2000.00, 3, 0, 'c3b041f2f29c025c'),
(90, 1, 0, 0, 0, 0, 93, 0, '', '', '', '2025-01-23 13:38:34', '', '', 500.00, 500.00, 3, 0, 'c3b041f2f29c025c'),
(91, 1, 0, 0, 0, 0, 94, 0, '', '', '', '2025-01-23 17:13:18', 'order_Pms8zu5NDQPWCK', '502316802579', 5000.00, 5000.00, 0, 0, '5b43df08b610fb85'),
(92, 1, 0, 0, 0, 0, 95, 0, '', '', '', '2025-01-23 20:03:19', 'order_Pmv2ZaUbzSFk7i', '502385419708', 100.00, 100.00, 0, 0, 'bda7bf086ae727fe'),
(93, 1, 0, 0, 0, 0, 96, 0, '', '', '', '2025-01-23 22:11:49', 'order_PmxDcmTi1O0n9N', '502365668319', 20000.00, 20000.00, 0, 0, '6bed1914631216ae'),
(94, 1, 0, 0, 0, 1, 97, 0, '', '', '', '2025-01-23 22:27:45', 'order_PmxUhdEOFBgD70', '502322784716', 20.00, 20.00, 0, 0, '649120fc788138f7'),
(95, 1, 0, 0, 0, 0, 98, 0, '', '', '', '2025-01-24 08:21:11', 'order_Pn7c7KmkllJE5S', '502428554169', 3000.00, 3000.00, 0, 0, '5b43df08b610fb85'),
(96, 1, 0, 0, 0, 0, 99, 0, '', '', '', '2025-01-24 08:58:15', 'order_Pn8FEwPi3OX5dR', '502440955912', 500.00, 500.00, 0, 0, '5b43df08b610fb85'),
(97, 1, 0, 0, 0, 0, 100, 0, '', '', '', '2025-01-24 09:40:45', 'order_Pn8xmFxbk3AZNa', '502433747099', 500.00, 500.00, 0, 0, '222b66dee1cb3e7e'),
(98, 1, 0, 0, 0, 1, 101, 0, '', '', '', '2025-01-24 10:52:35', 'order_PnABkSX3oMcQst', '502433537044', 10.00, 10.00, 0, 0, '649120fc788138f7'),
(99, 1, 0, 0, 0, 0, 102, 0, '', '', '', '2025-01-24 11:00:57', 'order_PnAKZohSmtMt1J', '502434037340', 100.00, 100.00, 0, 0, 'f5054dcf23be1efd'),
(100, 1, 0, 0, 0, 0, 103, 0, '', '', '', '2025-01-24 11:20:45', 'order_PnAfdUeRsaJYgy', '502435247264', 100.00, 100.00, 0, 0, 'f5054dcf23be1efd'),
(101, 1, 0, 0, 0, 0, 104, 0, '', '', '', '2025-01-24 13:03:06', 'order_PnCPjytSWiifiZ', '502441647503', 500.00, 500.00, 0, 0, '5b43df08b610fb85'),
(102, 1, 0, 0, 0, 0, 105, 0, '', '', '', '2025-01-24 13:35:49', 'order_PnCyRDL4i5i8Bu', '502443859655', 1000.00, 1000.00, 0, 0, '5b43df08b610fb85'),
(104, 1, 0, 0, 7, 0, 107, 0, '', '', '', '2025-01-24 14:18:05', 'order_PnDgvu6Wi5uWV9', '502446629146', 500.00, 500.00, 0, 0, 'b71d3d0b85c3a701'),
(105, 1, 0, 0, 0, 0, 108, 0, '', '', '', '2025-01-24 15:54:31', 'order_PnFKIL9OpdQW2m', '502489575820', 500.00, 500.00, 0, 0, '6bed1914631216ae'),
(106, 1, 0, 0, 0, 0, 109, 0, '', '', '', '2025-01-24 16:40:06', 'order_PnG6kmvS2P4MBo', '502473872980', 1000.00, 1000.00, 0, 0, '222b66dee1cb3e7e'),
(107, 1, 0, 0, 0, 0, 110, 0, '', '', '', '2025-01-24 17:40:28', 'order_PnH89Q8OqKCXtq', '502408886541', 1.00, 1.00, 0, 0, '222b66dee1cb3e7e'),
(413, 1, 0, 0, 0, 0, 417, 0, '', '', '', '2025-02-21 18:38:09', 'order_PyN4QYXhg6ivHj', '100383475217', 200.00, 200.00, 0, 0, '6bed1914631216ae'),
(405, 1, 0, 0, 0, 0, 409, 0, '', '', '', '2025-02-20 18:58:38', 'order_PxyslPYBwZ2vMr', '100339263920', 100.00, 100.00, 0, 0, '6bed1914631216ae'),
(109, 1, 0, 0, 0, 1, 112, 0, '', '', '', '2025-01-25 16:55:55', 'order_PneuAEzrpm9wFM', '502516403790', 2.00, 2.00, 0, 0, '56F89AE1-12A1-42F6-B281-5E11FDEADB39'),
(111, 1, 0, 0, 0, 0, 114, 0, '', '', '', '2025-01-25 19:42:21', 'order_PnhkcM1lRC55N3', '539169347778', 1.00, 1.00, 0, 0, '0c4c85709f5025b9'),
(112, 1, 0, 0, 0, 0, 115, 0, '', '', '', '2025-01-25 19:45:02', 'order_Pnhm3jWZN1DEBk', '502519613795', 1.00, 1.00, 0, 0, '770D16CF-3287-49E5-9AD3-761E45FEA70A'),
(403, 1, 0, 0, 0, 0, 407, 0, '', '', '', '2025-02-19 17:03:55', 'order_PxYO4l9bE43MEl', '100283415978', 100.00, 100.00, 0, 0, '6bed1914631216ae'),
(114, 1, 0, 0, 0, 0, 117, 0, '', '', '', '2025-01-25 20:51:42', 'order_Pnivy4C81BUSjg', '539109473243', 500.00, 500.00, 0, 0, '5b43df08b610fb85'),
(115, 1, 0, 0, 0, 1, 118, 0, '', '', '', '2025-01-26 08:34:43', 'order_PnuuTXh5fTZ41u', '539227989402', 20.00, 20.00, 0, 0, '649120fc788138f7'),
(116, 1, 0, 0, 0, 0, 119, 0, '', '', '', '2025-01-26 09:46:34', 'order_Pnw7WWskEEh5V3', '539204387292', 1.00, 1.00, 0, 0, '4434fbe5a6bc66fa'),
(117, 1, 0, 0, 0, 0, 120, 0, '', '', '', '2025-01-26 09:50:13', 'order_PnwCLHwvt4kU7s', '502624711206', 2000.00, 2000.00, 0, 0, '5b43df08b610fb85'),
(118, 1, 0, 0, 0, 0, 121, 0, '', '', '', '2025-01-26 10:21:35', 'order_Pnwj1prKjPx3cu', '502626385396', 5000.00, 5000.00, 0, 0, '4434fbe5a6bc66fa'),
(119, 1, 0, 0, 0, 0, 122, 0, '', '', '', '2025-01-26 10:31:20', 'order_Pnwt1DZWjM8RE5', '502626951785', 5000.00, 5000.00, 0, 0, '4434fbe5a6bc66fa'),
(121, 1, 0, 0, 0, 1, 124, 0, '', '', '', '2025-01-26 10:38:21', 'order_PnwybD2yoMWQ7b', '502610017268', 5.00, 5.00, 0, 0, '3E62512F-4D39-4252-BA43-DDDEC89356A4'),
(122, 1, 0, 0, 0, 0, 125, 0, '', '', '', '2025-01-26 11:15:05', 'order_PnxdOxgSdVo3un', '539280794240', 2000.00, 2000.00, 0, 0, 'b4b3ec7ed5f0897b'),
(123, 1, 0, 0, 0, 0, 126, 0, '', '', '', '2025-01-26 11:43:08', 'order_Pny7VikAq65vQn', '539205591274', 1000.00, 1000.00, 0, 0, 'b4b3ec7ed5f0897b'),
(124, 1, 0, 0, 0, 0, 127, 0, '', '', '', '2025-01-26 12:15:12', 'order_PnyfFJR13pnSwl', '502628800754', 1000.00, 1000.00, 0, 0, 'b4b3ec7ed5f0897b'),
(125, 1, 0, 0, 0, 0, 128, 0, '', '', '', '2025-01-26 12:29:10', 'order_Pnyu3mWzWjepMa', '539238693375', 1000.00, 1000.00, 0, 0, 'b4b3ec7ed5f0897b'),
(126, 1, 0, 0, 0, 0, 129, 0, '', '', '', '2025-01-26 12:47:30', 'order_PnzCpaudJqmJBx', '539292996151', 500.00, 500.00, 0, 0, 'b4b3ec7ed5f0897b'),
(127, 1, 0, 0, 0, 0, 130, 0, '', '', '', '2025-01-26 16:14:01', 'order_Po2jo4ILQXH0fR', '502667512003', 100.00, 100.00, 0, 0, '62af05230055cb58'),
(402, 1, 0, 0, 0, 0, 406, 0, '', '', '', '2025-02-18 13:31:18', 'order_Px6FeJzsgM5fxU', '100225248833', 300.00, 300.00, 0, 0, '2edbf0e42f5e4470'),
(129, 1, 0, 0, 0, 0, 132, 0, '', '', '', '2025-01-26 16:47:59', 'order_Po3JSwfzEgglJt', '502687110803', 500.00, 500.00, 0, 0, '5b43df08b610fb85'),
(130, 1, 0, 0, 0, 0, 133, 0, '', '', '', '2025-01-26 16:50:48', 'order_Po3MNSy2yRajrG', '502654815099', 500.00, 500.00, 0, 0, '5b43df08b610fb85'),
(131, 1, 0, 0, 0, 0, 134, 0, '', '', '', '2025-01-26 16:53:12', 'order_Po3P1dW5Vadqe9', '502642818299', 500.00, 500.00, 0, 0, '5b43df08b610fb85'),
(132, 1, 0, 0, 0, 0, 135, 0, '', '', '', '2025-01-26 18:29:48', 'order_Po52qHNMNdStVz', '502634822860', 1000.00, 1000.00, 0, 0, 'b4b3ec7ed5f0897b'),
(133, 1, 0, 0, 0, 0, 136, 0, '', '', '', '2025-01-26 20:06:00', 'order_Po6gXoqc5SDJ9f', '502659239676', 500.00, 500.00, 0, 0, '5b43df08b610fb85'),
(134, 1, 0, 0, 0, 0, 137, 0, '', '', '', '2025-01-26 20:38:14', 'order_Po7EpDE7kiSQLV', '502682831416', 2000.00, 2000.00, 0, 0, '222b66dee1cb3e7e'),
(135, 1, 0, 0, 0, 0, 138, 0, '', '', '', '2025-01-26 21:08:22', 'order_Po7kedHQ0gdGrV', '502663485000', 500.00, 500.00, 0, 0, '5b43df08b610fb85'),
(401, 1, 0, 0, 0, 0, 405, 0, '', '', '', '2025-02-18 13:07:25', 'order_Px5qQotXgAaj47', '100223922542', 8000.00, 8000.00, 0, 0, '2edbf0e42f5e4470'),
(137, 1, 0, 0, 0, 1, 140, 0, '', '', '', '2025-01-27 08:55:02', 'order_PoJnAsn5LteWSS', '502769649281', 10.00, 10.00, 0, 0, '649120fc788138f7'),
(138, 1, 0, 0, 0, 0, 141, 0, '', '', '', '2025-01-27 11:16:38', 'order_PoMCgBcPfjadJ9', '502753066543', 200.00, 200.00, 0, 0, 'b71d3d0b85c3a701'),
(139, 1, 0, 0, 0, 0, 142, 0, '', '', '', '2025-01-27 11:27:18', 'order_PoMO1A1sTmZv8C', '502727553735', 500.00, 500.00, 0, 0, '5b43df08b610fb85'),
(140, 1, 0, 0, 0, 0, 143, 0, '', '', '', '2025-01-27 12:27:30', 'order_PoNPS1O2jABgLX', '502719551523', 1000.00, 1000.00, 0, 0, '6bed1914631216ae'),
(142, 1, 0, 0, 0, 0, 145, 0, '', '', '', '2025-01-27 14:16:51', 'order_PoPGp5EVpfMXa6', '539318575725', 2000.00, 2000.00, 0, 0, '195176385e84b5ff'),
(143, 1, 0, 0, 0, 0, 146, 0, '', '', '', '2025-01-27 17:21:40', 'order_PoSPY2XIfcNCN7', '502733226170', 15000.00, 15000.00, 0, 0, '6bed1914631216ae'),
(144, 1, 0, 0, 0, 0, 147, 0, '', '', '', '2025-01-27 17:48:19', 'order_PoSsbIBDtlRzXC', '502786922967', 10000.00, 10000.00, 0, 0, 'd9380f1c52455ca5'),
(145, 1, 0, 0, 0, 0, 148, 0, '', '', '', '2025-01-27 21:32:11', 'order_PoWg1eeL4YPZax', '539393900747', 500.00, 500.00, 0, 0, 'a6bd2ac71eb77477'),
(146, 1, 0, 0, 0, 0, 149, 0, '', '', '', '2025-01-27 21:59:25', 'order_PoX9TCQTx9GrMA', '539371820421', 10000.00, 10000.00, 0, 0, 'b4b3ec7ed5f0897b'),
(147, 1, 0, 0, 0, 0, 150, 0, '', '', '', '2025-01-27 22:06:58', 'order_PoXHRydEeO4ZLZ', '539329109436', 15000.00, 15000.00, 0, 0, 'b4b3ec7ed5f0897b'),
(148, 1, 0, 0, 0, 0, 151, 0, '', '', '', '2025-01-27 22:23:27', 'order_PoXZ9WXrxfNyqV', '539308824914', 500.00, 500.00, 0, 0, '5b43df08b610fb85'),
(149, 1, 0, 0, 0, 0, 152, 0, '', '', '', '2025-01-27 22:26:57', 'order_PoXc1mY25PAz9r', '539309719986', 500.00, 500.00, 0, 0, '222b66dee1cb3e7e'),
(151, 1, 0, 0, 0, 0, 154, 0, '', '', '', '2025-01-27 22:29:08', 'order_PoXfB2YtXdNd9K', '539378127963', 1001.00, 1001.00, 0, 0, '5b43df08b610fb85'),
(153, 1, 0, 0, 0, 0, 156, 0, '', '', '', '2025-01-27 22:32:03', 'order_PoXhlyrZlsFmvR', '539338919721', 1500.00, 1500.00, 0, 0, 'b4b3ec7ed5f0897b'),
(154, 1, 0, 0, 0, 0, 157, 0, '', '', '', '2025-01-27 22:34:03', 'order_PoXkHfgBCSwkh5', '539385213243', 4000.00, 4000.00, 0, 0, '222b66dee1cb3e7e'),
(155, 1, 0, 0, 0, 0, 158, 0, '', '', '', '2025-01-27 22:49:53', 'order_PoY0TDbe8dKjn0', '539369618876', 1.00, 1.00, 0, 0, '222b66dee1cb3e7e'),
(156, 1, 0, 0, 0, 0, 159, 0, '', '', '', '2025-01-27 23:14:28', 'order_PoYQfM7J82xvVs', '539352623580', 1.00, 1.00, 0, 0, '222b66dee1cb3e7e'),
(399, 1, 0, 0, 0, 0, 403, 0, '', '', '', '2025-02-17 21:10:08', 'order_PwpXFtLDYoxWFj', '541410949225', 1000.00, 1000.00, 0, 0, '222b66dee1cb3e7e'),
(158, 1, 0, 0, 0, 0, 161, 0, '', '', '', '2025-01-28 06:25:37', 'order_PoflodUDhxIcB1', '539411701479', 200.00, 200.00, 0, 0, '57179b6854a82414'),
(159, 1, 0, 0, 0, 1, 162, 0, '', '', '', '2025-01-28 16:52:57', 'order_PoqT8gtyxi7EOi', '502817117366', 10.00, 10.00, 0, 0, '649120fc788138f7'),
(160, 1, 0, 0, 0, 0, 163, 0, '', '', '', '2025-01-28 18:15:58', 'order_PorsR26zwgAbOu', '539454267595', 500.00, 500.00, 0, 0, '5b43df08b610fb85'),
(398, 1, 0, 0, 0, 0, 402, 0, '', '', '', '2025-02-17 20:53:56', 'order_PwpFyLweCW51dc', '100200209739', 300.00, 300.00, 0, 0, '6bed1914631216ae'),
(397, 1, 0, 0, 0, 0, 401, 0, '', '', '', '2025-02-17 20:17:31', 'order_PwodSjXGomYCEu', '541497352214', 200.00, 200.00, 0, 0, '222b66dee1cb3e7e'),
(164, 1, 0, 0, 0, 0, 167, 0, '', '', '', '2025-01-28 18:27:09', 'order_Pos4dBK0ycoymt', '539412470510', 500.00, 500.00, 0, 0, '5b43df08b610fb85'),
(165, 1, 0, 0, 0, 0, 168, 0, '', '', '', '2025-01-28 19:39:29', 'order_PotIfJoUKnFiso', '539490285535', 1000.00, 1000.00, 0, 0, 'b71d3d0b85c3a701'),
(395, 1, 0, 0, 0, 0, 399, 0, '', '', '', '2025-02-16 22:23:08', 'order_PwSDzhCutfb420', '100153915432', 500.00, 500.00, 0, 0, '6bed1914631216ae'),
(168, 1, 0, 0, 0, 0, 171, 0, '', '', '', '2025-01-28 22:17:56', 'order_PovzSFZNBWQRJ6', '502826462856', 2000.00, 2000.00, 0, 0, 'f5054dcf23be1efd'),
(169, 1, 0, 0, 7, 0, 172, 0, '', '', '', '2025-01-28 22:23:40', 'order_Pow5OYVOF2zOi7', '502826671491', 1500.00, 1500.00, 0, 0, 'f5054dcf23be1efd'),
(170, 1, 0, 0, 0, 0, 173, 0, '', '', '', '2025-01-28 22:52:40', 'order_PowbCQW4Fxn0KV', '502827616437', 2000.00, 2000.00, 0, 0, 'f5054dcf23be1efd'),
(171, 1, 0, 0, 0, 0, 174, 0, '', '', '', '2025-01-29 00:09:00', 'order_Poxr8BLP0rozY0', '502900620395', 5000.00, 5000.00, 0, 0, '3E62512F-4D39-4252-BA43-DDDEC89356A4'),
(172, 1, 0, 0, 0, 0, 175, 0, '', '', '', '2025-01-29 00:27:19', 'order_PoyD4vkzrEqoFO', '502939303789', 1000.00, 1000.00, 0, 0, 'adba26cf52a807aa'),
(173, 1, 0, 0, 0, 0, 176, 0, '', '', '', '2025-01-29 09:37:51', 'order_Pp7WYv7FQEBbsn', '502902804927', 1000.00, 1000.00, 0, 0, '3bf132d4b6d10020'),
(174, 1, 0, 0, 0, 0, 177, 0, '', '', '', '2025-01-29 10:07:39', 'order_Pp860mmeADRvaQ', '502989212865', 500.00, 500.00, 0, 0, '222b66dee1cb3e7e'),
(175, 1, 0, 0, 0, 1, 178, 0, '', '', '', '2025-01-29 10:08:16', 'order_Pp86bDo9hCSMHb', '502904607782', 10.00, 10.00, 0, 0, '649120fc788138f7'),
(176, 1, 0, 0, 0, 0, 179, 0, '', '', '', '2025-01-29 10:31:33', 'order_Pp8VMJn9AZZYqw', '502946012415', 500.00, 500.00, 0, 0, '222b66dee1cb3e7e'),
(177, 1, 0, 0, 0, 0, 180, 0, '', '', '', '2025-01-29 11:22:36', 'order_Pp9NJasZx88eXZ', '502915214882', 1000.00, 1000.00, 0, 0, '222b66dee1cb3e7e'),
(178, 1, 0, 0, 0, 0, 181, 0, '', '', '', '2025-01-29 12:08:28', 'order_PpA9gt3SesO0wV', '502955015057', 5000.00, 5000.00, 0, 0, '50f432830ea2e129'),
(179, 1, 0, 0, 0, 0, 182, 0, '', '', '', '2025-01-29 12:16:02', 'order_PpAHibK72oNjww', '502940710053', 1.00, 1.00, 0, 0, '50f432830ea2e129'),
(180, 1, 0, 0, 0, 0, 183, 0, '', '', '', '2025-01-29 12:33:47', 'order_PpAVagiwUeRQFo', '502975416601', 1000.00, 1000.00, 0, 0, '50f432830ea2e129'),
(181, 1, 0, 0, 0, 0, 184, 0, '', '', '', '2025-01-29 12:53:47', 'order_PpAvbKcW81DXVo', '502943041347', 5000.00, 5000.00, 0, 0, '5b43df08b610fb85'),
(182, 1, 0, 0, 0, 0, 185, 0, '', '', '', '2025-01-29 12:57:42', 'order_PpAzj7p2PStG6x', '502943284626', 500.00, 500.00, 0, 0, '5b43df08b610fb85'),
(183, 1, 0, 0, 0, 0, 186, 0, '', '', '', '2025-01-29 13:00:38', 'order_PpB2tF10i8YFxO', '502943491046', 5000.00, 5000.00, 0, 0, '5b43df08b610fb85'),
(184, 1, 0, 0, 0, 0, 187, 0, '', '', '', '2025-01-29 13:15:04', 'order_PpBHyubXXXeAE9', '539571781532', 1000.00, 1000.00, 0, 0, '195176385e84b5ff'),
(185, 1, 0, 0, 0, 0, 188, 0, '', '', '', '2025-01-29 14:18:19', 'order_PpCMvZOOhPocej', '502948532180', 500.00, 500.00, 0, 0, '5b43df08b610fb85'),
(186, 1, 0, 0, 0, 0, 189, 0, '', '', '', '2025-01-29 14:21:07', 'order_PpCPTdmw77UtCo', '502948674725', 500.00, 500.00, 0, 0, '5b43df08b610fb85'),
(187, 1, 0, 0, 0, 0, 190, 0, '', '', '', '2025-01-29 17:08:19', 'order_PpFGD7dF7m0snq', '502929130805', 2000.00, 2000.00, 0, 0, 'fce16162b145a76d'),
(188, 1, 0, 0, 0, 0, 191, 0, '', '', '', '2025-01-29 17:10:58', 'order_PpFHq7atZEzHeZ', '502906241005', 5000.00, 5000.00, 0, 0, '6bed1914631216ae'),
(189, 1, 0, 0, 0, 0, 192, 0, '', '', '', '2025-01-29 17:31:23', 'order_PpFes9fSZf1lCz', '502921438997', 1000.00, 1000.00, 0, 0, '222b66dee1cb3e7e'),
(190, 1, 0, 0, 0, 0, 193, 0, '', '', '', '2025-01-29 18:56:03', 'order_PpH60sncl6nGQB', '502929856038', 5000.00, 5000.00, 0, 0, '6bed1914631216ae'),
(191, 1, 0, 0, 0, 0, 194, 0, '', '', '', '2025-01-29 20:32:46', 'order_PpIkHxSrCbA4Wk', '502972255974', 2000.00, 2000.00, 0, 0, '222b66dee1cb3e7e'),
(192, 1, 0, 0, 0, 0, 195, 0, '', '', '', '2025-01-29 20:38:22', 'order_PpIqNGNi53A6Ug', '502964953234', 1.00, 1.00, 0, 0, '222b66dee1cb3e7e'),
(193, 1, 0, 0, 0, 0, 196, 0, '', '', '', '2025-01-29 21:09:42', 'order_PpJNYWcG1CXjjt', '502997263177', 500.00, 500.00, 0, 0, '222b66dee1cb3e7e'),
(194, 1, 0, 0, 0, 0, 197, 0, '', '', '', '2025-01-29 22:06:20', 'order_PpKLF8mUQnE8XH', '502975126245', 250.00, 250.00, 0, 0, '5b43df08b610fb85'),
(394, 1, 0, 0, 0, 0, 398, 0, '', '', '', '2025-02-16 20:58:30', 'order_PwQnnSTgb3tbLy', '504786459931', 200.00, 200.00, 0, 0, '222b66dee1cb3e7e'),
(196, 1, 0, 0, 0, 0, 199, 0, '', '', '', '2025-01-29 22:13:29', 'order_PpKSphcq9FX0n3', '502975424524', 250.00, 250.00, 0, 0, '5b43df08b610fb85'),
(197, 1, 0, 0, 0, 0, 200, 0, '', '', '', '2025-01-30 09:59:19', 'order_PpWUW4x2uJBzXn', '503078474796', 200.00, 200.00, 0, 0, '222b66dee1cb3e7e'),
(198, 1, 0, 0, 0, 0, 201, 0, '', '', '', '2025-01-30 10:17:01', 'order_PpWlUJ2L7QFEvA', '503079973297', 3000.00, 3000.00, 0, 0, '222b66dee1cb3e7e'),
(199, 1, 0, 0, 0, 0, 202, 0, '', '', '', '2025-01-30 10:51:26', 'order_PpXNI0yQ69GBhc', '503071182260', 200.00, 200.00, 0, 0, '222b66dee1cb3e7e'),
(200, 1, 0, 0, 0, 0, 203, 0, '', '', '', '2025-01-30 12:42:55', 'order_PpZHEEwKyVa4wo', '503063479208', 500.00, 500.00, 0, 0, '222b66dee1cb3e7e'),
(201, 1, 0, 0, 0, 0, 204, 0, '', '', '', '2025-01-30 12:51:43', 'order_PpZQa2FkytAHAi', '503073076539', 500.00, 500.00, 0, 0, '222b66dee1cb3e7e'),
(202, 1, 0, 0, 0, 0, 205, 0, '', '', '', '2025-01-30 13:39:00', 'order_PpaEU0wi4kjQQu', '503073882522', 500.00, 500.00, 0, 0, '222b66dee1cb3e7e'),
(203, 1, 0, 0, 0, 0, 206, 0, '', '', '', '2025-01-30 13:42:05', 'order_PpaHPaG7YsYjl3', '539646126714', 1001.00, 1001.00, 0, 0, 'bd845130e2abe879'),
(204, 1, 0, 0, 0, 1, 207, 0, '', '', '', '2025-01-30 14:33:17', 'order_Ppb9MISfK5mOQe', '503076992612', 10.00, 10.00, 0, 0, '649120fc788138f7'),
(205, 1, 0, 0, 0, 0, 208, 0, '', '', '', '2025-01-30 14:56:12', 'order_PpbXa8o5jteQIa', '503053378153', 500.00, 500.00, 0, 0, '222b66dee1cb3e7e'),
(206, 1, 0, 0, 0, 0, 209, 0, '', '', '', '2025-01-30 15:08:44', 'order_PpbkTV2C3r74kB', '503057894336', 500.00, 500.00, 0, 0, '222b66dee1cb3e7e'),
(207, 1, 0, 0, 0, 0, 210, 0, '', '', '', '2025-01-30 15:16:30', 'order_PpbtGjgRdd0bTC', '503010494877', 1000.00, 1000.00, 0, 0, '222b66dee1cb3e7e'),
(208, 1, 0, 0, 0, 0, 211, 0, '', '', '', '2025-01-30 15:35:26', 'order_PpcD0CuAQUIEvq', '503002198991', 500.00, 500.00, 0, 0, '222b66dee1cb3e7e'),
(393, 1, 0, 0, 0, 0, 397, 0, '', '', '', '2025-02-16 20:53:20', 'order_PwQiIxPp51Ot0E', '504726760389', 100.00, 100.00, 0, 0, '222b66dee1cb3e7e'),
(392, 1, 0, 0, 0, 0, 396, 0, '', '', '', '2025-02-16 20:50:29', 'order_PwQfKzwo7pciIa', '504740847980', 100.00, 100.00, 0, 0, '222b66dee1cb3e7e'),
(391, 1, 0, 0, 0, 0, 395, 0, '', '', '', '2025-02-16 20:47:48', 'order_PwQcTeW5i7Bwip', '504728655737', 200.00, 200.00, 0, 0, '222b66dee1cb3e7e'),
(390, 1, 0, 0, 0, 0, 394, 0, '', '', '', '2025-02-16 20:44:34', 'order_PwQZ8mGms3HoTo', '504750967073', 100.00, 100.00, 0, 0, '222b66dee1cb3e7e'),
(213, 1, 0, 0, 0, 0, 216, 0, '', '', '', '2025-01-30 19:51:22', 'order_PpgYdvnglpPJfc', '539672320082', 500.00, 500.00, 0, 0, 'dc020f235603fe8a'),
(396, 1, 0, 0, 0, 0, 400, 0, '', '', '', '2025-02-17 15:26:31', 'order_Pwje4EP9p3FlU3', '100179876746', 500.00, 500.00, 0, 0, '6bed1914631216ae'),
(389, 1, 0, 0, 0, 0, 393, 0, '', '', '', '2025-02-16 20:41:29', 'order_PwQVnkLJsCopvB', '504756356481', 200.00, 200.00, 0, 0, '222b66dee1cb3e7e'),
(216, 1, 0, 0, 0, 0, 219, 0, '', '', '', '2025-01-30 21:55:36', 'order_PpigfwMEIqub5I', '539612831759', 1000.00, 1000.00, 0, 0, 'dc020f235603fe8a'),
(217, 1, 0, 0, 0, 0, 220, 0, '', '', '', '2025-01-30 22:15:13', 'order_PpirdO7xIFuvs9', '503017501682', 5000.00, 5000.00, 0, 0, 'f5054dcf23be1efd'),
(218, 1, 0, 0, 0, 0, 221, 0, '', '', '', '2025-01-31 09:27:05', 'order_PpuT1cQslndFBl', '503195739681', 350.00, 350.00, 0, 0, '252c619fb631627f'),
(219, 1, 0, 0, 0, 0, 222, 0, '', '', '', '2025-01-31 10:16:30', 'order_PpvJ2jzhGrBuBr', '503197772397', 1000.00, 1000.00, 0, 0, '6bed1914631216ae'),
(388, 1, 0, 0, 0, 0, 392, 0, '', '', '', '2025-02-16 20:34:23', 'order_PwQOI4xJ2C57y3', '504720748722', 2000.00, 2000.00, 0, 0, '222b66dee1cb3e7e'),
(221, 1, 0, 0, 0, 0, 224, 0, '', '', '', '2025-01-31 10:32:08', 'order_PpvZUEI7JsSqI8', '539716040991', 500.00, 500.00, 0, 0, '222b66dee1cb3e7e'),
(223, 1, 0, 0, 7, 0, 226, 0, '', '', '', '2025-01-31 10:34:52', 'order_Ppvcx5hifQ1eX8', '503129028682', 400.00, 400.00, 0, 0, '08b740c08859fed2'),
(225, 1, 0, 0, 0, 0, 228, 0, '', '', '', '2025-01-31 11:05:06', 'order_Ppw6wCCYMIqb5E', '539750955277', 1000.00, 1000.00, 0, 0, '222b66dee1cb3e7e'),
(226, 1, 0, 0, 0, 0, 229, 0, '', '', '', '2025-01-31 11:08:48', 'order_PpwCSTajATDtOP', '539794449092', 1.00, 1.00, 0, 0, '222b66dee1cb3e7e'),
(227, 1, 0, 0, 0, 0, 230, 0, '', '', '', '2025-01-31 11:33:03', 'order_PpwcaIa3q2qrjB', '539736949611', 2000.00, 2000.00, 0, 0, '5b43df08b610fb85'),
(228, 1, 0, 0, 0, 0, 231, 0, '', '', '', '2025-01-31 12:23:48', 'order_PpxTaPJ14cx2lk', '503103476759', 1000.00, 1000.00, 0, 0, '2edbf0e42f5e4470'),
(229, 1, 0, 0, 0, 0, 232, 0, '', '', '', '2025-01-31 12:25:14', 'order_PpxVmlq6W75B0v', '503132129377', 1500.00, 1500.00, 0, 0, 'd9380f1c52455ca5'),
(230, 1, 0, 0, 0, 0, 233, 0, '', '', '', '2025-01-31 13:47:31', 'order_Ppyu13fxU9fao9', '539744368828', 200.00, 200.00, 0, 0, 'dc020f235603fe8a'),
(231, 1, 0, 0, 0, 0, 234, 0, '', '', '', '2025-01-31 13:50:39', 'order_Ppyxi1X1ndXYGz', '539732463665', 1.00, 1.00, 0, 0, 'dc020f235603fe8a'),
(232, 1, 0, 0, 0, 0, 235, 0, '', '', '', '2025-01-31 14:27:54', 'order_Ppzb7E3wYCmily', '539778660959', 500.00, 500.00, 0, 0, '33ffa5ae39b79a9d'),
(233, 1, 0, 0, 0, 1, 236, 0, '', '', '', '2025-01-31 14:33:54', 'order_PpzhbhIz0jgzkp', '503140125943', 10.00, 10.00, 0, 0, '649120fc788138f7'),
(234, 1, 0, 0, 0, 0, 237, 0, '', '', '', '2025-01-31 14:37:24', 'order_PpzkiyYYFoes3X', '503110359476', 20000.00, 20000.00, 0, 0, '6bed1914631216ae'),
(235, 1, 0, 0, 0, 0, 238, 0, '', '', '', '2025-01-31 18:06:15', 'order_Pq3JqQu1kTjCOq', '539715677298', 500.00, 500.00, 0, 0, '222b66dee1cb3e7e'),
(236, 1, 0, 0, 0, 0, 239, 0, '', '', '', '2025-01-31 18:13:06', 'order_Pq3R74BUcJkoZq', '539779271643', 500.00, 500.00, 0, 0, '222b66dee1cb3e7e'),
(237, 1, 0, 0, 0, 0, 240, 0, '', '', '', '2025-01-31 18:20:41', 'order_Pq3YwPUQs2VsBh', '539719871375', 500.00, 500.00, 0, 0, '222b66dee1cb3e7e'),
(238, 1, 0, 0, 0, 0, 241, 0, '', '', '', '2025-01-31 18:29:19', 'order_Pq3hRypFtzBG9N', '539730378713', 50.00, 50.00, 0, 0, '222b66dee1cb3e7e'),
(239, 1, 0, 0, 0, 0, 242, 0, '', '', '', '2025-01-31 18:56:56', 'order_Pq494IR20nwjvW', 'pay_Pq49TYQ4CClVNF', 500.00, 500.00, 0, 0, 'E83663DB-1420-4B1D-8FE5-0B3EDAE9876C'),
(240, 1, 0, 0, 0, 0, 243, 0, '', '', '', '2025-01-31 18:59:22', 'order_Pq4E03kdaaV6aa', '539720284243', 500.00, 500.00, 0, 0, '222b66dee1cb3e7e'),
(241, 1, 0, 0, 0, 0, 244, 0, '', '', '', '2025-01-31 19:20:50', 'order_Pq4ajrR6VjmzKQ', '539751693604', 500.00, 500.00, 0, 0, '222b66dee1cb3e7e'),
(242, 1, 0, 0, 0, 0, 245, 0, '', '', '', '2025-01-31 20:12:00', 'order_Pq5STvnLwYPQix', '539704687216', 250.00, 250.00, 0, 0, 'dc020f235603fe8a'),
(243, 1, 0, 0, 0, 0, 246, 0, '', '', '', '2025-01-31 20:21:33', 'order_Pq5crZUTKvnaWG', '539736293099', 200.00, 200.00, 0, 0, '222b66dee1cb3e7e'),
(244, 1, 0, 0, 0, 0, 247, 0, '', '', '', '2025-01-31 20:50:10', 'order_Pq67AVpHaBP2NC', '539797199683', 500.00, 500.00, 0, 0, '222b66dee1cb3e7e'),
(245, 1, 0, 0, 0, 0, 248, 0, '', '', '', '2025-01-31 20:56:43', 'order_Pq6Bj6NL4zV4cR', '539734195041', 1000.00, 1000.00, 0, 0, 'dc020f235603fe8a'),
(246, 1, 0, 0, 0, 1, 249, 0, '', '', '', '2025-01-31 23:35:35', 'order_Pq8vF57WFuVykA', '503172022880', 500.00, 500.00, 0, 0, 'b99cc04639e41ce1'),
(247, 1, 0, 0, 0, 0, 250, 0, '', '', '', '2025-02-01 07:05:28', '', '', 5001.00, 5001.00, 3, 0, 'c3b041f2f29c025c'),
(248, 1, 0, 0, 0, 0, 251, 0, '', '', '', '2025-02-01 07:19:54', '', '', 4000.00, 4000.00, 3, 0, 'c3b041f2f29c025c'),
(249, 1, 0, 0, 0, 1, 252, 0, '', '', '', '2025-02-01 07:45:44', 'order_PqHHb9LOvAS9pU', '503273410481', 10.00, 10.00, 0, 0, '649120fc788138f7'),
(250, 1, 0, 0, 0, 0, 253, 0, '', '', '', '2025-02-01 07:57:07', 'order_PqHTbjRhs7Lsms', '096363925953', 1000.00, 1000.00, 0, 0, 'b0cd63c6a126aab1'),
(251, 1, 0, 0, 0, 0, 254, 0, '', '', '', '2025-02-01 12:32:58', 'order_PqMAvqZ4wReFCx', '503223417790', 500.00, 500.00, 0, 0, '222b66dee1cb3e7e'),
(252, 1, 0, 0, 0, 0, 255, 0, '', '', '', '2025-02-01 12:37:15', 'order_PqMFSUqZHBnPMJ', '503216018458', 500.00, 500.00, 0, 0, 'dc020f235603fe8a'),
(253, 1, 0, 0, 0, 0, 256, 0, '', '', '', '2025-02-01 12:38:27', 'order_PqMFhq6bfGHk1q', '503285514201', 500.00, 500.00, 0, 0, '222b66dee1cb3e7e'),
(254, 1, 0, 0, 0, 0, 257, 0, '', '', '', '2025-02-01 12:45:48', 'order_PqMO2zHtG9RFE7', '503202125910', 1.00, 1.00, 0, 0, '222b66dee1cb3e7e'),
(255, 1, 0, 0, 0, 0, 258, 0, '', '', '', '2025-02-01 13:11:11', 'order_PqMp159jiop049', '503212422212', 200.00, 200.00, 0, 0, '222b66dee1cb3e7e'),
(256, 1, 0, 0, 0, 0, 259, 0, '', '', '', '2025-02-01 19:03:59', 'order_PqSphRBNehFoN7', '503259042160', 1000.00, 1000.00, 0, 0, 'dc020f235603fe8a'),
(257, 1, 0, 0, 0, 0, 260, 0, '', '', '', '2025-02-01 19:56:02', 'order_PqTiyKoQCobdCX', '503200358219', 1.00, 1.00, 0, 0, 'dc020f235603fe8a'),
(258, 1, 0, 0, 0, 0, 261, 0, '', '', '', '2025-02-01 20:35:36', 'order_PqUOn4VPYT3vbK', '503248664492', 500.00, 500.00, 0, 0, 'dfbdbdb951723794'),
(384, 1, 0, 0, 0, 0, 387, 0, '', '', '', '2025-02-15 10:20:01', 'order_PvrNN5gDNDGO7q', '100060449585', 313.00, 313.00, 0, 0, '6bed1914631216ae'),
(263, 1, 0, 0, 0, 0, 266, 0, '', '', '', '2025-02-02 19:15:34', 'order_PqrZJAHsWwIOEz', '539959827605', 2000.00, 2000.00, 0, 0, '222b66dee1cb3e7e'),
(264, 1, 0, 0, 0, 0, 267, 0, '', '', '', '2025-02-02 22:22:25', 'order_PqukFM7eUFuI4c', '503345257702', 2000.00, 2000.00, 0, 0, '6bed1914631216ae'),
(265, 1, 0, 0, 0, 0, 268, 0, '', '', '', '2025-02-02 22:29:46', 'order_PqusNnH0FMEVNZ', '539931866410', 500.00, 500.00, 0, 0, '222b66dee1cb3e7e'),
(266, 1, 0, 0, 0, 0, 269, 0, '', '', '', '2025-02-03 13:10:49', 'order_Pr9sduEgz64jLO', '540030681486', 200.00, 200.00, 0, 0, '222b66dee1cb3e7e'),
(267, 1, 0, 0, 0, 0, 270, 0, '', '', '', '2025-02-04 15:47:10', 'order_Prb50pPXeDQRVD', '354068187488', 18000.00, 18000.00, 0, 0, 'b4b3ec7ed5f0897b'),
(268, 1, 0, 0, 0, 0, 271, 0, '', '', '', '2025-02-04 16:12:57', 'order_PrbWRTH6PutyPh', '503520870010', 100.00, 100.00, 0, 0, '52ce993a3996ff06'),
(269, 1, 0, 0, 0, 0, 272, 0, '', '', '', '2025-02-04 16:48:04', 'order_Prc7fQFJCagzol', '503516582909', 8000.00, 8000.00, 0, 0, 'b4b3ec7ed5f0897b'),
(270, 1, 0, 0, 0, 0, 273, 0, '', '', '', '2025-02-04 16:54:16', 'order_PrcEQigZcE0lQ8', '503596986251', 2000.00, 2000.00, 0, 0, 'b4b3ec7ed5f0897b'),
(271, 1, 0, 0, 0, 1, 274, 0, '', '', '', '2025-02-04 17:01:26', 'order_PrcLrGQw1ZTCgq', '503587031729', 30.00, 30.00, 0, 0, '649120fc788138f7'),
(272, 1, 0, 0, 0, 0, 275, 0, '', '', '', '2025-02-04 19:25:09', 'order_PreniMJbQL7f6H', '540132105616', 500.00, 500.00, 0, 0, 'f5054dcf23be1efd'),
(273, 1, 0, 0, 0, 0, 276, 0, '', '', '', '2025-02-04 20:38:23', 'order_Prg36qT2dVHwFH', '540172919428', 2000.00, 2000.00, 0, 0, 'dc020f235603fe8a'),
(274, 1, 0, 0, 0, 0, 277, 0, '', '', '', '2025-02-04 21:24:28', 'order_PrgpQEtbuasmwE', '540167653020', 500.00, 500.00, 0, 0, '125c6ce234b42eb1'),
(275, 1, 0, 0, 0, 0, 278, 0, '', '', '', '2025-02-04 21:32:01', 'order_PrgxZiwNCobVZF', '540143023929', 500.00, 500.00, 0, 0, '125c6ce234b42eb1'),
(276, 1, 0, 0, 0, 0, 279, 0, '', '', '', '2025-02-05 12:22:21', 'order_Prw6RPZUEeronH', '503659200430', 30000.00, 30000.00, 0, 0, 'd9380f1c52455ca5'),
(277, 1, 0, 0, 0, 0, 280, 0, '', '', '', '2025-02-05 13:37:28', 'order_PrxPAVO4ExBA1d', '503663179393', 10000.00, 10000.00, 0, 0, '6bed1914631216ae'),
(386, 1, 0, 0, 0, 0, 390, 0, '', '', '', '2025-02-16 18:06:34', 'order_PwNq6fDv0w5DHJ', '504710732541', 2000.00, 2000.00, 0, 0, 'fd20578d413380ca'),
(383, 1, 0, 0, 0, 0, 386, 0, '', '', '', '2025-02-14 22:53:49', 'order_PvfhDgPJ5X1UIr', '541115812547', 5000.00, 5000.00, 0, 0, 'dc020f235603fe8a'),
(382, 1, 0, 0, 0, 0, 385, 0, '', '', '', '2025-02-14 22:26:59', 'order_PvfEmV5FH50ae4', '541199019461', 300.00, 300.00, 0, 0, '222b66dee1cb3e7e'),
(379, 1, 0, 0, 0, 0, 382, 0, '', '', '', '2025-02-14 15:12:59', 'order_PvXqYnH6HpWv5R', '100023051251', 500.00, 500.00, 0, 0, '5b43df08b610fb85'),
(282, 1, 0, 0, 0, 0, 285, 0, '', '', '', '2025-02-05 21:41:43', 'order_Ps5f7U4oaaXGIU', '503690177954', 500.00, 500.00, 0, 0, 'd9380f1c52455ca5'),
(283, 1, 0, 0, 7, 0, 286, 0, '', '', '', '2025-02-06 10:20:56', 'order_PsIapAlkoykZ0D', '503778751882', 500.00, 500.00, 0, 0, '08b740c08859fed2'),
(284, 1, 0, 0, 0, 0, 287, 0, '', '', '', '2025-02-06 10:53:52', 'order_PsJ9SwgsjK8HQl', '540390633070', 25000.00, 25000.00, 0, 0, '195176385e84b5ff'),
(285, 1, 0, 0, 7, 0, 288, 0, '', '', '', '2025-02-06 11:39:57', 'order_PsJvtOuCsRPVc6', '503783887063', 400.00, 400.00, 0, 0, '08b740c08859fed2'),
(286, 1, 0, 0, 7, 0, 289, 0, '', '', '', '2025-02-06 13:02:31', 'order_PsLLRf2WY5xAAZ', '503789637819', 500.00, 500.00, 0, 0, '08b740c08859fed2'),
(287, 1, 0, 0, 7, 0, 290, 0, '', '', '', '2025-02-06 15:35:43', 'order_PsNxKtvOqLvqpI', '503715157524', 300.00, 300.00, 0, 0, 'f7478e6c4172a88c'),
(288, 1, 0, 0, 0, 0, 291, 0, '', '', '', '2025-02-06 21:14:50', 'order_PsTjjjxjnkI37s', '503715461111', 1000.00, 1000.00, 0, 0, '5b43df08b610fb85'),
(289, 1, 0, 0, 0, 0, 292, 0, '', '', '', '2025-02-06 22:24:09', 'order_PsUuEqtOxu6Dh8', '503736690289', 2000.00, 2000.00, 0, 0, '222b66dee1cb3e7e'),
(290, 1, 0, 0, 0, 0, 293, 0, '', '', '', '2025-02-07 10:34:02', 'order_PshLqV6ooUGjVt', '540414004224', 500.00, 500.00, 0, 0, '08b740c08859fed2'),
(291, 1, 0, 0, 7, 0, 294, 0, '', '', '', '2025-02-07 10:40:49', 'order_PshSHLP88b1vyh', '540412503754', 100.00, 100.00, 0, 0, '6bf3b4285d099e56'),
(292, 1, 0, 0, 7, 0, 295, 0, '', '', '', '2025-02-07 10:42:38', 'order_PshVD9apv7jcrO', '503831500470', 100.00, 100.00, 0, 0, '6bf3b4285d099e56'),
(293, 1, 0, 0, 7, 0, 296, 0, '', '', '', '2025-02-07 10:45:47', 'order_PshYbL1Dncdcpq', '540452891363', 2000.00, 2000.00, 0, 0, '08b740c08859fed2'),
(294, 1, 0, 0, 0, 0, 297, 0, '', '', '', '2025-02-07 11:17:49', 'order_Psi62itBgBiavG', '503832438111', 600.00, 600.00, 0, 0, '4434fbe5a6bc66fa'),
(295, 1, 0, 0, 7, 1, 298, 0, '', '', '', '2025-02-07 11:28:16', 'order_Psi7gjqUqBwU3z', '503826494976', 50.00, 50.00, 0, 0, '6bf3b4285d099e56'),
(296, 1, 0, 0, 0, 0, 299, 0, '', '', '', '2025-02-07 11:25:10', 'order_PsiE0TTI7LyLfc', '503866198191', 500.00, 500.00, 0, 0, '4434fbe5a6bc66fa'),
(297, 1, 0, 0, 0, 0, 300, 0, '', '', '', '2025-02-07 11:28:34', 'order_PsiH1S2uzZv3uB', '503832755935', 500.00, 500.00, 0, 0, '4434fbe5a6bc66fa'),
(298, 1, 0, 0, 0, 0, 301, 0, '', '', '', '2025-02-07 11:31:14', 'order_PsiKDpX2Xcy1dF', '540454080021', 50.00, 50.00, 0, 0, '6bf3b4285d099e56'),
(299, 1, 0, 0, 0, 0, 302, 0, '', '', '', '2025-02-07 11:33:35', 'order_PsiMr6v25yYge6', '503832893539', 50.00, 50.00, 0, 0, '6bf3b4285d099e56'),
(378, 1, 0, 0, 0, 0, 381, 0, '', '', '', '2025-02-14 12:53:22', 'order_PvVQwwAlt11QGR', '504553958323', 500.00, 500.00, 0, 0, 'dc020f235603fe8a'),
(301, 1, 0, 0, 0, 0, 304, 0, '', '', '', '2025-02-07 12:15:42', 'order_Psj5Gdyuci1Su8', '540478005797', 5000.00, 5000.00, 0, 0, 'b4b3ec7ed5f0897b'),
(385, 1, 0, 0, 0, 0, 389, 0, '', '', '', '2025-02-15 22:35:41', 'order_Pw3uSgyaowwfUi', '100103032043', 600.00, 600.00, 0, 0, '6bed1914631216ae'),
(376, 1, 0, 0, 0, 0, 379, 0, '', '', '', '2025-02-14 09:31:44', 'order_PvS1qxqJonjNYA', '504507732956', 500.00, 500.00, 0, 0, '222b66dee1cb3e7e'),
(304, 1, 0, 0, 0, 0, 307, 0, '', '', '', '2025-02-07 13:55:54', 'order_PskmEjsGN5IvAd', '540493312796', 500.00, 500.00, 0, 0, 'dc020f235603fe8a'),
(305, 1, 0, 0, 0, 0, 308, 0, '', '', '', '2025-02-07 14:03:46', 'order_PskvAKaBVXh4oi', '503863349459', 5000.00, 5000.00, 0, 0, '6bed1914631216ae'),
(306, 1, 0, 0, 0, 0, 309, 0, '', '', '', '2025-02-07 14:48:07', 'order_Pslfd5eDlhAn2B', '540438814652', 500.00, 500.00, 0, 0, '222b66dee1cb3e7e'),
(307, 1, 0, 0, 0, 0, 310, 0, '', '', '', '2025-02-07 16:36:15', 'order_PsnWfpfAeEjiQu', '540411033344', 1.00, 1.00, 0, 0, 'dc020f235603fe8a'),
(308, 1, 0, 0, 0, 0, 311, 0, '', '', '', '2025-02-07 17:14:13', 'order_PsoAgHrs7FtA4e', '503873792023', 10000.00, 10000.00, 0, 0, '2edbf0e42f5e4470'),
(309, 1, 0, 0, 0, 0, 312, 0, '', '', '', '2025-02-07 17:29:36', 'order_PsoQxXsIJoxgdF', '503855823457', 1000.00, 1000.00, 0, 0, '5b43df08b610fb85'),
(310, 1, 0, 0, 0, 0, 313, 0, '', '', '', '2025-02-07 17:32:03', 'order_PsoTbAkLyZKygr', '503856032400', 1000.00, 1000.00, 0, 0, '5b43df08b610fb85'),
(311, 1, 0, 0, 0, 0, 314, 0, '', '', '', '2025-02-07 17:33:53', 'order_PsoVdkzmD9sVhT', '503856186407', 500.00, 500.00, 0, 0, '5b43df08b610fb85'),
(312, 1, 0, 0, 0, 0, 315, 0, '', '', '', '2025-02-07 18:19:48', 'order_PspI4osonT9fCe', '503879071676', 500.00, 500.00, 0, 0, '2edbf0e42f5e4470'),
(313, 1, 0, 0, 0, 0, 316, 0, '', '', '', '2025-02-07 19:03:00', 'order_Psq11fQME0Kxya', '503882653508', 5000.00, 5000.00, 0, 0, '6bed1914631216ae'),
(314, 1, 0, 0, 7, 0, 317, 0, '', '', '', '2025-02-07 21:48:05', 'order_Pssq5ac2GqHyCl', '503867662049', 4000.00, 4000.00, 0, 0, '08b740c08859fed2'),
(315, 1, 0, 0, 7, 0, 318, 0, '', '', '', '2025-02-08 00:55:31', 'order_Psw1k2hrc1noje', '503900004180', 100.00, 100.00, 0, 0, 'f7478e6c4172a88c'),
(316, 1, 0, 0, 0, 0, 319, 0, '', '', '', '2025-02-08 09:36:05', 'order_Pt4tv4d9aUhJRg', '540580475771', 500.00, 500.00, 0, 0, 'b4b3ec7ed5f0897b'),
(317, 1, 0, 0, 0, 0, 320, 0, '', '', '', '2025-02-08 11:17:26', 'order_Pt6ckJ3VM7KUef', '540531379705', 200.00, 200.00, 0, 0, 'b4b3ec7ed5f0897b'),
(318, 1, 0, 0, 0, 0, 321, 0, '', '', '', '2025-02-08 17:11:56', 'order_PtCfDx11pYeEzc', '503926419996', 2000.00, 2000.00, 0, 0, '2edbf0e42f5e4470'),
(319, 1, 0, 0, 0, 0, 322, 0, '', '', '', '2025-02-08 17:16:05', 'order_PtCjke46JREov8', '503926669012', 1000.00, 1000.00, 0, 0, '2edbf0e42f5e4470'),
(320, 1, 0, 0, 7, 0, 323, 0, '', '', '', '2025-02-08 18:40:23', 'order_PtEAozQK4fNXzB', '503908455220', 600.00, 600.00, 0, 0, '08b740c08859fed2'),
(321, 1, 0, 0, 7, 0, 324, 0, '', '', '', '2025-02-08 18:50:06', 'order_PtEEV1T9rGZM1P', '503998916873', 100.00, 100.00, 0, 0, '08b740c08859fed2'),
(323, 1, 0, 0, 7, 0, 326, 0, '', '', '', '2025-02-08 19:49:46', 'order_PtFM8DIwQwfwTK', '503937878674', 200.00, 200.00, 0, 0, 'b71d3d0b85c3a701'),
(324, 1, 0, 0, 0, 0, 327, 0, '', '', '', '2025-02-09 09:11:23', 'order_PtT0xtTrF4U2At', '504079247685', 500.00, 500.00, 0, 0, '222b66dee1cb3e7e'),
(325, 1, 0, 0, 0, 0, 328, 0, '', '', '', '2025-02-09 12:18:50', 'order_PtWCnfEnLFKcTQ', '504010464187', 1000.00, 1000.00, 0, 0, 'b4b3ec7ed5f0897b'),
(326, 1, 0, 0, 0, 0, 329, 0, '', '', '', '2025-02-09 13:21:12', 'order_PtXGh2DCkWnUSm', '504086563752', 500.00, 500.00, 0, 0, '4434fbe5a6bc66fa'),
(327, 1, 0, 0, 0, 0, 330, 0, '', '', '', '2025-02-09 15:53:46', 'order_PtZrfJFj06FngR', '504075423850', 8000.00, 8000.00, 0, 0, '0132c75ffe94c39b'),
(328, 1, 0, 0, 0, 0, 331, 0, '', '', '', '2025-02-09 18:04:24', 'order_Ptc5KWrmNPVz4b', '504082261846', 1500.00, 1500.00, 0, 0, '6bed1914631216ae'),
(375, 1, 0, 0, 0, 0, 378, 0, '', '', '', '2025-02-14 08:41:18', '', '', 5000.00, 5000.00, 4, 0, '56F89AE1-12A1-42F6-B281-5E11FDEADB39'),
(330, 1, 0, 0, 0, 0, 333, 0, '', '', '', '2025-02-09 19:13:32', 'order_PtdFTuGqb0HiYN', '504087356781', 2000.00, 2000.00, 0, 0, '6bed1914631216ae'),
(331, 1, 0, 0, 0, 0, 334, 0, '', '', '', '2025-02-09 19:31:43', 'order_PtdaH9Jud2O7AI', '540662600277', 500.00, 500.00, 0, 0, '4434fbe5a6bc66fa'),
(332, 1, 0, 0, 0, 0, 335, 0, '', '', '', '2025-02-09 20:58:03', 'order_Ptf3L2G9AYhqlw', '504025495655', 2000.00, 2000.00, 0, 0, '222b66dee1cb3e7e'),
(333, 1, 0, 0, 0, 0, 336, 0, '', '', '', '2025-02-09 21:13:38', 'order_PtfJrkoZaTAiN6', '540648009106', 1.00, 1.00, 0, 0, '222b66dee1cb3e7e'),
(334, 1, 0, 0, 0, 0, 337, 0, '', '', '', '2025-02-10 09:33:06', 'order_Ptrv2BDY62Xrj3', '504106043363', 500.00, 500.00, 0, 0, '2edbf0e42f5e4470'),
(335, 1, 0, 0, 0, 0, 338, 0, '', '', '', '2025-02-10 10:09:24', 'order_PtsXA97qPefEhn', '504107658974', 500.00, 500.00, 0, 0, '2edbf0e42f5e4470'),
(336, 1, 0, 0, 0, 0, 339, 0, '', '', '', '2025-02-10 10:11:49', 'order_Ptsa1e8hu1WmGG', '504107778109', 500.00, 500.00, 0, 0, '2edbf0e42f5e4470'),
(337, 1, 0, 0, 0, 0, 340, 0, '', '', '', '2025-02-10 10:14:07', 'order_PtscSZ4fE2X4r6', '504107873752', 500.00, 500.00, 0, 0, '2edbf0e42f5e4470'),
(338, 1, 0, 0, 0, 0, 341, 0, '', '', '', '2025-02-10 10:16:44', 'order_PtsfBwKYLzyQA2', '504108005266', 500.00, 500.00, 0, 0, '2edbf0e42f5e4470'),
(339, 1, 0, 0, 0, 0, 342, 0, '', '', '', '2025-02-10 14:04:27', 'order_PtwX6lICmMQQ0I', '540751840356', 200.00, 200.00, 0, 0, '67d67c8d74386880'),
(340, 1, 0, 0, 0, 0, 343, 0, '', '', '', '2025-02-10 19:54:32', 'order_Pu2VK2iryjNEww', '504141156151', 250.00, 250.00, 0, 0, '6bed1914631216ae'),
(374, 1, 0, 0, 0, 0, 377, 0, '', '', '', '2025-02-13 18:59:37', 'order_PvDAnepLjFnT1n', '504455714108', 200.00, 200.00, 0, 0, 'dc020f235603fe8a'),
(342, 1, 0, 0, 0, 0, 345, 0, '', '', '', '2025-02-11 10:41:53', 'order_PuHbTxkOpYHCtb', '504267904838', 1.00, 1.00, 0, 0, '8d9484c4486691ce'),
(344, 1, 0, 0, 7, 0, 347, 0, '', '', '', '2025-02-11 19:03:06', 'order_PuQAGJoO6oZ5bX', '504241872577', 3000.00, 3000.00, 0, 0, 'f5054dcf23be1efd'),
(345, 1, 0, 0, 7, 0, 348, 0, '', '', '', '2025-02-11 19:06:46', 'order_PuQE4xNftlQCaL', '504242193701', 200.00, 200.00, 0, 0, 'f5054dcf23be1efd'),
(346, 1, 0, 0, 0, 0, 349, 0, '', '', '', '2025-02-11 21:34:26', 'order_PuSjz7XC3vUZwW', '504221309688', 250.00, 250.00, 0, 0, 'f7478e6c4172a88c'),
(347, 1, 0, 0, 0, 0, 350, 0, '', '', '', '2025-02-11 22:04:20', '', '', 100000.00, 100000.00, 4, 0, '56F89AE1-12A1-42F6-B281-5E11FDEADB39'),
(373, 1, 0, 0, 0, 0, 376, 0, '', '', '', '2025-02-13 17:08:49', 'order_PvBHcS96XmQhK4', '541027599921', 1000.00, 1000.00, 0, 0, '222b66dee1cb3e7e'),
(349, 1, 0, 0, 0, 0, 352, 0, '', '', '', '2025-02-11 22:19:26', 'order_PuTVdFd5pEf81i', '504253683829', 8000.00, 8000.00, 0, 0, 'b4b3ec7ed5f0897b'),
(350, 1, 0, 0, 0, 0, 353, 0, '', '', '', '2025-02-11 22:21:56', 'order_PuTXdw80wHSsaf', '504201081959', 50.00, 50.00, 0, 0, '6bed1914631216ae'),
(351, 1, 0, 0, 0, 0, 354, 0, '', '', '', '2025-02-12 14:51:13', 'order_PukPQljFQCvxh8', '504322705752', 500.00, 500.00, 0, 0, '2edbf0e42f5e4470'),
(372, 1, 0, 0, 0, 0, 375, 0, '', '', '', '2025-02-13 17:05:00', 'order_PvBDSL5xJfFBTC', '541057289030', 1.00, 1.00, 0, 0, '222b66dee1cb3e7e'),
(381, 1, 0, 0, 0, 0, 384, 0, '', '', '', '2025-02-14 22:22:42', 'order_PvfA519ldngKqu', '541127216586', 300.00, 300.00, 0, 0, '222b66dee1cb3e7e'),
(354, 1, 0, 0, 0, 0, 357, 0, '', '', '', '2025-02-12 17:07:03', 'order_PuminucPRFtDlZ', '504328959278', 1000.00, 1000.00, 0, 0, '2edbf0e42f5e4470'),
(380, 1, 0, 0, 0, 0, 383, 0, '', '', '', '2025-02-14 21:47:07', 'order_PveYcUpA5HuOrO', '100048474734', 500.00, 500.00, 0, 0, '6bed1914631216ae'),
(356, 1, 0, 0, 0, 0, 359, 0, '', '', '', '2025-02-12 17:21:29', 'order_Pumy3owPHW1HKC', '504329711769', 500.00, 500.00, 0, 0, '2edbf0e42f5e4470'),
(357, 1, 0, 0, 0, 0, 360, 0, '', '', '', '2025-02-12 17:36:29', 'order_PunDyRkMRuE8U5', '504330591507', 1000.00, 1000.00, 0, 0, '2edbf0e42f5e4470'),
(358, 1, 0, 0, 0, 0, 361, 0, '', '', '', '2025-02-12 17:47:16', '', '', 500.00, 500.00, 4, 0, 'd9380f1c52455ca5'),
(359, 1, 0, 0, 0, 0, 362, 0, '', '', '', '2025-02-12 18:17:19', 'order_Punv7bKhOq7ge1', '504389631665', 500.00, 500.00, 0, 0, 'd9380f1c52455ca5'),
(360, 1, 0, 0, 0, 0, 363, 0, '', '', '', '2025-02-12 19:12:46', 'order_PuorV7XaQFYatj', '540935430420', 500.00, 500.00, 0, 0, '222b66dee1cb3e7e'),
(361, 1, 0, 0, 0, 0, 364, 0, '', '', '', '2025-02-12 19:37:51', 'order_PupHwZBgjkxqPR', '540972631775', 2000.00, 2000.00, 0, 0, '222b66dee1cb3e7e'),
(362, 1, 0, 0, 0, 0, 365, 0, '', '', '', '2025-02-12 19:41:19', 'order_PupLeWWzxo3PsU', '540955138057', 1000.00, 1000.00, 0, 0, '222b66dee1cb3e7e'),
(363, 1, 0, 0, 0, 0, 366, 0, '', '', '', '2025-02-12 20:13:48', 'order_PuptK3qYTH4CtC', '540992241635', 300.00, 300.00, 0, 0, '222b66dee1cb3e7e');
INSERT INTO `tbl_transaction` (`id`, `donation`, `sponsorship`, `challengeid`, `clubid`, `hideidendity`, `customerid`, `orderforothers`, `name`, `address`, `mobile`, `dateadded`, `orderid`, `Transid`, `Amount`, `Received`, `volunteer`, `status`, `uniquedid`) VALUES
(364, 1, 0, 0, 0, 0, 367, 0, '', '', '', '2025-02-12 21:38:53', 'order_PurLJcEmvDkVQE', '504347407966', 400.00, 400.00, 0, 0, '6bed1914631216ae'),
(365, 1, 0, 0, 0, 0, 368, 0, '', '', '', '2025-02-12 21:52:51', 'order_PuraIEkNxUWUEG', '540985341014', 1000.00, 1000.00, 0, 0, 'f5054dcf23be1efd'),
(366, 1, 0, 0, 0, 0, 369, 0, '', '', '', '2025-02-12 22:21:51', 'order_Pus552JabRZnNi', '504349244513', 500.00, 500.00, 0, 0, '6bed1914631216ae'),
(367, 1, 0, 0, 0, 0, 370, 0, '', '', '', '2025-02-12 22:23:02', 'order_Pus67FBALYRHHf', '540994046182', 200.00, 200.00, 0, 0, '222b66dee1cb3e7e'),
(387, 1, 0, 0, 0, 0, 391, 0, '', '', '', '2025-02-16 20:21:05', 'order_PwQAAG0AritW6l', '504795253443', 500.00, 500.00, 0, 0, '222b66dee1cb3e7e'),
(368, 1, 0, 0, 0, 0, 371, 0, '', '', '', '2025-02-13 08:01:16', 'order_Pv1w32hNHWy741', '504453922677', 300.00, 300.00, 0, 0, '6bed1914631216ae'),
(369, 1, 0, 0, 0, 0, 372, 0, '', '', '', '2025-02-13 11:19:41', 'order_Pv5Kqkx5w2Oaio', '541058874587', 1000.00, 1000.00, 0, 0, '4434fbe5a6bc66fa'),
(419, 1, 0, 0, 0, 0, 423, 0, '', '', '', '2025-02-23 19:07:34', 'order_PzAeQUejes0jwq', '505487132895', 2000.00, 2000.00, 0, 0, '5b43df08b610fb85'),
(420, 1, 0, 0, 0, 0, 424, 0, '', '', '', '2025-02-23 21:22:55', 'order_PzCxBtPW8mf1DM', '100492442639', 500.00, 500.00, 0, 0, '6bed1914631216ae'),
(421, 1, 0, 0, 0, 0, 425, 0, '', '', '', '2025-02-24 10:54:10', 'order_PzQm8VcSAt1Jr6', '100506045865', 1000.00, 1000.00, 0, 0, '6bed1914631216ae'),
(422, 1, 0, 0, 0, 0, 426, 0, '', '', '', '2025-02-24 13:39:35', '', '', 2000.00, 2000.00, 4, 0, 'd9380f1c52455ca5'),
(423, 1, 0, 0, 0, 0, 427, 0, '', '', '', '2025-02-24 14:26:07', 'order_PzUOEmI7LROXyA', '505572293770', 1.00, 1.00, 0, 0, 'ed524fef8e1aa41e'),
(424, 1, 0, 0, 0, 0, 428, 0, '', '', '', '2025-02-24 18:52:54', 'order_PzYw4gX3KzUdHi', '505556166857', 1000.00, 1000.00, 0, 0, 'a3e419a4dd084319'),
(428, 1, 0, 0, 0, 0, 432, 0, '', '', '', '2025-03-02 23:26:34', 'order_Q20miiuokUIUgw', '542725976954', 1000.00, 1000.00, 0, 0, '222b66dee1cb3e7e'),
(427, 1, 0, 0, 0, 0, 431, 0, '', '', '', '2025-02-28 09:11:06', 'order_Q0z7h5QdFP58OK', '100695011210', 500.00, 500.00, 0, 0, '6bed1914631216ae'),
(429, 1, 0, 0, 0, 0, 433, 0, '', '', '', '2025-03-04 23:03:43', 'order_Q2nTcJflnEDtxm', '506348336889', 1000.00, 1000.00, 0, 0, '52ce993a3996ff06'),
(430, 1, 0, 0, 0, 0, 434, 0, '', '', '', '2025-03-05 05:12:52', 'order_Q2tlwDO6pP20Xy', '506482089389', 1000.00, 1000.00, 0, 0, 'fd20578d413380ca'),
(431, 1, 0, 0, 0, 0, 435, 0, '', '', '', '2025-03-05 07:25:55', 'order_Q2w1cZV6BLzLGy', '100960017199', 200.00, 200.00, 0, 0, 'eb77837600ba2042'),
(432, 1, 0, 0, 0, 0, 436, 0, '', '', '', '2025-03-05 15:05:04', 'order_Q33rHsQuLfhAg8', '100981496505', 8000.00, 8000.00, 0, 0, '6bed1914631216ae'),
(433, 1, 0, 0, 0, 0, 437, 0, '', '', '', '2025-03-06 12:46:40', '', '', 25000.00, 25000.00, 4, 0, 'd9380f1c52455ca5'),
(434, 1, 0, 0, 0, 0, 438, 0, '', '', '', '2025-03-06 18:25:13', 'order_Q3Vnz8SyKnS4UW', '506530782867', 10000.00, 10000.00, 0, 0, '5b43df08b610fb85'),
(435, 1, 0, 0, 0, 0, 439, 0, '', '', '', '2025-03-07 19:54:46', 'order_Q3vrkPVGxITixR', '543281581819', 2500.00, 2500.00, 0, 0, '5b43df08b610fb85'),
(436, 1, 0, 0, 0, 0, 440, 0, '', '', '', '2025-03-07 21:42:13', 'order_Q3xguVcWkRmHKx', '506642597646', 100.00, 100.00, 0, 0, '52ce993a3996ff06'),
(450, 1, 0, 0, 0, 0, 454, 0, '', '', '', '2025-03-09 18:14:16', 'order_Q4hDbIhrqRKsBN', '543422947025', 150.00, 150.00, 0, 0, '222b66dee1cb3e7e'),
(438, 1, 0, 0, 0, 0, 442, 0, '', '', '', '2025-03-08 11:15:31', 'order_Q4BXttBaR0K5Pj', '506754882951', 500.00, 500.00, 0, 0, 'fd20578d413380ca'),
(439, 1, 0, 0, 0, 0, 443, 0, '', '', '', '2025-03-08 11:30:08', 'order_Q4BnpcEI2uswwm', '506735123128', 1000.00, 1000.00, 0, 0, 'dc020f235603fe8a'),
(440, 1, 0, 0, 0, 0, 444, 0, '', '', '', '2025-03-08 13:18:41', 'order_Q4De2BIkFZBPHq', '506761586397', 500.00, 500.00, 0, 0, 'fd20578d413380ca'),
(441, 1, 0, 0, 0, 0, 445, 0, '', '', '', '2025-03-09 10:24:22', 'order_Q4ZDByhkwZ3Ex9', '543452826090', 2000.00, 2000.00, 0, 0, 'b4b3ec7ed5f0897b'),
(442, 1, 0, 0, 0, 0, 446, 0, '', '', '', '2025-03-09 10:30:42', 'order_Q4ZK3318HSrfRL', '543477712482', 3600.00, 3600.00, 0, 0, 'b4b3ec7ed5f0897b'),
(443, 1, 0, 0, 0, 0, 447, 0, '', '', '', '2025-03-09 10:34:24', 'order_Q4ZNvYUSb5VRB2', '543422816916', 1000.00, 1000.00, 0, 0, 'b4b3ec7ed5f0897b'),
(444, 1, 0, 0, 0, 0, 448, 0, '', '', '', '2025-03-09 10:40:24', 'order_Q4ZUOGLRAVQr8a', '543469815399', 1000.00, 1000.00, 0, 0, 'b4b3ec7ed5f0897b'),
(445, 1, 0, 0, 0, 0, 449, 0, '', '', '', '2025-03-09 10:44:16', 'order_Q4ZY4mLSMcwIvP', '543465224284', 2000.00, 2000.00, 0, 0, 'b4b3ec7ed5f0897b'),
(446, 1, 0, 0, 0, 0, 450, 0, '', '', '', '2025-03-09 10:48:32', 'order_Q4Zd1ez15Y3kJA', '543468318282', 1500.00, 1500.00, 0, 0, 'b4b3ec7ed5f0897b'),
(447, 1, 0, 0, 0, 0, 451, 0, '', '', '', '2025-03-09 10:57:35', 'order_Q4Zm3ORqa8462Z', '543471722419', 1000.00, 1000.00, 0, 0, 'b4b3ec7ed5f0897b'),
(448, 1, 0, 0, 0, 0, 452, 0, '', '', '', '2025-03-09 12:38:04', 'order_Q4bUWQLxJRS4GF', '543445317646', 1000.00, 1000.00, 0, 0, 'b4b3ec7ed5f0897b'),
(454, 1, 0, 0, 0, 0, 458, 0, '', '', '', '2025-03-10 19:09:16', 'order_Q56fwsxXsxCbyl', '506945336221', 10000.00, 10000.00, 0, 0, 'c3b041f2f29c025c'),
(451, 1, 0, 0, 0, 0, 455, 0, '', '', '', '2025-03-09 18:23:31', 'order_Q4hNJTCsM5a7Zi', '506800995181', 1500.00, 1500.00, 0, 0, 'f5054dcf23be1efd'),
(452, 1, 0, 0, 0, 0, 456, 0, '', '', '', '2025-03-09 18:30:35', 'order_Q4hUItMs61CDTP', '506801622960', 500.00, 500.00, 0, 0, 'f5054dcf23be1efd'),
(453, 1, 0, 0, 0, 0, 457, 0, '', '', '', '2025-03-10 14:00:14', 'order_Q51PKsPHgrUuUS', '506940201253', 500.00, 500.00, 0, 0, 'f5054dcf23be1efd'),
(455, 1, 0, 0, 0, 0, 459, 0, '', '', '', '2025-03-10 19:19:48', 'order_Q56rE9wkkDRoIZ', '101266895695', 500.00, 500.00, 0, 0, '6bed1914631216ae'),
(456, 1, 0, 0, 0, 0, 460, 0, '', '', '', '2025-03-10 21:45:46', 'order_Q59MJnrHqlHW7f', '506909636315', 1000.00, 1000.00, 0, 0, '4434fbe5a6bc66fa'),
(457, 1, 0, 0, 0, 0, 461, 0, '', '', '', '2025-03-11 09:53:32', 'order_Q5Ll12D7TMuJGb', '507031091052', 1000.00, 1000.00, 0, 0, 'b4b3ec7ed5f0897b'),
(458, 1, 0, 0, 0, 0, 462, 0, '', '', '', '2025-03-11 09:56:28', 'order_Q5LoIsKFWLoC4y', '507029482469', 500.00, 500.00, 0, 0, 'b4b3ec7ed5f0897b'),
(459, 1, 0, 0, 0, 0, 463, 0, '', '', '', '2025-03-11 09:58:52', 'order_Q5Lqr1oyvu4wck', '507073782948', 1000.00, 1000.00, 0, 0, 'b4b3ec7ed5f0897b'),
(460, 1, 0, 0, 0, 0, 464, 0, '', '', '', '2025-03-11 10:02:32', 'order_Q5LugZ3hDRmPMp', '507092392266', 1000.00, 1000.00, 0, 0, 'b4b3ec7ed5f0897b'),
(461, 1, 0, 0, 0, 0, 465, 0, '', '', '', '2025-03-11 10:05:40', 'order_Q5Ly37l3QcIoHF', '507040875765', 1500.00, 1500.00, 0, 0, 'b4b3ec7ed5f0897b'),
(462, 1, 0, 0, 0, 0, 466, 0, '', '', '', '2025-03-11 10:08:54', 'order_Q5M1H5SHkK5RiU', '507021184058', 1000.00, 1000.00, 0, 0, 'b4b3ec7ed5f0897b'),
(463, 1, 0, 0, 0, 0, 467, 0, '', '', '', '2025-03-11 10:11:47', 'order_Q5M4Wdu0eBYKn6', '507062387450', 1000.00, 1000.00, 0, 0, 'b4b3ec7ed5f0897b'),
(464, 1, 0, 0, 0, 0, 468, 0, '', '', '', '2025-03-11 22:59:31', 'order_Q5Z89KFD8E4ypM', '101336807861', 500.00, 500.00, 0, 0, '6bed1914631216ae'),
(471, 1, 0, 0, 0, 0, 475, 0, '', '', '', '2025-03-16 10:54:28', '', '', 1.00, 1.00, 4, 0, 'd9380f1c52455ca5'),
(466, 1, 0, 0, 0, 0, 470, 0, '', '', '', '2025-03-13 10:00:22', '', '', 5000.00, 5000.00, 4, 0, 'd9380f1c52455ca5'),
(467, 1, 0, 0, 0, 0, 471, 0, '', '', '', '2025-03-13 13:57:19', 'order_Q6CxqOT7kh6nWp', '101412919680', 1000.00, 1000.00, 0, 0, '6bed1914631216ae'),
(468, 1, 0, 0, 0, 0, 472, 0, '', '', '', '2025-03-13 15:05:23', 'order_Q6E8GWHy7GQoKt', '101416529897', 50000.00, 50000.00, 0, 0, '6bed1914631216ae'),
(469, 1, 0, 0, 0, 0, 473, 0, '', '', '', '2025-03-13 17:51:53', 'order_Q6GxwCJ6p0KxaU', '507267900313', 2000.00, 2000.00, 0, 0, '3bc7e9868ca9ae9c'),
(470, 1, 0, 0, 0, 0, 474, 0, '', '', '', '2025-03-13 17:56:14', 'order_Q6H2YwFrhajVtt', '507268281107', 10000.00, 10000.00, 0, 0, '3bc7e9868ca9ae9c'),
(477, 1, 0, 0, 0, 0, 481, 0, '', '', '', '2025-03-19 13:13:37', 'order_Q8ZRVYYfkS4gQR', '544431427281', 500.00, 500.00, 0, 0, 'fd20578d413380ca'),
(476, 1, 0, 0, 0, 0, 480, 0, '', '', '', '2025-03-18 22:57:30', 'order_Q8KpQEBH2lxxgW', '101697668549', 300.00, 300.00, 0, 0, '6bed1914631216ae'),
(474, 1, 0, 0, 0, 0, 478, 0, '', '', '', '2025-03-16 12:14:43', 'order_Q7MpykbIP8Me0a', '101560682503', 1.00, 1.00, 0, 0, 'd9380f1c52455ca5'),
(475, 1, 0, 0, 0, 0, 479, 0, '', '', '', '2025-03-16 12:24:19', 'order_Q7MzZ1GDpvS0l3', '101561231942', 1000.00, 1000.00, 0, 0, '6bed1914631216ae'),
(478, 1, 0, 0, 0, 0, 482, 0, '', '', '', '2025-03-23 12:14:28', 'order_QA8YBkUXQo9GOU', '101917441857', 500.00, 500.00, 0, 0, '6bed1914631216ae'),
(479, 1, 0, 0, 0, 0, 483, 0, '', '', '', '2025-03-23 12:17:46', 'order_QA8cNINoenrhyu', '101917639084', 1000.00, 1000.00, 0, 0, '6bed1914631216ae'),
(480, 1, 0, 0, 0, 0, 484, 0, '', '', '', '2025-03-24 05:10:20', 'order_QAPsToZOJQdFop', '508353806714', 1000.00, 1000.00, 0, 0, 'fd20578d413380ca'),
(481, 1, 0, 0, 0, 0, 485, 0, '', '', '', '2025-03-27 16:20:04', '', '', 50000.00, 50000.00, 4, 0, 'd9380f1c52455ca5'),
(482, 1, 0, 0, 0, 0, 486, 0, '', '', '', '2025-03-29 20:28:23', '', '', 25000.00, 25000.00, 4, 0, 'd9380f1c52455ca5'),
(483, 1, 0, 0, 0, 0, 487, 0, '', '', '', '2025-04-01 17:44:30', 'order_QDmycYk8UQio8a', '102424176351', 500.00, 500.00, 0, 0, '6bed1914631216ae'),
(484, 1, 0, 0, 0, 1, 488, 0, '', '', '', '2025-04-01 22:41:26', 'order_QDs34vlslQel7Q', '509122434541', 1.00, 1.00, 0, 0, 'c5032755a3f37987'),
(489, 1, 0, 0, 0, 0, 493, 0, '', '', '', '2025-04-04 22:11:16', 'order_QF33rcpO5P2Dvy', '102614025164', 100000.00, 100000.00, 0, 0, '6bed1914631216ae'),
(493, 1, 0, 0, 0, 1, 497, 0, '', '', '', '2025-04-07 15:27:04', '', '', 250000.00, 250000.00, 4, 0, 'd9380f1c52455ca5'),
(492, 1, 0, 0, 0, 0, 496, 0, '', '', '', '2025-04-07 15:14:56', 'order_QG7XjQUGgse6W8', '102756608856', 5000.00, 5000.00, 0, 0, '6bed1914631216ae'),
(495, 1, 0, 0, 0, 0, 499, 0, '', '', '', '2025-04-11 10:15:46', '', '', 40000.00, 40000.00, 4, 0, 'd9380f1c52455ca5'),
(490, 1, 0, 0, 0, 0, 494, 0, '', '', '', '2025-04-05 15:13:04', 'order_QFKXI3snL4gsuY', '509515117118', 1000.00, 1000.00, 0, 0, 'C210482F-00AC-4E22-8834-1D1AC19081F7'),
(494, 1, 0, 0, 0, 0, 498, 0, '', '', '', '2025-04-08 16:57:37', 'order_QGXvSqcDZPoubj', '102819770570', 10000.00, 10000.00, 0, 0, '6bed1914631216ae'),
(498, 1, 0, 0, 0, 0, 502, 0, '', '', '', '2025-05-08 13:40:21', '', '', 5000.00, 5000.00, 4, 0, 'd9380f1c52455ca5'),
(497, 1, 0, 0, 0, 0, 501, 0, '', '', '', '2025-04-11 14:42:44', 'order_QHhDDsKnuu99zU', '102983653448', 500.00, 500.00, 0, 0, '6bed1914631216ae'),
(499, 1, 0, 0, 0, 0, 503, 0, '', '', '', '2025-05-08 13:40:58', '', '', 25000.00, 25000.00, 4, 0, 'd9380f1c52455ca5'),
(500, 1, 0, 0, 0, 0, 504, 0, '', '', '', '2025-05-31 15:04:53', '', '', 50000.00, 50000.00, 4, 0, 'd9380f1c52455ca5');

-- --------------------------------------------------------

--
-- Table structure for table `tbl_transactiondetails`
--

CREATE TABLE `tbl_transactiondetails` (
  `id` int NOT NULL,
  `hdrid` int NOT NULL DEFAULT '0',
  `item` int NOT NULL DEFAULT '0',
  `qty` int NOT NULL DEFAULT '0',
  `Totqty` int NOT NULL DEFAULT '0',
  `rate` decimal(10,2) NOT NULL DEFAULT '0.00',
  `amount` decimal(10,2) NOT NULL DEFAULT '0.00'
) ENGINE=MyISAM DEFAULT CHARSET=utf8mb4 COLLATE=utf8mb4_general_ci;

-- --------------------------------------------------------

--
-- Table structure for table `tbl_ward`
--

CREATE TABLE `tbl_ward` (
  `id` int NOT NULL,
  `panchayat_id` int NOT NULL DEFAULT '0',
  `ward_name` varchar(255) CHARACTER SET utf8mb4 COLLATE utf8mb4_general_ci NOT NULL,
  `status` int NOT NULL DEFAULT '0'
) ENGINE=MyISAM DEFAULT CHARSET=utf8mb4 COLLATE=utf8mb4_general_ci;

--
-- Dumping data for table `tbl_ward`
--

INSERT INTO `tbl_ward` (`id`, `panchayat_id`, `ward_name`, `status`) VALUES
(1, 1, 'വാർഡ് 1 അരിക്കുഴി', 0),
(2, 1, 'വാർഡ് 2 പാലക്കല്‍വെട്ട', 0),
(3, 1, 'വാർഡ് 3 ആമപ്പൊയില്‍', 0),
(4, 1, 'വാർഡ് 4 നരിയക്കംപൊയിൽ', 0),
(5, 1, 'വാർഡ് 5 നീലാഞ്ചേരി', 0),
(6, 1, 'വാർഡ് 6 ഊത്താലക്കുന്ന്', 0),
(7, 1, 'വാർഡ് 7 കിളിക്കുന്ന്', 0),
(8, 1, 'വാർഡ് 8 കക്കറ', 0),
(9, 1, 'വാർഡ് 9 തരിപ്രമുണ്ട', 0),
(10, 1, 'വാർഡ് 10 മാമ്പുഴ', 0),
(11, 1, 'വാർഡ് 11 അക്കരപ്പുറം', 0),
(12, 1, 'വാർഡ് 12 മാതോത്ത്', 0),
(13, 1, 'വാർഡ് 13 തെക്കുംപുറം', 0),
(14, 1, 'വാർഡ് 14 മരുതത്ത്', 0),
(15, 1, 'വാർഡ് 15 തുവ്വൂർ', 0),
(16, 1, 'വാർഡ് 16 പായിപുല്ല്', 0),
(17, 1, 'വാർഡ് 17 അക്കരക്കുളം', 0),
(18, 1, 'Other', 0);

--
-- Indexes for dumped tables
--

--
-- Indexes for table `ca_receipt`
--
ALTER TABLE `ca_receipt`
  ADD PRIMARY KEY (`id`);

--
-- Indexes for table `settings`
--
ALTER TABLE `settings`
  ADD PRIMARY KEY (`id`);

--
-- Indexes for table `tbl_assembly`
--
ALTER TABLE `tbl_assembly`
  ADD PRIMARY KEY (`id`);

--
-- Indexes for table `tbl_challenge`
--
ALTER TABLE `tbl_challenge`
  ADD PRIMARY KEY (`id`);

--
-- Indexes for table `tbl_club`
--
ALTER TABLE `tbl_club`
  ADD PRIMARY KEY (`id`);

--
-- Indexes for table `tbl_customer`
--
ALTER TABLE `tbl_customer`
  ADD PRIMARY KEY (`id`);

--
-- Indexes for table `tbl_district`
--
ALTER TABLE `tbl_district`
  ADD PRIMARY KEY (`id`);

--
-- Indexes for table `tbl_panchayat`
--
ALTER TABLE `tbl_panchayat`
  ADD PRIMARY KEY (`id`);

--
-- Indexes for table `tbl_product`
--
ALTER TABLE `tbl_product`
  ADD PRIMARY KEY (`id`);

--
-- Indexes for table `tbl_transaction`
--
ALTER TABLE `tbl_transaction`
  ADD PRIMARY KEY (`id`);

--
-- Indexes for table `tbl_transactiondetails`
--
ALTER TABLE `tbl_transactiondetails`
  ADD PRIMARY KEY (`id`);

--
-- Indexes for table `tbl_ward`
--
ALTER TABLE `tbl_ward`
  ADD PRIMARY KEY (`id`);

--
-- AUTO_INCREMENT for dumped tables
--

--
-- AUTO_INCREMENT for table `ca_receipt`
--
ALTER TABLE `ca_receipt`
  MODIFY `id` int NOT NULL AUTO_INCREMENT;

--
-- AUTO_INCREMENT for table `tbl_assembly`
--
ALTER TABLE `tbl_assembly`
  MODIFY `id` int NOT NULL AUTO_INCREMENT, AUTO_INCREMENT=2;

--
-- AUTO_INCREMENT for table `tbl_challenge`
--
ALTER TABLE `tbl_challenge`
  MODIFY `id` int NOT NULL AUTO_INCREMENT;

--
-- AUTO_INCREMENT for table `tbl_club`
--
ALTER TABLE `tbl_club`
  MODIFY `id` int NOT NULL AUTO_INCREMENT, AUTO_INCREMENT=8;

--
-- AUTO_INCREMENT for table `tbl_customer`
--
ALTER TABLE `tbl_customer`
  MODIFY `id` int NOT NULL AUTO_INCREMENT, AUTO_INCREMENT=505;

--
-- AUTO_INCREMENT for table `tbl_district`
--
ALTER TABLE `tbl_district`
  MODIFY `id` int NOT NULL AUTO_INCREMENT, AUTO_INCREMENT=2;

--
-- AUTO_INCREMENT for table `tbl_panchayat`
--
ALTER TABLE `tbl_panchayat`
  MODIFY `id` int NOT NULL AUTO_INCREMENT, AUTO_INCREMENT=8;

--
-- AUTO_INCREMENT for table `tbl_product`
--
ALTER TABLE `tbl_product`
  MODIFY `id` int NOT NULL AUTO_INCREMENT;

--
-- AUTO_INCREMENT for table `tbl_transaction`
--
ALTER TABLE `tbl_transaction`
  MODIFY `id` int NOT NULL AUTO_INCREMENT, AUTO_INCREMENT=501;

--
-- AUTO_INCREMENT for table `tbl_transactiondetails`
--
ALTER TABLE `tbl_transactiondetails`
  MODIFY `id` int NOT NULL AUTO_INCREMENT;

--
-- AUTO_INCREMENT for table `tbl_ward`
--
ALTER TABLE `tbl_ward`
  MODIFY `id` int NOT NULL AUTO_INCREMENT, AUTO_INCREMENT=19;
COMMIT;

